{"id":1212,"date":"2026-04-11T09:32:36","date_gmt":"2026-04-11T09:32:36","guid":{"rendered":"https:\/\/go-bosnia.com\/?post_type=entitet&#038;p=1212"},"modified":"2026-04-11T09:32:43","modified_gmt":"2026-04-11T09:32:43","slug":"stara-dzamija-lubarda","status":"publish","type":"entitet","link":"https:\/\/go-bosnia.com\/en\/entitet\/stara-dzamija-lubarda\/","title":{"rendered":"Stara d\u017eamija Lubarda"},"excerpt":{"rendered":"","protected":false},"featured_media":1213,"parent":0,"template":"","tags":[24,12],"class_list":["post-1212","entitet","type-entitet","status-publish","has-post-thumbnail","hentry","tag-duhovna-oaza","tag-tragovima-proslosti"],"uagb_featured_image_src":{"full":["https:\/\/go-bosnia.com\/wp-content\/uploads\/2026\/04\/GoBosnia-dzamija-u-lubardi.webp",1920,720,false],"thumbnail":["https:\/\/go-bosnia.com\/wp-content\/uploads\/2026\/04\/GoBosnia-dzamija-u-lubardi-150x150.webp",150,150,true],"medium":["https:\/\/go-bosnia.com\/wp-content\/uploads\/2026\/04\/GoBosnia-dzamija-u-lubardi-300x113.webp",300,113,true],"medium_large":["https:\/\/go-bosnia.com\/wp-content\/uploads\/2026\/04\/GoBosnia-dzamija-u-lubardi-768x288.webp",768,288,true],"large":["https:\/\/go-bosnia.com\/wp-content\/uploads\/2026\/04\/GoBosnia-dzamija-u-lubardi-1024x384.webp",1024,384,true],"1536x1536":["https:\/\/go-bosnia.com\/wp-content\/uploads\/2026\/04\/GoBosnia-dzamija-u-lubardi-1536x576.webp",1536,576,true],"2048x2048":["https:\/\/go-bosnia.com\/wp-content\/uploads\/2026\/04\/GoBosnia-dzamija-u-lubardi.webp",1920,720,false],"trp-custom-language-flag":["https:\/\/go-bosnia.com\/wp-content\/uploads\/2026\/04\/GoBosnia-dzamija-u-lubardi-18x7.webp",18,7,true],"neve-blog":["https:\/\/go-bosnia.com\/wp-content\/uploads\/2026\/04\/GoBosnia-dzamija-u-lubardi-930x620.webp",930,620,true]},"uagb_author_info":{"display_name":"Marko Balaban","author_link":"https:\/\/go-bosnia.com\/en\/author\/"},"uagb_comment_info":0,"uagb_excerpt":null,"meta_box":{"podnaslov":"","sira_kategorija":"Kulturno-istorijske i vjerske znamenitosti","uza_kategorija":"D\u017eamija","skriveni_entitet":"0","globalna_atrakcija":"0","lokalna_atrakcija":"0","grad":"1198","gradovi_u_blizini":[],"regija":"62","moze_sadrzati_entitete":"0","superentitet":[],"cover_fotografija":{"width":150,"height":150,"file":"2026\/04\/GoBosnia-dzamija-u-lubardi.webp","filesize":48058,"sizes":{"medium":{"file":"GoBosnia-dzamija-u-lubardi-300x113.webp","width":300,"height":113,"mime-type":"image\/webp","filesize":5408,"url":"https:\/\/go-bosnia.com\/wp-content\/uploads\/2026\/04\/GoBosnia-dzamija-u-lubardi-300x113.webp"},"large":{"file":"GoBosnia-dzamija-u-lubardi-1024x384.webp","width":1024,"height":384,"mime-type":"image\/webp","filesize":27986,"url":"https:\/\/go-bosnia.com\/wp-content\/uploads\/2026\/04\/GoBosnia-dzamija-u-lubardi-1024x384.webp"},"thumbnail":{"file":"GoBosnia-dzamija-u-lubardi-150x150.webp","width":150,"height":150,"mime-type":"image\/webp","filesize":3086,"url":"https:\/\/go-bosnia.com\/wp-content\/uploads\/2026\/04\/GoBosnia-dzamija-u-lubardi-150x150.webp"},"medium_large":{"file":"GoBosnia-dzamija-u-lubardi-768x288.webp","width":768,"height":288,"mime-type":"image\/webp","filesize":19378,"url":"https:\/\/go-bosnia.com\/wp-content\/uploads\/2026\/04\/GoBosnia-dzamija-u-lubardi-768x288.webp"},"1536x1536":{"file":"GoBosnia-dzamija-u-lubardi-1536x576.webp","width":1536,"height":576,"mime-type":"image\/webp","filesize":45978,"url":"https:\/\/go-bosnia.com\/wp-content\/uploads\/2026\/04\/GoBosnia-dzamija-u-lubardi-1536x576.webp"},"trp-custom-language-flag":{"file":"GoBosnia-dzamija-u-lubardi-18x7.webp","width":18,"height":7,"mime-type":"image\/webp","filesize":146,"url":"https:\/\/go-bosnia.com\/wp-content\/uploads\/2026\/04\/GoBosnia-dzamija-u-lubardi-18x7.webp"},"neve-blog":{"file":"GoBosnia-dzamija-u-lubardi-930x620.webp","width":930,"height":620,"mime-type":"image\/webp","filesize":27392,"url":"https:\/\/go-bosnia.com\/wp-content\/uploads\/2026\/04\/GoBosnia-dzamija-u-lubardi-930x620.webp"}},"image_meta":{"aperture":"0","credit":"","camera":"","caption":"","created_timestamp":"0","copyright":"","focal_length":"0","iso":"0","shutter_speed":"0","title":"","orientation":"0","keywords":[]},"ID":"1213","name":"GoBosnia-dzamija-u-lubardi.webp","path":"\/home\/markop5\/go-bosnia.com\/wp-content\/uploads\/2026\/04\/GoBosnia-dzamija-u-lubardi.webp","url":"https:\/\/go-bosnia.com\/wp-content\/uploads\/2026\/04\/GoBosnia-dzamija-u-lubardi-150x150.webp","full_url":"https:\/\/go-bosnia.com\/wp-content\/uploads\/2026\/04\/GoBosnia-dzamija-u-lubardi.webp","title":"GoBosnia-dzamija-u-lubardi","caption":"","description":"","alt":"GoBosnia-dzamija-u-lubardi","srcset":false},"slika_za_karticu":{"width":150,"height":150,"file":"2026\/04\/dzamija-u-lubardi.webp","filesize":17964,"sizes":{"medium":{"file":"dzamija-u-lubardi-240x300.webp","width":240,"height":300,"mime-type":"image\/webp","filesize":9978,"url":"https:\/\/go-bosnia.com\/wp-content\/uploads\/2026\/04\/dzamija-u-lubardi-240x300.webp"},"thumbnail":{"file":"dzamija-u-lubardi-150x150.webp","width":150,"height":150,"mime-type":"image\/webp","filesize":3936,"url":"https:\/\/go-bosnia.com\/wp-content\/uploads\/2026\/04\/dzamija-u-lubardi-150x150.webp"},"trp-custom-language-flag":{"file":"dzamija-u-lubardi-10x12.webp","width":10,"height":12,"mime-type":"image\/webp","filesize":130,"url":"https:\/\/go-bosnia.com\/wp-content\/uploads\/2026\/04\/dzamija-u-lubardi-10x12.webp"}},"image_meta":{"aperture":"0","credit":"","camera":"","caption":"","created_timestamp":"0","copyright":"","focal_length":"0","iso":"0","shutter_speed":"0","title":"","orientation":"0","keywords":[]},"ID":"1214","name":"dzamija-u-lubardi.webp","path":"\/home\/markop5\/go-bosnia.com\/wp-content\/uploads\/2026\/04\/dzamija-u-lubardi.webp","url":"https:\/\/go-bosnia.com\/wp-content\/uploads\/2026\/04\/dzamija-u-lubardi-150x150.webp","full_url":"https:\/\/go-bosnia.com\/wp-content\/uploads\/2026\/04\/dzamija-u-lubardi.webp","title":"dzamija-u-lubardi","caption":"","description":"","alt":"","srcset":false},"prioritet":"42","unesco":"0","eko_turizam":"0","entitet_sa_ikonicom":"0","ikonica_entiteta":false,"kratki_opis":"D\u017eamija u Lubardi izgra\u0111ena je 1938. godine na mjestu starije drvene d\u017eamije, \u010dime je nastavljen kontinuitet vjerskog \u017eivota ovog kraja. O njenoj gradnji postoje precizni pisani tragovi koje je vodio tada\u0161nji imam Alirizah Har\u010devi\u0107, pru\u017eaju\u0107i vrijedan uvid u nastanak ovog objekta.\r\n\r\nPrema zapisima, odluka o izgradnji donesena je 11. marta 1938. godine, kada je formiran i gra\u0111evinski odbor. Ve\u0107 10. maja iste godine stara d\u017eamija je uklonjena, a dan kasnije, 11. maja, polo\u017een je kamen temeljac za novu gra\u0111evinu.\r\n\r\nD\u017eamija je podignuta u vremenu uprave kralja Petar II Kara\u0111or\u0111evi\u0107 i vrhovnog vjerskog poglavara Fehim ef. Spaho. Danas predstavlja zna\u010dajan vjerski i kulturni objekat lokalne zajednice, svjedo\u010de\u0107i o tradiciji i kontinuitetu \u017eivota u Lubardi.","geografska_sirina":"45.07907","geografska_duzina":"16.00513","adresa":"32H4+R4J, Lubarda 77245","broj_telefona":"","email_adresa":"","instagram":"","facebook":"","tiktok":"","website":"","placeno":"0","nivo":"","tekst_linka":"","eksterni_link":"","booking_link":""},"_links":{"self":[{"href":"https:\/\/go-bosnia.com\/en\/wp-json\/wp\/v2\/entitet\/1212","targetHints":{"allow":["GET"]}}],"collection":[{"href":"https:\/\/go-bosnia.com\/en\/wp-json\/wp\/v2\/entitet"}],"about":[{"href":"https:\/\/go-bosnia.com\/en\/wp-json\/wp\/v2\/types\/entitet"}],"wp:featuredmedia":[{"embeddable":true,"href":"https:\/\/go-bosnia.com\/en\/wp-json\/wp\/v2\/media\/1213"}],"wp:attachment":[{"href":"https:\/\/go-bosnia.com\/en\/wp-json\/wp\/v2\/media?parent=1212"}],"wp:term":[{"taxonomy":"post_tag","embeddable":true,"href":"https:\/\/go-bosnia.com\/en\/wp-json\/wp\/v2\/tags?post=1212"}],"curies":[{"name":"wp","href":"https:\/\/api.w.org\/{rel}","templated":true}]}}

Stara džamija Lubarda

Džamija

Džamija u Lubardi izgrađena je 1938. godine na mjestu starije drvene džamije, čime je nastavljen kontinuitet vjerskog života ovog kraja. O njenoj gradnji postoje precizni pisani tragovi koje je vodio tadašnji imam Alirizah Harčević, pružajući vrijedan uvid u nastanak ovog objekta.

Prema zapisima, odluka o izgradnji donesena je 11. marta 1938. godine, kada je formiran i građevinski odbor. Već 10. maja iste godine stara džamija je uklonjena, a dan kasnije, 11. maja, položen je kamen temeljac za novu građevinu.

Džamija je podignuta u vremenu uprave kralja Petar II Karađorđević i vrhovnog vjerskog poglavara Fehim ef. Spaho. Danas predstavlja značajan vjerski i kulturni objekat lokalne zajednice, svjedočeći o tradiciji i kontinuitetu života u Lubardi.
