{"id":1278,"date":"2026-04-13T09:55:18","date_gmt":"2026-04-13T09:55:18","guid":{"rendered":"https:\/\/go-bosnia.com\/?post_type=entitet&#038;p=1278"},"modified":"2026-04-13T09:55:38","modified_gmt":"2026-04-13T09:55:38","slug":"stari-grad-podzvizd","status":"publish","type":"entitet","link":"https:\/\/go-bosnia.com\/en\/entitet\/stari-grad-podzvizd\/","title":{"rendered":"Stari grad Podzvizd"},"excerpt":{"rendered":"","protected":false},"featured_media":1279,"parent":0,"template":"","tags":[11,14,25,12],"class_list":["post-1278","entitet","type-entitet","status-publish","has-post-thumbnail","hentry","tag-idealno-za-fotografije","tag-piknik","tag-setnja","tag-tragovima-proslosti"],"uagb_featured_image_src":{"full":["https:\/\/go-bosnia.com\/wp-content\/uploads\/2026\/04\/GoBosnia-Tvr-ava-Podzvizd.webp",1920,720,false],"thumbnail":["https:\/\/go-bosnia.com\/wp-content\/uploads\/2026\/04\/GoBosnia-Tvr-ava-Podzvizd-150x150.webp",150,150,true],"medium":["https:\/\/go-bosnia.com\/wp-content\/uploads\/2026\/04\/GoBosnia-Tvr-ava-Podzvizd-300x113.webp",300,113,true],"medium_large":["https:\/\/go-bosnia.com\/wp-content\/uploads\/2026\/04\/GoBosnia-Tvr-ava-Podzvizd-768x288.webp",768,288,true],"large":["https:\/\/go-bosnia.com\/wp-content\/uploads\/2026\/04\/GoBosnia-Tvr-ava-Podzvizd-1024x384.webp",1024,384,true],"1536x1536":["https:\/\/go-bosnia.com\/wp-content\/uploads\/2026\/04\/GoBosnia-Tvr-ava-Podzvizd-1536x576.webp",1536,576,true],"2048x2048":["https:\/\/go-bosnia.com\/wp-content\/uploads\/2026\/04\/GoBosnia-Tvr-ava-Podzvizd.webp",1920,720,false],"trp-custom-language-flag":["https:\/\/go-bosnia.com\/wp-content\/uploads\/2026\/04\/GoBosnia-Tvr-ava-Podzvizd-18x7.webp",18,7,true],"neve-blog":["https:\/\/go-bosnia.com\/wp-content\/uploads\/2026\/04\/GoBosnia-Tvr-ava-Podzvizd-930x620.webp",930,620,true]},"uagb_author_info":{"display_name":"Marko Balaban","author_link":"https:\/\/go-bosnia.com\/en\/author\/"},"uagb_comment_info":0,"uagb_excerpt":null,"meta_box":{"podnaslov":"","sira_kategorija":"Kulturno-istorijske i vjerske znamenitosti","uza_kategorija":"Tvr\u0111ava","skriveni_entitet":"0","globalna_atrakcija":"0","lokalna_atrakcija":"0","grad":"1261","gradovi_u_blizini":[],"regija":"62","moze_sadrzati_entitete":"0","superentitet":[],"cover_fotografija":{"width":150,"height":150,"file":"2026\/04\/GoBosnia-Tvr-ava-Podzvizd.webp","filesize":286984,"sizes":{"medium":{"file":"GoBosnia-Tvr-ava-Podzvizd-300x113.webp","width":300,"height":113,"mime-type":"image\/webp","filesize":9982,"url":"https:\/\/go-bosnia.com\/wp-content\/uploads\/2026\/04\/GoBosnia-Tvr-ava-Podzvizd-300x113.webp"},"large":{"file":"GoBosnia-Tvr-ava-Podzvizd-1024x384.webp","width":1024,"height":384,"mime-type":"image\/webp","filesize":109570,"url":"https:\/\/go-bosnia.com\/wp-content\/uploads\/2026\/04\/GoBosnia-Tvr-ava-Podzvizd-1024x384.webp"},"thumbnail":{"file":"GoBosnia-Tvr-ava-Podzvizd-150x150.webp","width":150,"height":150,"mime-type":"image\/webp","filesize":7218,"url":"https:\/\/go-bosnia.com\/wp-content\/uploads\/2026\/04\/GoBosnia-Tvr-ava-Podzvizd-150x150.webp"},"medium_large":{"file":"GoBosnia-Tvr-ava-Podzvizd-768x288.webp","width":768,"height":288,"mime-type":"image\/webp","filesize":61796,"url":"https:\/\/go-bosnia.com\/wp-content\/uploads\/2026\/04\/GoBosnia-Tvr-ava-Podzvizd-768x288.webp"},"1536x1536":{"file":"GoBosnia-Tvr-ava-Podzvizd-1536x576.webp","width":1536,"height":576,"mime-type":"image\/webp","filesize":224190,"url":"https:\/\/go-bosnia.com\/wp-content\/uploads\/2026\/04\/GoBosnia-Tvr-ava-Podzvizd-1536x576.webp"},"trp-custom-language-flag":{"file":"GoBosnia-Tvr-ava-Podzvizd-18x7.webp","width":18,"height":7,"mime-type":"image\/webp","filesize":164,"url":"https:\/\/go-bosnia.com\/wp-content\/uploads\/2026\/04\/GoBosnia-Tvr-ava-Podzvizd-18x7.webp"},"neve-blog":{"file":"GoBosnia-Tvr-ava-Podzvizd-930x620.webp","width":930,"height":620,"mime-type":"image\/webp","filesize":147132,"url":"https:\/\/go-bosnia.com\/wp-content\/uploads\/2026\/04\/GoBosnia-Tvr-ava-Podzvizd-930x620.webp"}},"image_meta":{"aperture":"0","credit":"","camera":"","caption":"","created_timestamp":"0","copyright":"","focal_length":"0","iso":"0","shutter_speed":"0","title":"","orientation":"0","keywords":[]},"ID":"1279","name":"GoBosnia-Tvr-ava-Podzvizd.webp","path":"\/home\/markop5\/go-bosnia.com\/wp-content\/uploads\/2026\/04\/GoBosnia-Tvr-ava-Podzvizd.webp","url":"https:\/\/go-bosnia.com\/wp-content\/uploads\/2026\/04\/GoBosnia-Tvr-ava-Podzvizd-150x150.webp","full_url":"https:\/\/go-bosnia.com\/wp-content\/uploads\/2026\/04\/GoBosnia-Tvr-ava-Podzvizd.webp","title":"GoBosnia-Tvr\u0111ava-Podzvizd","caption":"","description":"","alt":"GoBosnia-Tvr\u0111ava-Podzvizd","srcset":false},"slika_za_karticu":{"width":150,"height":150,"file":"2026\/04\/Stari-grad-podzvizd.webp","filesize":38730,"sizes":{"medium":{"file":"Stari-grad-podzvizd-240x300.webp","width":240,"height":300,"mime-type":"image\/webp","filesize":20532,"url":"https:\/\/go-bosnia.com\/wp-content\/uploads\/2026\/04\/Stari-grad-podzvizd-240x300.webp"},"thumbnail":{"file":"Stari-grad-podzvizd-150x150.webp","width":150,"height":150,"mime-type":"image\/webp","filesize":7234,"url":"https:\/\/go-bosnia.com\/wp-content\/uploads\/2026\/04\/Stari-grad-podzvizd-150x150.webp"},"trp-custom-language-flag":{"file":"Stari-grad-podzvizd-10x12.webp","width":10,"height":12,"mime-type":"image\/webp","filesize":150,"url":"https:\/\/go-bosnia.com\/wp-content\/uploads\/2026\/04\/Stari-grad-podzvizd-10x12.webp"}},"image_meta":{"aperture":"0","credit":"","camera":"","caption":"","created_timestamp":"0","copyright":"","focal_length":"0","iso":"0","shutter_speed":"0","title":"","orientation":"0","keywords":[]},"ID":"1280","name":"Stari-grad-podzvizd.webp","path":"\/home\/markop5\/go-bosnia.com\/wp-content\/uploads\/2026\/04\/Stari-grad-podzvizd.webp","url":"https:\/\/go-bosnia.com\/wp-content\/uploads\/2026\/04\/Stari-grad-podzvizd-150x150.webp","full_url":"https:\/\/go-bosnia.com\/wp-content\/uploads\/2026\/04\/Stari-grad-podzvizd.webp","title":"Stari-grad-podzvizd","caption":"","description":"","alt":"","srcset":false},"prioritet":"55","unesco":"0","eko_turizam":"0","entitet_sa_ikonicom":"0","ikonica_entiteta":false,"kratki_opis":"Tvr\u0111ava Podzvizd je jedan od najstarijih i najzna\u010dajnijih srednjovjekovnih utvr\u0111enih gradova u podru\u010dju Velika Kladu\u0161a. Smje\u0161tena na vrhu kupastog brda izme\u0111u Vrnogra\u010da i Velike Kladu\u0161e, ova tvr\u0111ava stolje\u0107ima je imala strate\u0161ku ulogu u odbrani i nadzoru pograni\u010dnog prostora Bosanske krajine.\r\n\r\nNjeni ostaci danas \u010dine kompleks razli\u010ditih fortifikacijskih elemenata, me\u0111u kojima se izdvajaju brani\u010d-kula, kapi-kula sa d\u017eamijom, stra\u017earnica, Pa\u0161i\u0107a kula, stambeni objekti i bedemi koji su nekada zatvarali cijeli utvr\u0111eni grad. Upravo ta slojevitost gradnje svjedo\u010di o dugom istorijskom razvoju i razli\u010ditim periodima u kojima je tvr\u0111ava dogra\u0111ivana i prilago\u0111avana novim potrebama odbrane.\r\n\r\nPodzvizd se prvi put spominje u srednjem vijeku, a kroz historiju je bio pod upravom razli\u010ditih vlasti i plemi\u0107kih porodica, sve dok nije uklju\u010den u sistem osmanske odbrane kraji\u0161kog podru\u010dja. Njegova pozicija na uzvi\u0161enju omogu\u0107avala je \u0161irok pregled okolnog terena, \u0161to ga je \u010dinilo klju\u010dnom osmatra\u010dnicom i vojnom ta\u010dkom.\r\n\r\nDanas Tvr\u0111ava Podzvizd predstavlja va\u017ean kulturno-historijski spomenik i podsjetnik na bogatu i burnu pro\u0161lost ovog kraja, ali i atraktivnu destinaciju za posjetioce koji \u017eele osjetiti duh srednjovjekovne Krajine i u\u017eivati u panoramskom pogledu na okolinu.","geografska_sirina":"45.18104","geografska_duzina":"15.86955","adresa":"","broj_telefona":"","email_adresa":"","instagram":"","facebook":"","tiktok":"","website":"","placeno":"0","nivo":"","tekst_linka":"","eksterni_link":"","booking_link":""},"_links":{"self":[{"href":"https:\/\/go-bosnia.com\/en\/wp-json\/wp\/v2\/entitet\/1278","targetHints":{"allow":["GET"]}}],"collection":[{"href":"https:\/\/go-bosnia.com\/en\/wp-json\/wp\/v2\/entitet"}],"about":[{"href":"https:\/\/go-bosnia.com\/en\/wp-json\/wp\/v2\/types\/entitet"}],"wp:featuredmedia":[{"embeddable":true,"href":"https:\/\/go-bosnia.com\/en\/wp-json\/wp\/v2\/media\/1279"}],"wp:attachment":[{"href":"https:\/\/go-bosnia.com\/en\/wp-json\/wp\/v2\/media?parent=1278"}],"wp:term":[{"taxonomy":"post_tag","embeddable":true,"href":"https:\/\/go-bosnia.com\/en\/wp-json\/wp\/v2\/tags?post=1278"}],"curies":[{"name":"wp","href":"https:\/\/api.w.org\/{rel}","templated":true}]}}

Tvrđava

GoBosnia-Tvrđava-Podzvizd

Tvrđava Podzvizd je jedan od najstarijih i najznačajnijih srednjovjekovnih utvrđenih gradova u području Velika Kladuša. Smještena na vrhu kupastog brda između Vrnograča i Velike Kladuše, ova tvrđava stoljećima je imala stratešku ulogu u odbrani i nadzoru pograničnog prostora Bosanske krajine.

Njeni ostaci danas čine kompleks različitih fortifikacijskih elemenata, među kojima se izdvajaju branič-kula, kapi-kula sa džamijom, stražarnica, Pašića kula, stambeni objekti i bedemi koji su nekada zatvarali cijeli utvrđeni grad. Upravo ta slojevitost gradnje svjedoči o dugom istorijskom razvoju i različitim periodima u kojima je tvrđava dograđivana i prilagođavana novim potrebama odbrane.

Podzvizd se prvi put spominje u srednjem vijeku, a kroz historiju je bio pod upravom različitih vlasti i plemićkih porodica, sve dok nije uključen u sistem osmanske odbrane krajiškog područja. Njegova pozicija na uzvišenju omogućavala je širok pregled okolnog terena, što ga je činilo ključnom osmatračnicom i vojnom tačkom.

Danas Tvrđava Podzvizd predstavlja važan kulturno-historijski spomenik i podsjetnik na bogatu i burnu prošlost ovog kraja, ali i atraktivnu destinaciju za posjetioce koji žele osjetiti duh srednjovjekovne Krajine i uživati u panoramskom pogledu na okolinu.
