{"id":1456,"date":"2026-04-14T16:00:10","date_gmt":"2026-04-14T16:00:10","guid":{"rendered":"https:\/\/go-bosnia.com\/?post_type=entitet&#038;p=1456"},"modified":"2026-04-19T22:24:47","modified_gmt":"2026-04-19T22:24:47","slug":"visegradska-banja-vilina-vlas","status":"publish","type":"entitet","link":"https:\/\/go-bosnia.com\/en\/entitet\/visegradska-banja-vilina-vlas\/","title":{"rendered":"Banja Vru\u0107ica"},"excerpt":{"rendered":"","protected":false},"featured_media":2197,"parent":0,"template":"","tags":[24,18],"class_list":["post-1456","entitet","type-entitet","status-publish","has-post-thumbnail","hentry","tag-duhovna-oaza","tag-vikend-izlet"],"uagb_featured_image_src":{"full":["https:\/\/go-bosnia.com\/wp-content\/uploads\/2026\/04\/visegradska-banja.webp",1920,720,false],"thumbnail":["https:\/\/go-bosnia.com\/wp-content\/uploads\/2026\/04\/visegradska-banja-150x150.webp",150,150,true],"medium":["https:\/\/go-bosnia.com\/wp-content\/uploads\/2026\/04\/visegradska-banja-300x113.webp",300,113,true],"medium_large":["https:\/\/go-bosnia.com\/wp-content\/uploads\/2026\/04\/visegradska-banja-768x288.webp",768,288,true],"large":["https:\/\/go-bosnia.com\/wp-content\/uploads\/2026\/04\/visegradska-banja-1024x384.webp",1024,384,true],"1536x1536":["https:\/\/go-bosnia.com\/wp-content\/uploads\/2026\/04\/visegradska-banja-1536x576.webp",1536,576,true],"2048x2048":["https:\/\/go-bosnia.com\/wp-content\/uploads\/2026\/04\/visegradska-banja.webp",1920,720,false],"trp-custom-language-flag":["https:\/\/go-bosnia.com\/wp-content\/uploads\/2026\/04\/visegradska-banja-18x7.webp",18,7,true],"neve-blog":["https:\/\/go-bosnia.com\/wp-content\/uploads\/2026\/04\/visegradska-banja-930x620.webp",930,620,true]},"uagb_author_info":{"display_name":"Marko Balaban","author_link":"https:\/\/go-bosnia.com\/en\/author\/"},"uagb_comment_info":0,"uagb_excerpt":null,"meta_box":{"podnaslov":"Vilina Vlas","sira_kategorija":"Wellness i relaksacija","uza_kategorija":"Banja","skriveni_entitet":"0","globalna_atrakcija":"0","lokalna_atrakcija":"0","grad":"269","gradovi_u_blizini":[],"regija":"262","moze_sadrzati_entitete":"0","superentitet":[],"cover_fotografija":{"width":150,"height":150,"file":"2026\/04\/visegradska-banja.webp","filesize":225472,"sizes":{"medium":{"file":"visegradska-banja-300x113.webp","width":300,"height":113,"mime-type":"image\/webp","filesize":12536,"url":"https:\/\/go-bosnia.com\/wp-content\/uploads\/2026\/04\/visegradska-banja-300x113.webp"},"large":{"file":"visegradska-banja-1024x384.webp","width":1024,"height":384,"mime-type":"image\/webp","filesize":108414,"url":"https:\/\/go-bosnia.com\/wp-content\/uploads\/2026\/04\/visegradska-banja-1024x384.webp"},"thumbnail":{"file":"visegradska-banja-150x150.webp","width":150,"height":150,"mime-type":"image\/webp","filesize":8112,"url":"https:\/\/go-bosnia.com\/wp-content\/uploads\/2026\/04\/visegradska-banja-150x150.webp"},"medium_large":{"file":"visegradska-banja-768x288.webp","width":768,"height":288,"mime-type":"image\/webp","filesize":65472,"url":"https:\/\/go-bosnia.com\/wp-content\/uploads\/2026\/04\/visegradska-banja-768x288.webp"},"1536x1536":{"file":"visegradska-banja-1536x576.webp","width":1536,"height":576,"mime-type":"image\/webp","filesize":201788,"url":"https:\/\/go-bosnia.com\/wp-content\/uploads\/2026\/04\/visegradska-banja-1536x576.webp"},"trp-custom-language-flag":{"file":"visegradska-banja-18x7.webp","width":18,"height":7,"mime-type":"image\/webp","filesize":176,"url":"https:\/\/go-bosnia.com\/wp-content\/uploads\/2026\/04\/visegradska-banja-18x7.webp"},"neve-blog":{"file":"visegradska-banja-930x620.webp","width":930,"height":620,"mime-type":"image\/webp","filesize":118980,"url":"https:\/\/go-bosnia.com\/wp-content\/uploads\/2026\/04\/visegradska-banja-930x620.webp"}},"image_meta":{"aperture":"0","credit":"","camera":"","caption":"","created_timestamp":"0","copyright":"","focal_length":"0","iso":"0","shutter_speed":"0","title":"","orientation":"0","keywords":[]},"ID":"2197","name":"visegradska-banja.webp","path":"\/home\/markop5\/go-bosnia.com\/wp-content\/uploads\/2026\/04\/visegradska-banja.webp","url":"https:\/\/go-bosnia.com\/wp-content\/uploads\/2026\/04\/visegradska-banja-150x150.webp","full_url":"https:\/\/go-bosnia.com\/wp-content\/uploads\/2026\/04\/visegradska-banja.webp","title":"Vi\u0161egradska banja Vi\u0161egrad","caption":"","description":"","alt":"Vi\u0161egradska banja Vi\u0161egrad","srcset":false},"slika_za_karticu":{"width":150,"height":150,"file":"2026\/04\/visegradska-banja-card.webp","filesize":23870,"sizes":{"medium":{"file":"visegradska-banja-card-240x300.webp","width":240,"height":300,"mime-type":"image\/webp","filesize":14330,"url":"https:\/\/go-bosnia.com\/wp-content\/uploads\/2026\/04\/visegradska-banja-card-240x300.webp"},"thumbnail":{"file":"visegradska-banja-card-150x150.webp","width":150,"height":150,"mime-type":"image\/webp","filesize":6206,"url":"https:\/\/go-bosnia.com\/wp-content\/uploads\/2026\/04\/visegradska-banja-card-150x150.webp"},"trp-custom-language-flag":{"file":"visegradska-banja-card-10x12.webp","width":10,"height":12,"mime-type":"image\/webp","filesize":130,"url":"https:\/\/go-bosnia.com\/wp-content\/uploads\/2026\/04\/visegradska-banja-card-10x12.webp"}},"image_meta":{"aperture":"0","credit":"","camera":"","caption":"","created_timestamp":"0","copyright":"","focal_length":"0","iso":"0","shutter_speed":"0","title":"","orientation":"0","keywords":[]},"ID":"2198","name":"visegradska-banja-card.webp","path":"\/home\/markop5\/go-bosnia.com\/wp-content\/uploads\/2026\/04\/visegradska-banja-card.webp","url":"https:\/\/go-bosnia.com\/wp-content\/uploads\/2026\/04\/visegradska-banja-card-150x150.webp","full_url":"https:\/\/go-bosnia.com\/wp-content\/uploads\/2026\/04\/visegradska-banja-card.webp","title":"Vi\u0161egradska banja Vi\u0161egrad","caption":"","description":"","alt":"Vi\u0161egradska banja Vi\u0161egrad","srcset":false},"prioritet":"50","unesco":"0","eko_turizam":"0","entitet_sa_ikonicom":"0","ikonica_entiteta":false,"kratki_opis":"U\u0161u\u0161kana u mirisne \u010detinarske \u0161ume, na nadmorskoj visini od 460 metara, Vi\u0161egradska Banja predstavlja jednu od najstarijih i najljep\u0161ih oaza mira u Bosni i Hercegovini. Poznata po svojoj ljekovitosti jo\u0161 od vremena Mehmed-pa\u0161e Sokolovi\u0107a, ova banja je decenijama odredi\u0161te onih koji tra\u017ee oporavak u zagrljaju netaknute prirode.\r\n\r\nLjekovitost ovih izvora prvi je prepoznao veliki vezir Mehmed-pa\u0161a Sokolovi\u0107 tokom gradnje svog \u010duvenog mosta na Drini. Kameno tursko kupatilo (hamam), koje je on podigao u 16. vijeku, i danas je u funkciji, pru\u017eaju\u0107i posjetiocima priliku da do\u017eive autenti\u010dan duh prohujalih vremena dok u\u017eivaju u toplini termalne vode.\r\n\r\nBanja je dobila ime po izuzetno rijetkoj i nje\u017enoj paprati \u2013 Vilina vlas (Adiantum capillus-veneris). Ova biljka raste isklju\u010divo na izvorima termalne vode u Vi\u0161egradu i nigdje vi\u0161e u Bosni i Hercegovini. Legenda ka\u017ee da su se u ovim vodama kupale vile, a da je paprat zapravo njihova kosa koja je ostala u kamenu.","geografska_sirina":"43.82124","geografska_duzina":"19.30933","adresa":"Vi\u0161egrad banja bb, Vi\u0161egrad 73240","broj_telefona":"","email_adresa":"","instagram":"","facebook":"","tiktok":"","website":"","placeno":"0","nivo":"","tekst_linka":"","eksterni_link":"","booking_link":""},"_links":{"self":[{"href":"https:\/\/go-bosnia.com\/en\/wp-json\/wp\/v2\/entitet\/1456","targetHints":{"allow":["GET"]}}],"collection":[{"href":"https:\/\/go-bosnia.com\/en\/wp-json\/wp\/v2\/entitet"}],"about":[{"href":"https:\/\/go-bosnia.com\/en\/wp-json\/wp\/v2\/types\/entitet"}],"wp:featuredmedia":[{"embeddable":true,"href":"https:\/\/go-bosnia.com\/en\/wp-json\/wp\/v2\/media\/2197"}],"wp:attachment":[{"href":"https:\/\/go-bosnia.com\/en\/wp-json\/wp\/v2\/media?parent=1456"}],"wp:term":[{"taxonomy":"post_tag","embeddable":true,"href":"https:\/\/go-bosnia.com\/en\/wp-json\/wp\/v2\/tags?post=1456"}],"curies":[{"name":"wp","href":"https:\/\/api.w.org\/{rel}","templated":true}]}}

Banja Vrućica

Višegradska banja Višegrad

Ušuškana u mirisne četinarske šume, na nadmorskoj visini od 460 metara, Višegradska Banja predstavlja jednu od najstarijih i najljepših oaza mira u Bosni i Hercegovini. Poznata po svojoj ljekovitosti još od vremena Mehmed-paše Sokolovića, ova banja je decenijama odredište onih koji traže oporavak u zagrljaju netaknute prirode.

Ljekovitost ovih izvora prvi je prepoznao veliki vezir Mehmed-paša Sokolović tokom gradnje svog čuvenog mosta na Drini. Kameno tursko kupatilo (hamam), koje je on podigao u 16. vijeku, i danas je u funkciji, pružajući posjetiocima priliku da dožive autentičan duh prohujalih vremena dok uživaju u toplini termalne vode.

Banja je dobila ime po izuzetno rijetkoj i nježnoj paprati – Vilina vlas (Adiantum capillus-veneris). Ova biljka raste isključivo na izvorima termalne vode u Višegradu i nigdje više u Bosni i Hercegovini. Legenda kaže da su se u ovim vodama kupale vile, a da je paprat zapravo njihova kosa koja je ostala u kamenu.

Višegrad banja bb, Višegrad 73240
