{"id":1550,"date":"2026-04-15T12:36:53","date_gmt":"2026-04-15T12:36:53","guid":{"rendered":"https:\/\/go-bosnia.com\/?post_type=entitet&#038;p=1550"},"modified":"2026-04-15T13:31:17","modified_gmt":"2026-04-15T13:31:17","slug":"gradska-vije-nica","status":"publish","type":"entitet","link":"https:\/\/go-bosnia.com\/en\/entitet\/gradska-vije-nica\/","title":{"rendered":"Gradska vije\u0107nica"},"excerpt":{"rendered":"","protected":false},"featured_media":1551,"parent":0,"template":"","tags":[11,25,12],"class_list":["post-1550","entitet","type-entitet","status-publish","has-post-thumbnail","hentry","tag-idealno-za-fotografije","tag-setnja","tag-tragovima-proslosti"],"uagb_featured_image_src":{"full":["https:\/\/go-bosnia.com\/wp-content\/uploads\/2026\/04\/GoBosnia-gradska-vijecnica-brcko.webp",1920,720,false],"thumbnail":["https:\/\/go-bosnia.com\/wp-content\/uploads\/2026\/04\/GoBosnia-gradska-vijecnica-brcko-150x150.webp",150,150,true],"medium":["https:\/\/go-bosnia.com\/wp-content\/uploads\/2026\/04\/GoBosnia-gradska-vijecnica-brcko-300x113.webp",300,113,true],"medium_large":["https:\/\/go-bosnia.com\/wp-content\/uploads\/2026\/04\/GoBosnia-gradska-vijecnica-brcko-768x288.webp",768,288,true],"large":["https:\/\/go-bosnia.com\/wp-content\/uploads\/2026\/04\/GoBosnia-gradska-vijecnica-brcko-1024x384.webp",1024,384,true],"1536x1536":["https:\/\/go-bosnia.com\/wp-content\/uploads\/2026\/04\/GoBosnia-gradska-vijecnica-brcko-1536x576.webp",1536,576,true],"2048x2048":["https:\/\/go-bosnia.com\/wp-content\/uploads\/2026\/04\/GoBosnia-gradska-vijecnica-brcko.webp",1920,720,false],"trp-custom-language-flag":["https:\/\/go-bosnia.com\/wp-content\/uploads\/2026\/04\/GoBosnia-gradska-vijecnica-brcko-18x7.webp",18,7,true],"neve-blog":["https:\/\/go-bosnia.com\/wp-content\/uploads\/2026\/04\/GoBosnia-gradska-vijecnica-brcko-930x620.webp",930,620,true]},"uagb_author_info":{"display_name":"Marko Balaban","author_link":"https:\/\/go-bosnia.com\/en\/author\/"},"uagb_comment_info":0,"uagb_excerpt":null,"meta_box":{"podnaslov":"","sira_kategorija":"Kulturno-istorijske i vjerske znamenitosti","uza_kategorija":"Etno selo","skriveni_entitet":"0","globalna_atrakcija":"0","lokalna_atrakcija":"0","grad":"281","gradovi_u_blizini":[],"regija":"278","moze_sadrzati_entitete":"0","superentitet":[],"cover_fotografija":{"width":150,"height":150,"file":"2026\/04\/GoBosnia-gradska-vijecnica-brcko.webp","filesize":223510,"sizes":{"medium":{"file":"GoBosnia-gradska-vijecnica-brcko-300x113.webp","width":300,"height":113,"mime-type":"image\/webp","filesize":13310,"url":"https:\/\/go-bosnia.com\/wp-content\/uploads\/2026\/04\/GoBosnia-gradska-vijecnica-brcko-300x113.webp"},"large":{"file":"GoBosnia-gradska-vijecnica-brcko-1024x384.webp","width":1024,"height":384,"mime-type":"image\/webp","filesize":112426,"url":"https:\/\/go-bosnia.com\/wp-content\/uploads\/2026\/04\/GoBosnia-gradska-vijecnica-brcko-1024x384.webp"},"thumbnail":{"file":"GoBosnia-gradska-vijecnica-brcko-150x150.webp","width":150,"height":150,"mime-type":"image\/webp","filesize":9758,"url":"https:\/\/go-bosnia.com\/wp-content\/uploads\/2026\/04\/GoBosnia-gradska-vijecnica-brcko-150x150.webp"},"medium_large":{"file":"GoBosnia-gradska-vijecnica-brcko-768x288.webp","width":768,"height":288,"mime-type":"image\/webp","filesize":70472,"url":"https:\/\/go-bosnia.com\/wp-content\/uploads\/2026\/04\/GoBosnia-gradska-vijecnica-brcko-768x288.webp"},"1536x1536":{"file":"GoBosnia-gradska-vijecnica-brcko-1536x576.webp","width":1536,"height":576,"mime-type":"image\/webp","filesize":202428,"url":"https:\/\/go-bosnia.com\/wp-content\/uploads\/2026\/04\/GoBosnia-gradska-vijecnica-brcko-1536x576.webp"},"trp-custom-language-flag":{"file":"GoBosnia-gradska-vijecnica-brcko-18x7.webp","width":18,"height":7,"mime-type":"image\/webp","filesize":180,"url":"https:\/\/go-bosnia.com\/wp-content\/uploads\/2026\/04\/GoBosnia-gradska-vijecnica-brcko-18x7.webp"},"neve-blog":{"file":"GoBosnia-gradska-vijecnica-brcko-930x620.webp","width":930,"height":620,"mime-type":"image\/webp","filesize":142340,"url":"https:\/\/go-bosnia.com\/wp-content\/uploads\/2026\/04\/GoBosnia-gradska-vijecnica-brcko-930x620.webp"}},"image_meta":{"aperture":"0","credit":"","camera":"","caption":"","created_timestamp":"0","copyright":"","focal_length":"0","iso":"0","shutter_speed":"0","title":"","orientation":"0","keywords":[]},"ID":"1551","name":"GoBosnia-gradska-vijecnica-brcko.webp","path":"\/home\/markop5\/go-bosnia.com\/wp-content\/uploads\/2026\/04\/GoBosnia-gradska-vijecnica-brcko.webp","url":"https:\/\/go-bosnia.com\/wp-content\/uploads\/2026\/04\/GoBosnia-gradska-vijecnica-brcko-150x150.webp","full_url":"https:\/\/go-bosnia.com\/wp-content\/uploads\/2026\/04\/GoBosnia-gradska-vijecnica-brcko.webp","title":"Gradska vije\u0107nica Br\u010dko","caption":"","description":"","alt":"Gradska vije\u0107nica Br\u010dko","srcset":false},"slika_za_karticu":{"width":150,"height":150,"file":"2026\/04\/Gradska-vijecnica-brcko.webp","filesize":29440,"sizes":{"medium":{"file":"Gradska-vijecnica-brcko-240x300.webp","width":240,"height":300,"mime-type":"image\/webp","filesize":15212,"url":"https:\/\/go-bosnia.com\/wp-content\/uploads\/2026\/04\/Gradska-vijecnica-brcko-240x300.webp"},"thumbnail":{"file":"Gradska-vijecnica-brcko-150x150.webp","width":150,"height":150,"mime-type":"image\/webp","filesize":6092,"url":"https:\/\/go-bosnia.com\/wp-content\/uploads\/2026\/04\/Gradska-vijecnica-brcko-150x150.webp"},"trp-custom-language-flag":{"file":"Gradska-vijecnica-brcko-10x12.webp","width":10,"height":12,"mime-type":"image\/webp","filesize":162,"url":"https:\/\/go-bosnia.com\/wp-content\/uploads\/2026\/04\/Gradska-vijecnica-brcko-10x12.webp"}},"image_meta":{"aperture":"0","credit":"","camera":"","caption":"","created_timestamp":"0","copyright":"","focal_length":"0","iso":"0","shutter_speed":"0","title":"","orientation":"0","keywords":[]},"ID":"1552","name":"Gradska-vijecnica-brcko.webp","path":"\/home\/markop5\/go-bosnia.com\/wp-content\/uploads\/2026\/04\/Gradska-vijecnica-brcko.webp","url":"https:\/\/go-bosnia.com\/wp-content\/uploads\/2026\/04\/Gradska-vijecnica-brcko-150x150.webp","full_url":"https:\/\/go-bosnia.com\/wp-content\/uploads\/2026\/04\/Gradska-vijecnica-brcko.webp","title":"Gradska vije\u0107nica Br\u010dko","caption":"","description":"","alt":"Gradska vije\u0107nica Br\u010dko","srcset":false},"prioritet":"55","unesco":"0","eko_turizam":"0","entitet_sa_ikonicom":"0","ikonica_entiteta":false,"kratki_opis":"Gradska vije\u0107nica u Br\u010dkom, podignuta 1892. godine, stoji kao veli\u010danstven trijumf pseudomaurske arhitekture i jedan od najva\u017enijih simbola austrougarskog naslje\u0111a u Bosni i Hercegovini. Projektovana od strane \u010duvenih arhitekata Aleksandra Viteka i \u0106irila Ivekovi\u0107a, ova gra\u0111evina je dovr\u0161ena \u010dak i prije \u010duvene sarajevske Vije\u0107nice, \u0161to rje\u010dito govori o tada\u0161njem strate\u0161kom i trgova\u010dkom zna\u010daju Br\u010dkog unutar Monarhije. \r\n\r\nSa svojim rasko\u0161nim fasadnim ukrasima, karakteristi\u010dnim kupolama i egzoti\u010dnom ornamentikom iznad prozora i vrata, Vije\u0107nica dominira urbanim pejza\u017eom grada kao nacionalni spomenik nulte kategorije. Kroz njene dvorane su tokom decenija prolazile razne institucije \u2013 od op\u0161tinske uprave i Savske kapetanije do po\u0161te \u2013 ali je ona do danas ostala najreprezentativniji \u010duvar gradskog identiteta i nezaobilazan biser bosanskohercegova\u010dke graditeljske ba\u0161tine.","geografska_sirina":"44.87812","geografska_duzina":"18.80966","adresa":"Bulevar mira 5, Br\u010dko 76100","broj_telefona":"","email_adresa":"","instagram":"","facebook":"","tiktok":"","website":"","placeno":"0","nivo":"","tekst_linka":"","eksterni_link":"","booking_link":""},"_links":{"self":[{"href":"https:\/\/go-bosnia.com\/en\/wp-json\/wp\/v2\/entitet\/1550","targetHints":{"allow":["GET"]}}],"collection":[{"href":"https:\/\/go-bosnia.com\/en\/wp-json\/wp\/v2\/entitet"}],"about":[{"href":"https:\/\/go-bosnia.com\/en\/wp-json\/wp\/v2\/types\/entitet"}],"wp:featuredmedia":[{"embeddable":true,"href":"https:\/\/go-bosnia.com\/en\/wp-json\/wp\/v2\/media\/1551"}],"wp:attachment":[{"href":"https:\/\/go-bosnia.com\/en\/wp-json\/wp\/v2\/media?parent=1550"}],"wp:term":[{"taxonomy":"post_tag","embeddable":true,"href":"https:\/\/go-bosnia.com\/en\/wp-json\/wp\/v2\/tags?post=1550"}],"curies":[{"name":"wp","href":"https:\/\/api.w.org\/{rel}","templated":true}]}}

Gradska vijećnica

Gradska vijećnica Brčko

Gradska vijećnica u Brčkom, podignuta 1892. godine, stoji kao veličanstven trijumf pseudomaurske arhitekture i jedan od najvažnijih simbola austrougarskog nasljeđa u Bosni i Hercegovini. Projektovana od strane čuvenih arhitekata Aleksandra Viteka i Ćirila Ivekovića, ova građevina je dovršena čak i prije čuvene sarajevske Vijećnice, što rječito govori o tadašnjem strateškom i trgovačkom značaju Brčkog unutar Monarhije. 

Sa svojim raskošnim fasadnim ukrasima, karakterističnim kupolama i egzotičnom ornamentikom iznad prozora i vrata, Vijećnica dominira urbanim pejzažom grada kao nacionalni spomenik nulte kategorije. Kroz njene dvorane su tokom decenija prolazile razne institucije – od opštinske uprave i Savske kapetanije do pošte – ali je ona do danas ostala najreprezentativniji čuvar gradskog identiteta i nezaobilazan biser bosanskohercegovačke graditeljske baštine.

Bulevar mira 5, Brčko 76100
