{"id":1575,"date":"2026-04-15T14:00:30","date_gmt":"2026-04-15T14:00:30","guid":{"rendered":"https:\/\/go-bosnia.com\/?post_type=entitet&#038;p=1575"},"modified":"2026-04-15T14:00:30","modified_gmt":"2026-04-15T14:00:30","slug":"bijela-dzamija","status":"publish","type":"entitet","link":"https:\/\/go-bosnia.com\/en\/entitet\/bijela-dzamija\/","title":{"rendered":"Bijela d\u017eamija"},"excerpt":{"rendered":"","protected":false},"featured_media":1576,"parent":0,"template":"","tags":[],"class_list":["post-1575","entitet","type-entitet","status-publish","has-post-thumbnail","hentry"],"uagb_featured_image_src":{"full":["https:\/\/go-bosnia.com\/wp-content\/uploads\/2026\/04\/GoBosnia-bijela-dzamija.webp",1920,720,false],"thumbnail":["https:\/\/go-bosnia.com\/wp-content\/uploads\/2026\/04\/GoBosnia-bijela-dzamija-150x150.webp",150,150,true],"medium":["https:\/\/go-bosnia.com\/wp-content\/uploads\/2026\/04\/GoBosnia-bijela-dzamija-300x113.webp",300,113,true],"medium_large":["https:\/\/go-bosnia.com\/wp-content\/uploads\/2026\/04\/GoBosnia-bijela-dzamija-768x288.webp",768,288,true],"large":["https:\/\/go-bosnia.com\/wp-content\/uploads\/2026\/04\/GoBosnia-bijela-dzamija-1024x384.webp",1024,384,true],"1536x1536":["https:\/\/go-bosnia.com\/wp-content\/uploads\/2026\/04\/GoBosnia-bijela-dzamija-1536x576.webp",1536,576,true],"2048x2048":["https:\/\/go-bosnia.com\/wp-content\/uploads\/2026\/04\/GoBosnia-bijela-dzamija.webp",1920,720,false],"trp-custom-language-flag":["https:\/\/go-bosnia.com\/wp-content\/uploads\/2026\/04\/GoBosnia-bijela-dzamija-18x7.webp",18,7,true],"neve-blog":["https:\/\/go-bosnia.com\/wp-content\/uploads\/2026\/04\/GoBosnia-bijela-dzamija-930x620.webp",930,620,true]},"uagb_author_info":{"display_name":"Marko Balaban","author_link":"https:\/\/go-bosnia.com\/en\/author\/"},"uagb_comment_info":0,"uagb_excerpt":null,"meta_box":{"podnaslov":"","sira_kategorija":"Kulturno-istorijske i vjerske znamenitosti","uza_kategorija":"D\u017eamija","skriveni_entitet":"0","globalna_atrakcija":"0","lokalna_atrakcija":"0","grad":"281","gradovi_u_blizini":[],"regija":"278","moze_sadrzati_entitete":"0","superentitet":[],"cover_fotografija":{"width":150,"height":150,"file":"2026\/04\/GoBosnia-bijela-dzamija.webp","filesize":190638,"sizes":{"medium":{"file":"GoBosnia-bijela-dzamija-300x113.webp","width":300,"height":113,"mime-type":"image\/webp","filesize":11892,"url":"https:\/\/go-bosnia.com\/wp-content\/uploads\/2026\/04\/GoBosnia-bijela-dzamija-300x113.webp"},"large":{"file":"GoBosnia-bijela-dzamija-1024x384.webp","width":1024,"height":384,"mime-type":"image\/webp","filesize":89690,"url":"https:\/\/go-bosnia.com\/wp-content\/uploads\/2026\/04\/GoBosnia-bijela-dzamija-1024x384.webp"},"thumbnail":{"file":"GoBosnia-bijela-dzamija-150x150.webp","width":150,"height":150,"mime-type":"image\/webp","filesize":7702,"url":"https:\/\/go-bosnia.com\/wp-content\/uploads\/2026\/04\/GoBosnia-bijela-dzamija-150x150.webp"},"medium_large":{"file":"GoBosnia-bijela-dzamija-768x288.webp","width":768,"height":288,"mime-type":"image\/webp","filesize":55428,"url":"https:\/\/go-bosnia.com\/wp-content\/uploads\/2026\/04\/GoBosnia-bijela-dzamija-768x288.webp"},"1536x1536":{"file":"GoBosnia-bijela-dzamija-1536x576.webp","width":1536,"height":576,"mime-type":"image\/webp","filesize":165304,"url":"https:\/\/go-bosnia.com\/wp-content\/uploads\/2026\/04\/GoBosnia-bijela-dzamija-1536x576.webp"},"trp-custom-language-flag":{"file":"GoBosnia-bijela-dzamija-18x7.webp","width":18,"height":7,"mime-type":"image\/webp","filesize":194,"url":"https:\/\/go-bosnia.com\/wp-content\/uploads\/2026\/04\/GoBosnia-bijela-dzamija-18x7.webp"},"neve-blog":{"file":"GoBosnia-bijela-dzamija-930x620.webp","width":930,"height":620,"mime-type":"image\/webp","filesize":107280,"url":"https:\/\/go-bosnia.com\/wp-content\/uploads\/2026\/04\/GoBosnia-bijela-dzamija-930x620.webp"}},"image_meta":{"aperture":"0","credit":"","camera":"","caption":"","created_timestamp":"0","copyright":"","focal_length":"0","iso":"0","shutter_speed":"0","title":"","orientation":"0","keywords":[]},"ID":"1576","name":"GoBosnia-bijela-dzamija.webp","path":"\/home\/markop5\/go-bosnia.com\/wp-content\/uploads\/2026\/04\/GoBosnia-bijela-dzamija.webp","url":"https:\/\/go-bosnia.com\/wp-content\/uploads\/2026\/04\/GoBosnia-bijela-dzamija-150x150.webp","full_url":"https:\/\/go-bosnia.com\/wp-content\/uploads\/2026\/04\/GoBosnia-bijela-dzamija.webp","title":"Bijela d\u017eamija Br\u010dko","caption":"","description":"","alt":"Bijela d\u017eamija Br\u010dko","srcset":false},"slika_za_karticu":{"width":150,"height":150,"file":"2026\/04\/bijela-dzamija.webp","filesize":13590,"sizes":{"medium":{"file":"bijela-dzamija-240x300.webp","width":240,"height":300,"mime-type":"image\/webp","filesize":8410,"url":"https:\/\/go-bosnia.com\/wp-content\/uploads\/2026\/04\/bijela-dzamija-240x300.webp"},"thumbnail":{"file":"bijela-dzamija-150x150.webp","width":150,"height":150,"mime-type":"image\/webp","filesize":3686,"url":"https:\/\/go-bosnia.com\/wp-content\/uploads\/2026\/04\/bijela-dzamija-150x150.webp"},"trp-custom-language-flag":{"file":"bijela-dzamija-10x12.webp","width":10,"height":12,"mime-type":"image\/webp","filesize":134,"url":"https:\/\/go-bosnia.com\/wp-content\/uploads\/2026\/04\/bijela-dzamija-10x12.webp"}},"image_meta":{"aperture":"0","credit":"","camera":"","caption":"","created_timestamp":"0","copyright":"","focal_length":"0","iso":"0","shutter_speed":"0","title":"","orientation":"0","keywords":[]},"ID":"1577","name":"bijela-dzamija.webp","path":"\/home\/markop5\/go-bosnia.com\/wp-content\/uploads\/2026\/04\/bijela-dzamija.webp","url":"https:\/\/go-bosnia.com\/wp-content\/uploads\/2026\/04\/bijela-dzamija-150x150.webp","full_url":"https:\/\/go-bosnia.com\/wp-content\/uploads\/2026\/04\/bijela-dzamija.webp","title":"Bijela d\u017eamija Br\u010dko","caption":"","description":"","alt":"Bijela d\u017eamija Br\u010dko","srcset":false},"prioritet":"45","unesco":"0","eko_turizam":"0","entitet_sa_ikonicom":"0","ikonica_entiteta":false,"kratki_opis":"Bijela d\u017eamija, u narodu poznata i kao D\u017eedid, ponosno se uzdi\u017ee na kolobarskom bre\u017euljku kao jedan od najljep\u0161ih simbola duhovnosti i arhitektonske elegancije u Bosni i Hercegovini. Njen naziv \u201eD\u017eedid\u201c, \u0161to na osmanskom jeziku zna\u010di nova, svjedo\u010di o vijekovnom kontinuitetu vjerskog \u017eivota u Br\u010dkom, dok istorijski zapisi o njenoj obnovi jo\u0161 1893. godine govore o dugoj tradiciji ove masivne gra\u0111evine sa vitkim kamenim minaretom. \r\n\r\nNakon potpunog ru\u0161enja 1992. godine, d\u017eamija je vaskrsla u svom punom sjaju 2005. godine, spajaju\u0107i tradicionalnu estetiku sa savremenim potrebama zajednice kroz moderan kompleks koji obuhvata mekteb i vi\u0161enamjensku salu. Danas ova snje\u017eno bijela ljepotica ne predstavlja samo centralno mjesto molitve Tuzlanskog muftiluka, ve\u0107 i nezaobilazan dio gradskog pejza\u017ea koji svojom harmonijom i mirom plijeni pa\u017enju svakog prolaznika.","geografska_sirina":"44.87936","geografska_duzina":"18.80438","adresa":"VRH3+PPH, Reisa D\u017eemaludina \u010cau\u0161evi\u0107a, Br\u010dko","broj_telefona":"","email_adresa":"","instagram":"","facebook":"","tiktok":"","website":"","placeno":"0","nivo":"","tekst_linka":"","eksterni_link":"","booking_link":""},"_links":{"self":[{"href":"https:\/\/go-bosnia.com\/en\/wp-json\/wp\/v2\/entitet\/1575","targetHints":{"allow":["GET"]}}],"collection":[{"href":"https:\/\/go-bosnia.com\/en\/wp-json\/wp\/v2\/entitet"}],"about":[{"href":"https:\/\/go-bosnia.com\/en\/wp-json\/wp\/v2\/types\/entitet"}],"wp:featuredmedia":[{"embeddable":true,"href":"https:\/\/go-bosnia.com\/en\/wp-json\/wp\/v2\/media\/1576"}],"wp:attachment":[{"href":"https:\/\/go-bosnia.com\/en\/wp-json\/wp\/v2\/media?parent=1575"}],"wp:term":[{"taxonomy":"post_tag","embeddable":true,"href":"https:\/\/go-bosnia.com\/en\/wp-json\/wp\/v2\/tags?post=1575"}],"curies":[{"name":"wp","href":"https:\/\/api.w.org\/{rel}","templated":true}]}}

Bijela džamija

Džamija

Bijela džamija Brčko

Bijela džamija, u narodu poznata i kao Džedid, ponosno se uzdiže na kolobarskom brežuljku kao jedan od najljepših simbola duhovnosti i arhitektonske elegancije u Bosni i Hercegovini. Njen naziv „Džedid“, što na osmanskom jeziku znači nova, svjedoči o vijekovnom kontinuitetu vjerskog života u Brčkom, dok istorijski zapisi o njenoj obnovi još 1893. godine govore o dugoj tradiciji ove masivne građevine sa vitkim kamenim minaretom. 

Nakon potpunog rušenja 1992. godine, džamija je vaskrsla u svom punom sjaju 2005. godine, spajajući tradicionalnu estetiku sa savremenim potrebama zajednice kroz moderan kompleks koji obuhvata mekteb i višenamjensku salu. Danas ova snježno bijela ljepotica ne predstavlja samo centralno mjesto molitve Tuzlanskog muftiluka, već i nezaobilazan dio gradskog pejzaža koji svojom harmonijom i mirom plijeni pažnju svakog prolaznika.

VRH3+PPH, Reisa Džemaludina Čauševića, Brčko
