{"id":1701,"date":"2026-04-15T19:20:43","date_gmt":"2026-04-15T19:20:43","guid":{"rendered":"https:\/\/go-bosnia.com\/?post_type=entitet&#038;p=1701"},"modified":"2026-04-16T08:50:20","modified_gmt":"2026-04-16T08:50:20","slug":"titov-spomenik","status":"publish","type":"entitet","link":"https:\/\/go-bosnia.com\/en\/entitet\/titov-spomenik\/","title":{"rendered":"Titov spomenik"},"excerpt":{"rendered":"","protected":false},"featured_media":1702,"parent":0,"template":"","tags":[12],"class_list":["post-1701","entitet","type-entitet","status-publish","has-post-thumbnail","hentry","tag-tragovima-proslosti"],"uagb_featured_image_src":{"full":["https:\/\/go-bosnia.com\/wp-content\/uploads\/2026\/04\/GoBosnia-titov-spomenik-gorazde.webp",1920,720,false],"thumbnail":["https:\/\/go-bosnia.com\/wp-content\/uploads\/2026\/04\/GoBosnia-titov-spomenik-gorazde-150x150.webp",150,150,true],"medium":["https:\/\/go-bosnia.com\/wp-content\/uploads\/2026\/04\/GoBosnia-titov-spomenik-gorazde-300x113.webp",300,113,true],"medium_large":["https:\/\/go-bosnia.com\/wp-content\/uploads\/2026\/04\/GoBosnia-titov-spomenik-gorazde-768x288.webp",768,288,true],"large":["https:\/\/go-bosnia.com\/wp-content\/uploads\/2026\/04\/GoBosnia-titov-spomenik-gorazde-1024x384.webp",1024,384,true],"1536x1536":["https:\/\/go-bosnia.com\/wp-content\/uploads\/2026\/04\/GoBosnia-titov-spomenik-gorazde-1536x576.webp",1536,576,true],"2048x2048":["https:\/\/go-bosnia.com\/wp-content\/uploads\/2026\/04\/GoBosnia-titov-spomenik-gorazde.webp",1920,720,false],"trp-custom-language-flag":["https:\/\/go-bosnia.com\/wp-content\/uploads\/2026\/04\/GoBosnia-titov-spomenik-gorazde-18x7.webp",18,7,true],"neve-blog":["https:\/\/go-bosnia.com\/wp-content\/uploads\/2026\/04\/GoBosnia-titov-spomenik-gorazde-930x620.webp",930,620,true]},"uagb_author_info":{"display_name":"Marko Balaban","author_link":"https:\/\/go-bosnia.com\/en\/author\/"},"uagb_comment_info":0,"uagb_excerpt":null,"meta_box":{"podnaslov":"","sira_kategorija":"Kulturno-istorijske i vjerske znamenitosti","uza_kategorija":"Spomenik","skriveni_entitet":"0","globalna_atrakcija":"0","lokalna_atrakcija":"0","grad":"197","gradovi_u_blizini":[],"regija":"193","moze_sadrzati_entitete":"0","superentitet":[],"cover_fotografija":{"width":150,"height":150,"file":"2026\/04\/GoBosnia-titov-spomenik-gorazde.webp","filesize":88454,"sizes":{"medium":{"file":"GoBosnia-titov-spomenik-gorazde-300x113.webp","width":300,"height":113,"mime-type":"image\/webp","filesize":6968,"url":"https:\/\/go-bosnia.com\/wp-content\/uploads\/2026\/04\/GoBosnia-titov-spomenik-gorazde-300x113.webp"},"large":{"file":"GoBosnia-titov-spomenik-gorazde-1024x384.webp","width":1024,"height":384,"mime-type":"image\/webp","filesize":45816,"url":"https:\/\/go-bosnia.com\/wp-content\/uploads\/2026\/04\/GoBosnia-titov-spomenik-gorazde-1024x384.webp"},"thumbnail":{"file":"GoBosnia-titov-spomenik-gorazde-150x150.webp","width":150,"height":150,"mime-type":"image\/webp","filesize":4450,"url":"https:\/\/go-bosnia.com\/wp-content\/uploads\/2026\/04\/GoBosnia-titov-spomenik-gorazde-150x150.webp"},"medium_large":{"file":"GoBosnia-titov-spomenik-gorazde-768x288.webp","width":768,"height":288,"mime-type":"image\/webp","filesize":30056,"url":"https:\/\/go-bosnia.com\/wp-content\/uploads\/2026\/04\/GoBosnia-titov-spomenik-gorazde-768x288.webp"},"1536x1536":{"file":"GoBosnia-titov-spomenik-gorazde-1536x576.webp","width":1536,"height":576,"mime-type":"image\/webp","filesize":79826,"url":"https:\/\/go-bosnia.com\/wp-content\/uploads\/2026\/04\/GoBosnia-titov-spomenik-gorazde-1536x576.webp"},"trp-custom-language-flag":{"file":"GoBosnia-titov-spomenik-gorazde-18x7.webp","width":18,"height":7,"mime-type":"image\/webp","filesize":122,"url":"https:\/\/go-bosnia.com\/wp-content\/uploads\/2026\/04\/GoBosnia-titov-spomenik-gorazde-18x7.webp"},"neve-blog":{"file":"GoBosnia-titov-spomenik-gorazde-930x620.webp","width":930,"height":620,"mime-type":"image\/webp","filesize":44558,"url":"https:\/\/go-bosnia.com\/wp-content\/uploads\/2026\/04\/GoBosnia-titov-spomenik-gorazde-930x620.webp"}},"image_meta":{"aperture":"0","credit":"","camera":"","caption":"","created_timestamp":"0","copyright":"","focal_length":"0","iso":"0","shutter_speed":"0","title":"","orientation":"0","keywords":[]},"ID":"1702","name":"GoBosnia-titov-spomenik-gorazde.webp","path":"\/home\/markop5\/go-bosnia.com\/wp-content\/uploads\/2026\/04\/GoBosnia-titov-spomenik-gorazde.webp","url":"https:\/\/go-bosnia.com\/wp-content\/uploads\/2026\/04\/GoBosnia-titov-spomenik-gorazde-150x150.webp","full_url":"https:\/\/go-bosnia.com\/wp-content\/uploads\/2026\/04\/GoBosnia-titov-spomenik-gorazde.webp","title":"GoBosnia-titov-spomenik-gorazde","caption":"","description":"","alt":"GoBosnia-titov-spomenik-gorazde","srcset":false},"slika_za_karticu":{"width":150,"height":150,"file":"2026\/04\/titov-spomenk.webp","filesize":55846,"sizes":{"medium":{"file":"titov-spomenk-240x300.webp","width":240,"height":300,"mime-type":"image\/webp","filesize":26428,"url":"https:\/\/go-bosnia.com\/wp-content\/uploads\/2026\/04\/titov-spomenk-240x300.webp"},"thumbnail":{"file":"titov-spomenk-150x150.webp","width":150,"height":150,"mime-type":"image\/webp","filesize":9280,"url":"https:\/\/go-bosnia.com\/wp-content\/uploads\/2026\/04\/titov-spomenk-150x150.webp"},"trp-custom-language-flag":{"file":"titov-spomenk-10x12.webp","width":10,"height":12,"mime-type":"image\/webp","filesize":140,"url":"https:\/\/go-bosnia.com\/wp-content\/uploads\/2026\/04\/titov-spomenk-10x12.webp"}},"image_meta":{"aperture":"0","credit":"","camera":"","caption":"","created_timestamp":"0","copyright":"","focal_length":"0","iso":"0","shutter_speed":"0","title":"","orientation":"0","keywords":[]},"ID":"1703","name":"titov-spomenk.webp","path":"\/home\/markop5\/go-bosnia.com\/wp-content\/uploads\/2026\/04\/titov-spomenk.webp","url":"https:\/\/go-bosnia.com\/wp-content\/uploads\/2026\/04\/titov-spomenk-150x150.webp","full_url":"https:\/\/go-bosnia.com\/wp-content\/uploads\/2026\/04\/titov-spomenk.webp","title":"titov-spomenk","caption":"","description":"","alt":"titov-spomenk","srcset":false},"prioritet":"35","unesco":"0","eko_turizam":"0","entitet_sa_ikonicom":"0","ikonica_entiteta":false,"kratki_opis":"Spomen-park u naselju Mravinjac kod Gora\u017eda predstavlja jedan od rijetkih preostalih simbola sje\u0107anja na Josipa Broza Tita i vrijednosti biv\u0161e zajedni\u010dke dr\u017eave. Podignut 1980. godine neposredno nakon Titove smrti, ovaj jedinstveni memorijalni kompleks smje\u0161ten je na lijevoj obali Drine i prepoznatljiv je po 88 zasa\u0111enih borova koji simbolizuju godine predsjednikovog \u017eivota. Za stanovnike gora\u017edanskog kraja i \u010dlanove Udru\u017eenja antifa\u0161ista, ovaj park nije samo spomenik jednoj istorijskoj li\u010dnosti, ve\u0107 \u017eivo mjesto susreta koje promovi\u0161e humanizam, slobodu i jednakost. I danas, decenijama nakon nastanka, park plijeni pa\u017enju putnika namjernika, pozivaju\u0107i nove generacije da u\u010de o antifa\u0161izmu kao trajnom stanju duha i na\u010dinu \u017eivota.","geografska_sirina":"43.63010","geografska_duzina":"18.94236","adresa":"JWJR+2WR, Mravinjac","broj_telefona":"","email_adresa":"","instagram":"","facebook":"","tiktok":"","website":"","placeno":"0","nivo":"","tekst_linka":"","eksterni_link":"","booking_link":""},"_links":{"self":[{"href":"https:\/\/go-bosnia.com\/en\/wp-json\/wp\/v2\/entitet\/1701","targetHints":{"allow":["GET"]}}],"collection":[{"href":"https:\/\/go-bosnia.com\/en\/wp-json\/wp\/v2\/entitet"}],"about":[{"href":"https:\/\/go-bosnia.com\/en\/wp-json\/wp\/v2\/types\/entitet"}],"wp:featuredmedia":[{"embeddable":true,"href":"https:\/\/go-bosnia.com\/en\/wp-json\/wp\/v2\/media\/1702"}],"wp:attachment":[{"href":"https:\/\/go-bosnia.com\/en\/wp-json\/wp\/v2\/media?parent=1701"}],"wp:term":[{"taxonomy":"post_tag","embeddable":true,"href":"https:\/\/go-bosnia.com\/en\/wp-json\/wp\/v2\/tags?post=1701"}],"curies":[{"name":"wp","href":"https:\/\/api.w.org\/{rel}","templated":true}]}}

Spomen-park u naselju Mravinjac kod Goražda predstavlja jedan od rijetkih preostalih simbola sjećanja na Josipa Broza Tita i vrijednosti bivše zajedničke države. Podignut 1980. godine neposredno nakon Titove smrti, ovaj jedinstveni memorijalni kompleks smješten je na lijevoj obali Drine i prepoznatljiv je po 88 zasađenih borova koji simbolizuju godine predsjednikovog života. Za stanovnike goraždanskog kraja i članove Udruženja antifašista, ovaj park nije samo spomenik jednoj istorijskoj ličnosti, već živo mjesto susreta koje promoviše humanizam, slobodu i jednakost. I danas, decenijama nakon nastanka, park plijeni pažnju putnika namjernika, pozivajući nove generacije da uče o antifašizmu kao trajnom stanju duha i načinu života.
