{"id":1705,"date":"2026-04-15T19:34:41","date_gmt":"2026-04-15T19:34:41","guid":{"rendered":"https:\/\/go-bosnia.com\/?post_type=entitet&#038;p=1705"},"modified":"2026-04-16T08:50:43","modified_gmt":"2026-04-16T08:50:43","slug":"gradska-pla-a-anj","status":"publish","type":"entitet","link":"https:\/\/go-bosnia.com\/en\/entitet\/gradska-pla-a-anj\/","title":{"rendered":"Gradska pla\u017ea \u017danj"},"excerpt":{"rendered":"","protected":false},"featured_media":1706,"parent":0,"template":"","tags":[23],"class_list":["post-1705","entitet","type-entitet","status-publish","has-post-thumbnail","hentry","tag-kupanje"],"uagb_featured_image_src":{"full":["https:\/\/go-bosnia.com\/wp-content\/uploads\/2026\/04\/GoBosnia-gradska-plaza-zanj.webp",1920,720,false],"thumbnail":["https:\/\/go-bosnia.com\/wp-content\/uploads\/2026\/04\/GoBosnia-gradska-plaza-zanj-150x150.webp",150,150,true],"medium":["https:\/\/go-bosnia.com\/wp-content\/uploads\/2026\/04\/GoBosnia-gradska-plaza-zanj-300x113.webp",300,113,true],"medium_large":["https:\/\/go-bosnia.com\/wp-content\/uploads\/2026\/04\/GoBosnia-gradska-plaza-zanj-768x288.webp",768,288,true],"large":["https:\/\/go-bosnia.com\/wp-content\/uploads\/2026\/04\/GoBosnia-gradska-plaza-zanj-1024x384.webp",1024,384,true],"1536x1536":["https:\/\/go-bosnia.com\/wp-content\/uploads\/2026\/04\/GoBosnia-gradska-plaza-zanj-1536x576.webp",1536,576,true],"2048x2048":["https:\/\/go-bosnia.com\/wp-content\/uploads\/2026\/04\/GoBosnia-gradska-plaza-zanj.webp",1920,720,false],"trp-custom-language-flag":["https:\/\/go-bosnia.com\/wp-content\/uploads\/2026\/04\/GoBosnia-gradska-plaza-zanj-18x7.webp",18,7,true],"neve-blog":["https:\/\/go-bosnia.com\/wp-content\/uploads\/2026\/04\/GoBosnia-gradska-plaza-zanj-930x620.webp",930,620,true]},"uagb_author_info":{"display_name":"Marko Balaban","author_link":"https:\/\/go-bosnia.com\/en\/author\/"},"uagb_comment_info":0,"uagb_excerpt":null,"meta_box":{"podnaslov":"","sira_kategorija":"Prirodne ljepote","uza_kategorija":"Pla\u017ea","skriveni_entitet":"0","globalna_atrakcija":"0","lokalna_atrakcija":"0","grad":"197","gradovi_u_blizini":[],"regija":"193","moze_sadrzati_entitete":"0","superentitet":[],"cover_fotografija":{"width":150,"height":150,"file":"2026\/04\/GoBosnia-gradska-plaza-zanj.webp","filesize":248468,"sizes":{"medium":{"file":"GoBosnia-gradska-plaza-zanj-300x113.webp","width":300,"height":113,"mime-type":"image\/webp","filesize":10422,"url":"https:\/\/go-bosnia.com\/wp-content\/uploads\/2026\/04\/GoBosnia-gradska-plaza-zanj-300x113.webp"},"large":{"file":"GoBosnia-gradska-plaza-zanj-1024x384.webp","width":1024,"height":384,"mime-type":"image\/webp","filesize":102358,"url":"https:\/\/go-bosnia.com\/wp-content\/uploads\/2026\/04\/GoBosnia-gradska-plaza-zanj-1024x384.webp"},"thumbnail":{"file":"GoBosnia-gradska-plaza-zanj-150x150.webp","width":150,"height":150,"mime-type":"image\/webp","filesize":7078,"url":"https:\/\/go-bosnia.com\/wp-content\/uploads\/2026\/04\/GoBosnia-gradska-plaza-zanj-150x150.webp"},"medium_large":{"file":"GoBosnia-gradska-plaza-zanj-768x288.webp","width":768,"height":288,"mime-type":"image\/webp","filesize":58252,"url":"https:\/\/go-bosnia.com\/wp-content\/uploads\/2026\/04\/GoBosnia-gradska-plaza-zanj-768x288.webp"},"1536x1536":{"file":"GoBosnia-gradska-plaza-zanj-1536x576.webp","width":1536,"height":576,"mime-type":"image\/webp","filesize":202980,"url":"https:\/\/go-bosnia.com\/wp-content\/uploads\/2026\/04\/GoBosnia-gradska-plaza-zanj-1536x576.webp"},"trp-custom-language-flag":{"file":"GoBosnia-gradska-plaza-zanj-18x7.webp","width":18,"height":7,"mime-type":"image\/webp","filesize":176,"url":"https:\/\/go-bosnia.com\/wp-content\/uploads\/2026\/04\/GoBosnia-gradska-plaza-zanj-18x7.webp"},"neve-blog":{"file":"GoBosnia-gradska-plaza-zanj-930x620.webp","width":930,"height":620,"mime-type":"image\/webp","filesize":141668,"url":"https:\/\/go-bosnia.com\/wp-content\/uploads\/2026\/04\/GoBosnia-gradska-plaza-zanj-930x620.webp"}},"image_meta":{"aperture":"0","credit":"","camera":"","caption":"","created_timestamp":"0","copyright":"","focal_length":"0","iso":"0","shutter_speed":"0","title":"","orientation":"0","keywords":[]},"ID":"1706","name":"GoBosnia-gradska-plaza-zanj.webp","path":"\/home\/markop5\/go-bosnia.com\/wp-content\/uploads\/2026\/04\/GoBosnia-gradska-plaza-zanj.webp","url":"https:\/\/go-bosnia.com\/wp-content\/uploads\/2026\/04\/GoBosnia-gradska-plaza-zanj-150x150.webp","full_url":"https:\/\/go-bosnia.com\/wp-content\/uploads\/2026\/04\/GoBosnia-gradska-plaza-zanj.webp","title":"Gradska pla\u017ea \u017danj Gora\u017ede","caption":"","description":"","alt":"Gradska pla\u017ea \u017danj Gora\u017ede","srcset":false},"slika_za_karticu":{"width":150,"height":150,"file":"2026\/04\/gradska-plaza-zanj.webp","filesize":35988,"sizes":{"medium":{"file":"gradska-plaza-zanj-240x300.webp","width":240,"height":300,"mime-type":"image\/webp","filesize":19942,"url":"https:\/\/go-bosnia.com\/wp-content\/uploads\/2026\/04\/gradska-plaza-zanj-240x300.webp"},"thumbnail":{"file":"gradska-plaza-zanj-150x150.webp","width":150,"height":150,"mime-type":"image\/webp","filesize":7344,"url":"https:\/\/go-bosnia.com\/wp-content\/uploads\/2026\/04\/gradska-plaza-zanj-150x150.webp"},"trp-custom-language-flag":{"file":"gradska-plaza-zanj-10x12.webp","width":10,"height":12,"mime-type":"image\/webp","filesize":142,"url":"https:\/\/go-bosnia.com\/wp-content\/uploads\/2026\/04\/gradska-plaza-zanj-10x12.webp"}},"image_meta":{"aperture":"0","credit":"","camera":"","caption":"","created_timestamp":"0","copyright":"","focal_length":"0","iso":"0","shutter_speed":"0","title":"","orientation":"0","keywords":[]},"ID":"1707","name":"gradska-plaza-zanj.webp","path":"\/home\/markop5\/go-bosnia.com\/wp-content\/uploads\/2026\/04\/gradska-plaza-zanj.webp","url":"https:\/\/go-bosnia.com\/wp-content\/uploads\/2026\/04\/gradska-plaza-zanj-150x150.webp","full_url":"https:\/\/go-bosnia.com\/wp-content\/uploads\/2026\/04\/gradska-plaza-zanj.webp","title":"Gradska pla\u017ea \u017danj Gora\u017ede","caption":"","description":"","alt":"Gradska pla\u017ea \u017danj Gora\u017ede","srcset":false},"prioritet":"40","unesco":"0","eko_turizam":"1","entitet_sa_ikonicom":"0","ikonica_entiteta":false,"kratki_opis":"Gradska pla\u017ea \u201e\u017danj\u201d nije samo kupali\u0161te, ve\u0107 istinsko srce ljetnog \u017eivota u Gora\u017edu, smje\u0161teno tamo gdje se urbana energija grada susre\u0107e sa smaragdnom svje\u017einom rijeke Drine. Kao jedan od najprepoznatljivijih simbola grada, ovaj \u201erije\u010dni biser\u201d nudi besplatan i neposredan dodir s prirodom u samom centru, postaju\u0107i omiljeno uto\u010di\u0161te za sve generacije tokom vrelih julskih i avgustovkih dana.\r\n\r\nPosebnu dra\u017e pla\u017ei daju tradicionalne \u201eIgre na \u017danju\u201d, koje se odr\u017eavaju u sklopu Internacionalnog festivala prijateljstva. Tada obala o\u017eivi uz vrhunski sportski duh i adrenalin, dok se takmi\u010dari nadme\u0107u u odbojci, rukometu i fudbalu na pijesku, unose\u0107i radost i zajedni\u0161tvo u svaki kutak obale. Bilo da tra\u017eite mir uz \u0161um Drine ili uzbu\u0111enje sportskih nadmetanja, \u201e\u017danj\u201d ostaje nezaobilazna destinacija koja na najljep\u0161i na\u010din oslikava neraskidivu vezu Gora\u017eda i njegove rijeke.","geografska_sirina":"43.66594","geografska_duzina":"18.97469","adresa":"Ibrahima \u010celika 6, Gora\u017ede 73000","broj_telefona":"","email_adresa":"","instagram":"","facebook":"","tiktok":"","website":"","placeno":"0","nivo":"","tekst_linka":"","eksterni_link":"","booking_link":""},"_links":{"self":[{"href":"https:\/\/go-bosnia.com\/en\/wp-json\/wp\/v2\/entitet\/1705","targetHints":{"allow":["GET"]}}],"collection":[{"href":"https:\/\/go-bosnia.com\/en\/wp-json\/wp\/v2\/entitet"}],"about":[{"href":"https:\/\/go-bosnia.com\/en\/wp-json\/wp\/v2\/types\/entitet"}],"wp:featuredmedia":[{"embeddable":true,"href":"https:\/\/go-bosnia.com\/en\/wp-json\/wp\/v2\/media\/1706"}],"wp:attachment":[{"href":"https:\/\/go-bosnia.com\/en\/wp-json\/wp\/v2\/media?parent=1705"}],"wp:term":[{"taxonomy":"post_tag","embeddable":true,"href":"https:\/\/go-bosnia.com\/en\/wp-json\/wp\/v2\/tags?post=1705"}],"curies":[{"name":"wp","href":"https:\/\/api.w.org\/{rel}","templated":true}]}}

Gradska plaža Žanj

Plaža

Gradska plaža Žanj Goražde

Gradska plaža „Žanj” nije samo kupalište, već istinsko srce ljetnog života u Goraždu, smješteno tamo gdje se urbana energija grada susreće sa smaragdnom svježinom rijeke Drine. Kao jedan od najprepoznatljivijih simbola grada, ovaj „riječni biser” nudi besplatan i neposredan dodir s prirodom u samom centru, postajući omiljeno utočište za sve generacije tokom vrelih julskih i avgustovkih dana.

Posebnu draž plaži daju tradicionalne „Igre na Žanju”, koje se održavaju u sklopu Internacionalnog festivala prijateljstva. Tada obala oživi uz vrhunski sportski duh i adrenalin, dok se takmičari nadmeću u odbojci, rukometu i fudbalu na pijesku, unoseći radost i zajedništvo u svaki kutak obale. Bilo da tražite mir uz šum Drine ili uzbuđenje sportskih nadmetanja, „Žanj” ostaje nezaobilazna destinacija koja na najljepši način oslikava neraskidivu vezu Goražda i njegove rijeke.

Ibrahima Čelika 6, Goražde 73000
