{"id":2190,"date":"2026-04-19T22:15:06","date_gmt":"2026-04-19T22:15:06","guid":{"rendered":"https:\/\/go-bosnia.com\/?post_type=entitet&#038;p=2190"},"modified":"2026-04-19T22:18:29","modified_gmt":"2026-04-19T22:18:29","slug":"most-mehmed-pase-sokolovica","status":"publish","type":"entitet","link":"https:\/\/go-bosnia.com\/en\/entitet\/most-mehmed-pase-sokolovica\/","title":{"rendered":"Mehmed Pasha Sokolovi\u0107 Bridge"},"excerpt":{"rendered":"","protected":false},"featured_media":2193,"parent":0,"template":"","tags":[11,21,25,12,10,17],"class_list":["post-2190","entitet","type-entitet","status-publish","has-post-thumbnail","hentry","tag-idealno-za-fotografije","tag-osmansko-doba","tag-setnja","tag-tragovima-proslosti","tag-u-srcu-tradicije","tag-zasticena-podrucja"],"uagb_featured_image_src":{"full":["https:\/\/go-bosnia.com\/wp-content\/uploads\/2026\/04\/most-visegrad.webp",1920,720,false],"thumbnail":["https:\/\/go-bosnia.com\/wp-content\/uploads\/2026\/04\/most-visegrad-150x150.webp",150,150,true],"medium":["https:\/\/go-bosnia.com\/wp-content\/uploads\/2026\/04\/most-visegrad-300x113.webp",300,113,true],"medium_large":["https:\/\/go-bosnia.com\/wp-content\/uploads\/2026\/04\/most-visegrad-768x288.webp",768,288,true],"large":["https:\/\/go-bosnia.com\/wp-content\/uploads\/2026\/04\/most-visegrad-1024x384.webp",1024,384,true],"1536x1536":["https:\/\/go-bosnia.com\/wp-content\/uploads\/2026\/04\/most-visegrad-1536x576.webp",1536,576,true],"2048x2048":["https:\/\/go-bosnia.com\/wp-content\/uploads\/2026\/04\/most-visegrad.webp",1920,720,false],"trp-custom-language-flag":["https:\/\/go-bosnia.com\/wp-content\/uploads\/2026\/04\/most-visegrad-18x7.webp",18,7,true],"neve-blog":["https:\/\/go-bosnia.com\/wp-content\/uploads\/2026\/04\/most-visegrad-930x620.webp",930,620,true]},"uagb_author_info":{"display_name":"marko453","author_link":"https:\/\/go-bosnia.com\/en\/author\/"},"uagb_comment_info":0,"uagb_excerpt":null,"meta_box":{"podnaslov":"Na Drini \u0107uprija","sira_kategorija":"Kulturno-istorijske i vjerske znamenitosti","uza_kategorija":"Most","skriveni_entitet":"0","globalna_atrakcija":"0","lokalna_atrakcija":"0","grad":"269","gradovi_u_blizini":[],"regija":"262","moze_sadrzati_entitete":"0","superentitet":[],"cover_fotografija":{"width":150,"height":150,"file":"2026\/04\/most-visegrad.webp","filesize":239052,"sizes":{"medium":{"file":"most-visegrad-300x113.webp","width":300,"height":113,"mime-type":"image\/webp","filesize":11560,"url":"https:\/\/go-bosnia.com\/wp-content\/uploads\/2026\/04\/most-visegrad-300x113.webp"},"large":{"file":"most-visegrad-1024x384.webp","width":1024,"height":384,"mime-type":"image\/webp","filesize":105540,"url":"https:\/\/go-bosnia.com\/wp-content\/uploads\/2026\/04\/most-visegrad-1024x384.webp"},"thumbnail":{"file":"most-visegrad-150x150.webp","width":150,"height":150,"mime-type":"image\/webp","filesize":7638,"url":"https:\/\/go-bosnia.com\/wp-content\/uploads\/2026\/04\/most-visegrad-150x150.webp"},"medium_large":{"file":"most-visegrad-768x288.webp","width":768,"height":288,"mime-type":"image\/webp","filesize":62900,"url":"https:\/\/go-bosnia.com\/wp-content\/uploads\/2026\/04\/most-visegrad-768x288.webp"},"1536x1536":{"file":"most-visegrad-1536x576.webp","width":1536,"height":576,"mime-type":"image\/webp","filesize":202792,"url":"https:\/\/go-bosnia.com\/wp-content\/uploads\/2026\/04\/most-visegrad-1536x576.webp"},"trp-custom-language-flag":{"file":"most-visegrad-18x7.webp","width":18,"height":7,"mime-type":"image\/webp","filesize":172,"url":"https:\/\/go-bosnia.com\/wp-content\/uploads\/2026\/04\/most-visegrad-18x7.webp"},"neve-blog":{"file":"most-visegrad-930x620.webp","width":930,"height":620,"mime-type":"image\/webp","filesize":135532,"url":"https:\/\/go-bosnia.com\/wp-content\/uploads\/2026\/04\/most-visegrad-930x620.webp"}},"image_meta":{"aperture":"0","credit":"","camera":"","caption":"","created_timestamp":"0","copyright":"","focal_length":"0","iso":"0","shutter_speed":"0","title":"","orientation":"0","keywords":[]},"ID":"2193","name":"most-visegrad.webp","path":"\/home\/markop5\/go-bosnia.com\/wp-content\/uploads\/2026\/04\/most-visegrad.webp","url":"https:\/\/go-bosnia.com\/wp-content\/uploads\/2026\/04\/most-visegrad-150x150.webp","full_url":"https:\/\/go-bosnia.com\/wp-content\/uploads\/2026\/04\/most-visegrad.webp","title":"Most Mehmed-pa\u0161e Sokolovi\u0107a Vi\u0161egrad","caption":"","description":"","alt":"Most Mehmed-pa\u0161e Sokolovi\u0107a Vi\u0161egrad","srcset":false},"slika_za_karticu":{"width":150,"height":150,"file":"2026\/04\/most-visegrad-card.webp","filesize":29324,"sizes":{"medium":{"file":"most-visegrad-card-240x300.webp","width":240,"height":300,"mime-type":"image\/webp","filesize":18026,"url":"https:\/\/go-bosnia.com\/wp-content\/uploads\/2026\/04\/most-visegrad-card-240x300.webp"},"thumbnail":{"file":"most-visegrad-card-150x150.webp","width":150,"height":150,"mime-type":"image\/webp","filesize":7738,"url":"https:\/\/go-bosnia.com\/wp-content\/uploads\/2026\/04\/most-visegrad-card-150x150.webp"},"trp-custom-language-flag":{"file":"most-visegrad-card-10x12.webp","width":10,"height":12,"mime-type":"image\/webp","filesize":160,"url":"https:\/\/go-bosnia.com\/wp-content\/uploads\/2026\/04\/most-visegrad-card-10x12.webp"}},"image_meta":{"aperture":"0","credit":"","camera":"","caption":"","created_timestamp":"0","copyright":"","focal_length":"0","iso":"0","shutter_speed":"0","title":"","orientation":"0","keywords":[]},"ID":"2194","name":"most-visegrad-card.webp","path":"\/home\/markop5\/go-bosnia.com\/wp-content\/uploads\/2026\/04\/most-visegrad-card.webp","url":"https:\/\/go-bosnia.com\/wp-content\/uploads\/2026\/04\/most-visegrad-card-150x150.webp","full_url":"https:\/\/go-bosnia.com\/wp-content\/uploads\/2026\/04\/most-visegrad-card.webp","title":"Most Mehmed-pa\u0161e Sokolovi\u0107a Vi\u0161egrad","caption":"","description":"","alt":"Most Mehmed-pa\u0161e Sokolovi\u0107a Vi\u0161egrad","srcset":false},"prioritet":"95","unesco":"1","eko_turizam":"0","entitet_sa_ikonicom":"0","ikonica_entiteta":false,"kratki_opis":"Najpoznatija atrakcija Vi\u0161egrada i jedan od najva\u017enijih spomenika u Bosni i Hercegovini. Most je gra\u0111en u 16. vijeku po nalogu Mehmed-pa\u0161e Sokolovi\u0107a, a projektovao ga je \u010duveni osmanski arhitekta Mimar Sinan. Upisan je na UNESCO listu svjetske ba\u0161tine i neraskidivo je povezan sa romanom Na Drini \u0107uprija Ive Andri\u0107a. Za svakog posjetioca Vi\u0161egrada ovo je prva i najva\u017enija ta\u010dka obilaska.","geografska_sirina":"43.7826316","geografska_duzina":"19.2875448","adresa":"Centar Vi\u0161egrada, na rijeci Drini","broj_telefona":"","email_adresa":"","instagram":"","facebook":"","tiktok":"","website":"","placeno":"0","nivo":"","tekst_linka":"","eksterni_link":"","booking_link":""},"_links":{"self":[{"href":"https:\/\/go-bosnia.com\/en\/wp-json\/wp\/v2\/entitet\/2190","targetHints":{"allow":["GET"]}}],"collection":[{"href":"https:\/\/go-bosnia.com\/en\/wp-json\/wp\/v2\/entitet"}],"about":[{"href":"https:\/\/go-bosnia.com\/en\/wp-json\/wp\/v2\/types\/entitet"}],"wp:featuredmedia":[{"embeddable":true,"href":"https:\/\/go-bosnia.com\/en\/wp-json\/wp\/v2\/media\/2193"}],"wp:attachment":[{"href":"https:\/\/go-bosnia.com\/en\/wp-json\/wp\/v2\/media?parent=2190"}],"wp:term":[{"taxonomy":"post_tag","embeddable":true,"href":"https:\/\/go-bosnia.com\/en\/wp-json\/wp\/v2\/tags?post=2190"}],"curies":[{"name":"wp","href":"https:\/\/api.w.org\/{rel}","templated":true}]}}

Mehmed Pasha Sokolović Bridge

Na Drini ćuprija

Most Mehmed-paše Sokolovića Višegrad

Najpoznatija atrakcija Višegrada i jedan od najvažnijih spomenika u Bosni i Hercegovini. Most je građen u 16. vijeku po nalogu Mehmed-paše Sokolovića, a projektovao ga je čuveni osmanski arhitekta Mimar Sinan. Upisan je na UNESCO listu svjetske baštine i neraskidivo je povezan sa romanom Na Drini ćuprija Ive Andrića. Za svakog posjetioca Višegrada ovo je prva i najvažnija tačka obilaska.

Centar Višegrada, na rijeci Drini
