{"id":2335,"date":"2026-04-20T20:04:53","date_gmt":"2026-04-20T20:04:53","guid":{"rendered":"https:\/\/go-bosnia.com\/?post_type=entitet&#038;p=2335"},"modified":"2026-04-20T20:04:53","modified_gmt":"2026-04-20T20:04:53","slug":"travnicka-sahat-kula-na-musali","status":"publish","type":"entitet","link":"https:\/\/go-bosnia.com\/en\/entitet\/travnicka-sahat-kula-na-musali\/","title":{"rendered":"Travni\u010dka sahat-kula na Musali"},"excerpt":{"rendered":"","protected":false},"featured_media":0,"parent":0,"template":"","tags":[21,12],"class_list":["post-2335","entitet","type-entitet","status-publish","hentry","tag-osmansko-doba","tag-tragovima-proslosti"],"uagb_featured_image_src":{"full":false,"thumbnail":false,"medium":false,"medium_large":false,"large":false,"1536x1536":false,"2048x2048":false,"trp-custom-language-flag":false,"neve-blog":false},"uagb_author_info":{"display_name":"Marko Balaban","author_link":"https:\/\/go-bosnia.com\/en\/author\/"},"uagb_comment_info":0,"uagb_excerpt":null,"meta_box":{"podnaslov":"","sira_kategorija":"Kulturno-istorijske i vjerske znamenitosti","uza_kategorija":"Spomenik","skriveni_entitet":"0","globalna_atrakcija":"0","lokalna_atrakcija":"0","grad":"203","gradovi_u_blizini":[],"regija":"200","moze_sadrzati_entitete":"0","superentitet":[],"cover_fotografija":{"width":150,"height":150,"file":"2026\/04\/GoBosnia-sahat-kula-na-musali.webp","filesize":130562,"sizes":{"medium":{"file":"GoBosnia-sahat-kula-na-musali-300x113.webp","width":300,"height":113,"mime-type":"image\/webp","filesize":8176,"url":"https:\/\/go-bosnia.com\/wp-content\/uploads\/2026\/04\/GoBosnia-sahat-kula-na-musali-300x113.webp"},"large":{"file":"GoBosnia-sahat-kula-na-musali-1024x384.webp","width":1024,"height":384,"mime-type":"image\/webp","filesize":60266,"url":"https:\/\/go-bosnia.com\/wp-content\/uploads\/2026\/04\/GoBosnia-sahat-kula-na-musali-1024x384.webp"},"thumbnail":{"file":"GoBosnia-sahat-kula-na-musali-150x150.webp","width":150,"height":150,"mime-type":"image\/webp","filesize":5710,"url":"https:\/\/go-bosnia.com\/wp-content\/uploads\/2026\/04\/GoBosnia-sahat-kula-na-musali-150x150.webp"},"medium_large":{"file":"GoBosnia-sahat-kula-na-musali-768x288.webp","width":768,"height":288,"mime-type":"image\/webp","filesize":37938,"url":"https:\/\/go-bosnia.com\/wp-content\/uploads\/2026\/04\/GoBosnia-sahat-kula-na-musali-768x288.webp"},"1536x1536":{"file":"GoBosnia-sahat-kula-na-musali-1536x576.webp","width":1536,"height":576,"mime-type":"image\/webp","filesize":110966,"url":"https:\/\/go-bosnia.com\/wp-content\/uploads\/2026\/04\/GoBosnia-sahat-kula-na-musali-1536x576.webp"},"trp-custom-language-flag":{"file":"GoBosnia-sahat-kula-na-musali-18x7.webp","width":18,"height":7,"mime-type":"image\/webp","filesize":162,"url":"https:\/\/go-bosnia.com\/wp-content\/uploads\/2026\/04\/GoBosnia-sahat-kula-na-musali-18x7.webp"},"neve-blog":{"file":"GoBosnia-sahat-kula-na-musali-930x620.webp","width":930,"height":620,"mime-type":"image\/webp","filesize":78974,"url":"https:\/\/go-bosnia.com\/wp-content\/uploads\/2026\/04\/GoBosnia-sahat-kula-na-musali-930x620.webp"}},"image_meta":{"aperture":"0","credit":"","camera":"","caption":"","created_timestamp":"0","copyright":"","focal_length":"0","iso":"0","shutter_speed":"0","title":"","orientation":"0","keywords":[]},"ID":"2337","name":"GoBosnia-sahat-kula-na-musali.webp","path":"\/home\/markop5\/go-bosnia.com\/wp-content\/uploads\/2026\/04\/GoBosnia-sahat-kula-na-musali.webp","url":"https:\/\/go-bosnia.com\/wp-content\/uploads\/2026\/04\/GoBosnia-sahat-kula-na-musali-150x150.webp","full_url":"https:\/\/go-bosnia.com\/wp-content\/uploads\/2026\/04\/GoBosnia-sahat-kula-na-musali.webp","title":"GoBosnia-sahat-kula-na-musali","caption":"","description":"","alt":"GoBosnia-sahat-kula-na-musali","srcset":false},"slika_za_karticu":{"width":150,"height":150,"file":"2026\/04\/sahat-kula-na-musali.webp","filesize":47178,"sizes":{"medium":{"file":"sahat-kula-na-musali-240x300.webp","width":240,"height":300,"mime-type":"image\/webp","filesize":22436,"url":"https:\/\/go-bosnia.com\/wp-content\/uploads\/2026\/04\/sahat-kula-na-musali-240x300.webp"},"thumbnail":{"file":"sahat-kula-na-musali-150x150.webp","width":150,"height":150,"mime-type":"image\/webp","filesize":7946,"url":"https:\/\/go-bosnia.com\/wp-content\/uploads\/2026\/04\/sahat-kula-na-musali-150x150.webp"},"trp-custom-language-flag":{"file":"sahat-kula-na-musali-10x12.webp","width":10,"height":12,"mime-type":"image\/webp","filesize":164,"url":"https:\/\/go-bosnia.com\/wp-content\/uploads\/2026\/04\/sahat-kula-na-musali-10x12.webp"}},"image_meta":{"aperture":"0","credit":"","camera":"","caption":"","created_timestamp":"0","copyright":"","focal_length":"0","iso":"0","shutter_speed":"0","title":"","orientation":"0","keywords":[]},"ID":"2336","name":"sahat-kula-na-musali.webp","path":"\/home\/markop5\/go-bosnia.com\/wp-content\/uploads\/2026\/04\/sahat-kula-na-musali.webp","url":"https:\/\/go-bosnia.com\/wp-content\/uploads\/2026\/04\/sahat-kula-na-musali-150x150.webp","full_url":"https:\/\/go-bosnia.com\/wp-content\/uploads\/2026\/04\/sahat-kula-na-musali.webp","title":"sahat-kula-na-musali","caption":"","description":"","alt":"sahat-kula-na-musali","srcset":false},"prioritet":"62","unesco":"0","eko_turizam":"0","entitet_sa_ikonicom":"0","ikonica_entiteta":false,"kratki_opis":"Druga travni\u010dka \u010duvarica vremena, Sahat-kula na Musali, ponosno stoji u Donjoj \u010dar\u0161iji kao jo\u0161 jedan pe\u010dat osmanskog naslije\u0111a i simbol urbanog razvoja grada. Izgra\u0111ena s primarnom svrhom da obavje\u0161tava stanovni\u0161tvo o vremenu molitve (namaza), ova kula je dio \u0161ireg vala izgradnje sahat-kula koji je zahvatio Osmansko carstvo sredinom 16. vijeka. Iako ta\u010dna godina njenog nastanka ostaje tajna, njeni kameni zidovi \u010duvaju pri\u010de o velikim vezirima koji su je obnavljali \u2013 od Hilmi Ibrahim-pa\u0161e 1811. godine, do Hazin Ibrahim-pa\u0161e koji je 1815. obezbijedio sredstva za njen popravak, osiguravaju\u0107i da njeni otkucaji odjekuju \u010dar\u0161ijom kroz vijekove.\r\n\r\nKao i mnogi drugi objekti u Travniku, i ova sahat-kula je prolazila kroz te\u0161ka isku\u0161enja, uklju\u010duju\u0107i veliki po\u017ear 1903. godine u kojem je stradao prvobitni drveni krov. Upravo nakon te nesre\u0107e kula je dobila svoj dana\u0161nji, prepoznatljiv izgled koji spaja robusnost kamena s elegantnim zavr\u0161etkom. Danas, kao nacionalni spomenik Bosne i Hercegovine, ona stoji u savr\u0161enom skladu s modernim \u017eivotom Donje \u010dar\u0161ije, podsje\u0107aju\u0107i posjetioce da je Travnik jedino mjesto u zemlji gdje mo\u017eete sresti dvije ovakve historijske ljepotice u neposrednoj blizini.","geografska_sirina":"44.22727","geografska_duzina":"17.67032","adresa":"6MGC+V4G, M5, Travnik","broj_telefona":"","email_adresa":"","instagram":"","facebook":"","tiktok":"","website":"","placeno":"0","nivo":"","tekst_linka":"","eksterni_link":"","booking_link":""},"_links":{"self":[{"href":"https:\/\/go-bosnia.com\/en\/wp-json\/wp\/v2\/entitet\/2335","targetHints":{"allow":["GET"]}}],"collection":[{"href":"https:\/\/go-bosnia.com\/en\/wp-json\/wp\/v2\/entitet"}],"about":[{"href":"https:\/\/go-bosnia.com\/en\/wp-json\/wp\/v2\/types\/entitet"}],"wp:attachment":[{"href":"https:\/\/go-bosnia.com\/en\/wp-json\/wp\/v2\/media?parent=2335"}],"wp:term":[{"taxonomy":"post_tag","embeddable":true,"href":"https:\/\/go-bosnia.com\/en\/wp-json\/wp\/v2\/tags?post=2335"}],"curies":[{"name":"wp","href":"https:\/\/api.w.org\/{rel}","templated":true}]}}

Travnička sahat-kula na Musali

Druga travnička čuvarica vremena, Sahat-kula na Musali, ponosno stoji u Donjoj čaršiji kao još jedan pečat osmanskog naslijeđa i simbol urbanog razvoja grada. Izgrađena s primarnom svrhom da obavještava stanovništvo o vremenu molitve (namaza), ova kula je dio šireg vala izgradnje sahat-kula koji je zahvatio Osmansko carstvo sredinom 16. vijeka. Iako tačna godina njenog nastanka ostaje tajna, njeni kameni zidovi čuvaju priče o velikim vezirima koji su je obnavljali – od Hilmi Ibrahim-paše 1811. godine, do Hazin Ibrahim-paše koji je 1815. obezbijedio sredstva za njen popravak, osiguravajući da njeni otkucaji odjekuju čaršijom kroz vijekove.

Kao i mnogi drugi objekti u Travniku, i ova sahat-kula je prolazila kroz teška iskušenja, uključujući veliki požar 1903. godine u kojem je stradao prvobitni drveni krov. Upravo nakon te nesreće kula je dobila svoj današnji, prepoznatljiv izgled koji spaja robusnost kamena s elegantnim završetkom. Danas, kao nacionalni spomenik Bosne i Hercegovine, ona stoji u savršenom skladu s modernim životom Donje čaršije, podsjećajući posjetioce da je Travnik jedino mjesto u zemlji gdje možete sresti dvije ovakve historijske ljepotice u neposrednoj blizini.
