{"id":2525,"date":"2026-04-22T09:32:14","date_gmt":"2026-04-22T09:32:14","guid":{"rendered":"https:\/\/go-bosnia.com\/?post_type=entitet&#038;p=2525"},"modified":"2026-04-23T16:20:12","modified_gmt":"2026-04-23T16:20:12","slug":"stecci-srebrenica","status":"publish","type":"entitet","link":"https:\/\/go-bosnia.com\/en\/entitet\/stecci-srebrenica\/","title":{"rendered":"Ste\u0107ci Srebrenica"},"excerpt":{"rendered":"","protected":false},"featured_media":2527,"parent":0,"template":"","tags":[11,16,25,19,31,12],"class_list":["post-2525","entitet","type-entitet","status-publish","has-post-thumbnail","hentry","tag-idealno-za-fotografije","tag-netaknuta-priroda","tag-setnja","tag-skriveni-dragulji","tag-ste-ci","tag-tragovima-proslosti"],"uagb_featured_image_src":{"full":["https:\/\/go-bosnia.com\/wp-content\/uploads\/2026\/04\/GoBosnia-Ste-ci-Srebrenica.webp",1920,720,false],"thumbnail":["https:\/\/go-bosnia.com\/wp-content\/uploads\/2026\/04\/GoBosnia-Ste-ci-Srebrenica-150x150.webp",150,150,true],"medium":["https:\/\/go-bosnia.com\/wp-content\/uploads\/2026\/04\/GoBosnia-Ste-ci-Srebrenica-300x113.webp",300,113,true],"medium_large":["https:\/\/go-bosnia.com\/wp-content\/uploads\/2026\/04\/GoBosnia-Ste-ci-Srebrenica-768x288.webp",768,288,true],"large":["https:\/\/go-bosnia.com\/wp-content\/uploads\/2026\/04\/GoBosnia-Ste-ci-Srebrenica-1024x384.webp",1024,384,true],"1536x1536":["https:\/\/go-bosnia.com\/wp-content\/uploads\/2026\/04\/GoBosnia-Ste-ci-Srebrenica-1536x576.webp",1536,576,true],"2048x2048":["https:\/\/go-bosnia.com\/wp-content\/uploads\/2026\/04\/GoBosnia-Ste-ci-Srebrenica.webp",1920,720,false],"trp-custom-language-flag":["https:\/\/go-bosnia.com\/wp-content\/uploads\/2026\/04\/GoBosnia-Ste-ci-Srebrenica-18x7.webp",18,7,true],"neve-blog":["https:\/\/go-bosnia.com\/wp-content\/uploads\/2026\/04\/GoBosnia-Ste-ci-Srebrenica-930x620.webp",930,620,true]},"uagb_author_info":{"display_name":"Branko Leburi\u0107","author_link":"https:\/\/go-bosnia.com\/en\/author\/"},"uagb_comment_info":0,"uagb_excerpt":null,"meta_box":{"podnaslov":"Nacionalni spomenik","sira_kategorija":"Kulturno-istorijske i vjerske znamenitosti","uza_kategorija":"Spomenik","skriveni_entitet":"0","globalna_atrakcija":"0","lokalna_atrakcija":"1","grad":"1378","gradovi_u_blizini":[],"regija":"257","moze_sadrzati_entitete":"0","superentitet":[],"cover_fotografija":{"width":150,"height":150,"file":"2026\/04\/GoBosnia-Ste-ci-Srebrenica.webp","filesize":187288,"sizes":{"medium":{"file":"GoBosnia-Ste-ci-Srebrenica-300x113.webp","width":300,"height":113,"mime-type":"image\/webp","filesize":11270,"url":"https:\/\/go-bosnia.com\/wp-content\/uploads\/2026\/04\/GoBosnia-Ste-ci-Srebrenica-300x113.webp"},"large":{"file":"GoBosnia-Ste-ci-Srebrenica-1024x384.webp","width":1024,"height":384,"mime-type":"image\/webp","filesize":96986,"url":"https:\/\/go-bosnia.com\/wp-content\/uploads\/2026\/04\/GoBosnia-Ste-ci-Srebrenica-1024x384.webp"},"thumbnail":{"file":"GoBosnia-Ste-ci-Srebrenica-150x150.webp","width":150,"height":150,"mime-type":"image\/webp","filesize":7688,"url":"https:\/\/go-bosnia.com\/wp-content\/uploads\/2026\/04\/GoBosnia-Ste-ci-Srebrenica-150x150.webp"},"medium_large":{"file":"GoBosnia-Ste-ci-Srebrenica-768x288.webp","width":768,"height":288,"mime-type":"image\/webp","filesize":60866,"url":"https:\/\/go-bosnia.com\/wp-content\/uploads\/2026\/04\/GoBosnia-Ste-ci-Srebrenica-768x288.webp"},"1536x1536":{"file":"GoBosnia-Ste-ci-Srebrenica-1536x576.webp","width":1536,"height":576,"mime-type":"image\/webp","filesize":174900,"url":"https:\/\/go-bosnia.com\/wp-content\/uploads\/2026\/04\/GoBosnia-Ste-ci-Srebrenica-1536x576.webp"},"trp-custom-language-flag":{"file":"GoBosnia-Ste-ci-Srebrenica-18x7.webp","width":18,"height":7,"mime-type":"image\/webp","filesize":152,"url":"https:\/\/go-bosnia.com\/wp-content\/uploads\/2026\/04\/GoBosnia-Ste-ci-Srebrenica-18x7.webp"},"neve-blog":{"file":"GoBosnia-Ste-ci-Srebrenica-930x620.webp","width":930,"height":620,"mime-type":"image\/webp","filesize":114362,"url":"https:\/\/go-bosnia.com\/wp-content\/uploads\/2026\/04\/GoBosnia-Ste-ci-Srebrenica-930x620.webp"}},"image_meta":{"aperture":"0","credit":"","camera":"","caption":"","created_timestamp":"0","copyright":"","focal_length":"0","iso":"0","shutter_speed":"0","title":"","orientation":"0","keywords":[]},"ID":"2527","name":"GoBosnia-Ste-ci-Srebrenica.webp","path":"\/home\/markop5\/go-bosnia.com\/wp-content\/uploads\/2026\/04\/GoBosnia-Ste-ci-Srebrenica.webp","url":"https:\/\/go-bosnia.com\/wp-content\/uploads\/2026\/04\/GoBosnia-Ste-ci-Srebrenica-150x150.webp","full_url":"https:\/\/go-bosnia.com\/wp-content\/uploads\/2026\/04\/GoBosnia-Ste-ci-Srebrenica.webp","title":"Ste\u0107ci Srebrenica","caption":"","description":"","alt":"Ste\u0107ci Srebrenica","srcset":false},"slika_za_karticu":{"width":150,"height":150,"file":"2026\/04\/GoBosnia-Stecci-u-Srebrenici.png","filesize":157721,"sizes":{"medium":{"file":"GoBosnia-Stecci-u-Srebrenici-240x300.png","width":240,"height":300,"mime-type":"image\/png","filesize":61956,"url":"https:\/\/go-bosnia.com\/wp-content\/uploads\/2026\/04\/GoBosnia-Stecci-u-Srebrenici-240x300.png"},"thumbnail":{"file":"GoBosnia-Stecci-u-Srebrenici-150x150.png","width":150,"height":150,"mime-type":"image\/png","filesize":22316,"url":"https:\/\/go-bosnia.com\/wp-content\/uploads\/2026\/04\/GoBosnia-Stecci-u-Srebrenici-150x150.png"},"trp-custom-language-flag":{"file":"GoBosnia-Stecci-u-Srebrenici-10x12.png","width":10,"height":12,"mime-type":"image\/png","filesize":560,"url":"https:\/\/go-bosnia.com\/wp-content\/uploads\/2026\/04\/GoBosnia-Stecci-u-Srebrenici-10x12.png"}},"image_meta":{"aperture":"0","credit":"","camera":"","caption":"","created_timestamp":"0","copyright":"","focal_length":"0","iso":"0","shutter_speed":"0","title":"","orientation":"0","keywords":[]},"ID":"2528","name":"GoBosnia-Stecci-u-Srebrenici.png","path":"\/home\/markop5\/go-bosnia.com\/wp-content\/uploads\/2026\/04\/GoBosnia-Stecci-u-Srebrenici.png","url":"https:\/\/go-bosnia.com\/wp-content\/uploads\/2026\/04\/GoBosnia-Stecci-u-Srebrenici-150x150.png","full_url":"https:\/\/go-bosnia.com\/wp-content\/uploads\/2026\/04\/GoBosnia-Stecci-u-Srebrenici.png","title":"Ste\u0107ci Srebrenica","caption":"","description":"","alt":"Ste\u0107ci Srebrenica","srcset":false},"prioritet":"55","unesco":"1","eko_turizam":"0","entitet_sa_ikonicom":"0","ikonica_entiteta":false,"kratki_opis":"Kao jedinstven fenomen srednjovjekovne Bosne, ste\u0107ci vijekovima \u010duvaju tajne pro\u0161losti, utkane u kamene blokove koji prkose vremenu. Na podru\u010dju Srebrenice, ovi nijemi svjedoci istorije, u narodu poznati kao mramorje ili kameni svatovi, rasuti su na \u010dak 50 nekropola. Sa blizu hiljadu spomenika, ovaj kraj predstavlja pravu riznicu autenti\u010dne simbolike, ornamenata i drevnih epitafa koji datiraju od 12. do 16. vijeka.\r\n\r\nPoseban zna\u010daj pridaje se lokalitetima Grabljice u Urisi\u0107ima i Mramorju u Bekti\u0107ima, koji su zbog svoje neprocjenjive vrijednosti progla\u0161eni nacionalnim spomenicima. Posjeta ovim nekropolama nudi autenti\u010dan susret sa misti\u010dnom ljepotom isto\u010dne Bosne, gdje svaki ste\u0107ak pri\u010da pri\u010du o \u017eivotu, smrti i vje\u010dnosti, pozivaju\u0107i putnika da zastane pred ljepotom koja je prepoznata \u0161irom svijeta.","geografska_sirina":"44.00759","geografska_duzina":"19.35074","adresa":"2952+27M, Unnamed Road, Urisi\u0107i, Bosna i Hercegovina","broj_telefona":"","email_adresa":"","instagram":"","facebook":"","tiktok":"","website":"","placeno":"0","nivo":"","tekst_linka":"","eksterni_link":"","booking_link":""},"_links":{"self":[{"href":"https:\/\/go-bosnia.com\/en\/wp-json\/wp\/v2\/entitet\/2525","targetHints":{"allow":["GET"]}}],"collection":[{"href":"https:\/\/go-bosnia.com\/en\/wp-json\/wp\/v2\/entitet"}],"about":[{"href":"https:\/\/go-bosnia.com\/en\/wp-json\/wp\/v2\/types\/entitet"}],"wp:featuredmedia":[{"embeddable":true,"href":"https:\/\/go-bosnia.com\/en\/wp-json\/wp\/v2\/media\/2527"}],"wp:attachment":[{"href":"https:\/\/go-bosnia.com\/en\/wp-json\/wp\/v2\/media?parent=2525"}],"wp:term":[{"taxonomy":"post_tag","embeddable":true,"href":"https:\/\/go-bosnia.com\/en\/wp-json\/wp\/v2\/tags?post=2525"}],"curies":[{"name":"wp","href":"https:\/\/api.w.org\/{rel}","templated":true}]}}

Stećci Srebrenica

Branko Leburić

Kao jedinstven fenomen srednjovjekovne Bosne, stećci vijekovima čuvaju tajne prošlosti, utkane u kamene blokove koji prkose vremenu. Na području Srebrenice, ovi nijemi svjedoci istorije, u narodu poznati kao mramorje ili kameni svatovi, rasuti su na čak 50 nekropola. Sa blizu hiljadu spomenika, ovaj kraj predstavlja pravu riznicu autentične simbolike, ornamenata i drevnih epitafa koji datiraju od 12. do 16. vijeka.

Poseban značaj pridaje se lokalitetima Grabljice u Urisićima i Mramorju u Bektićima, koji su zbog svoje neprocjenjive vrijednosti proglašeni nacionalnim spomenicima. Posjeta ovim nekropolama nudi autentičan susret sa mističnom ljepotom istočne Bosne, gdje svaki stećak priča priču o životu, smrti i vječnosti, pozivajući putnika da zastane pred ljepotom koja je prepoznata širom svijeta.

2952+27M, Unnamed Road, Urisići, Bosna i Hercegovina
