{"id":334,"date":"2026-03-27T14:38:36","date_gmt":"2026-03-27T14:38:36","guid":{"rendered":"https:\/\/go-bosnia.com\/?post_type=entitet&#038;p=334"},"modified":"2026-04-02T13:06:55","modified_gmt":"2026-04-02T13:06:55","slug":"planina-trebevic","status":"publish","type":"entitet","link":"https:\/\/go-bosnia.com\/en\/entitet\/planina-trebevic\/","title":{"rendered":"Mount Trebevi\u0107"},"excerpt":{"rendered":"","protected":false},"featured_media":418,"parent":0,"template":"","tags":[13,11,16,14,15,27],"class_list":["post-334","entitet","type-entitet","status-publish","has-post-thumbnail","hentry","tag-biciklizam","tag-idealno-za-fotografije","tag-netaknuta-priroda","tag-piknik","tag-planinarenje","tag-skijanje"],"uagb_featured_image_src":{"full":["https:\/\/go-bosnia.com\/wp-content\/uploads\/2026\/03\/trebevic-cover.webp",1920,720,false],"thumbnail":["https:\/\/go-bosnia.com\/wp-content\/uploads\/2026\/03\/trebevic-cover-150x150.webp",150,150,true],"medium":["https:\/\/go-bosnia.com\/wp-content\/uploads\/2026\/03\/trebevic-cover-300x113.webp",300,113,true],"medium_large":["https:\/\/go-bosnia.com\/wp-content\/uploads\/2026\/03\/trebevic-cover-768x288.webp",768,288,true],"large":["https:\/\/go-bosnia.com\/wp-content\/uploads\/2026\/03\/trebevic-cover-1024x384.webp",1024,384,true],"1536x1536":["https:\/\/go-bosnia.com\/wp-content\/uploads\/2026\/03\/trebevic-cover-1536x576.webp",1536,576,true],"2048x2048":["https:\/\/go-bosnia.com\/wp-content\/uploads\/2026\/03\/trebevic-cover.webp",1920,720,false],"trp-custom-language-flag":["https:\/\/go-bosnia.com\/wp-content\/uploads\/2026\/03\/trebevic-cover.webp",18,7,false],"neve-blog":["https:\/\/go-bosnia.com\/wp-content\/uploads\/2026\/03\/trebevic-cover-930x620.webp",930,620,true]},"uagb_author_info":{"display_name":"marko453","author_link":"https:\/\/go-bosnia.com\/en\/author\/"},"uagb_comment_info":0,"uagb_excerpt":null,"meta_box":{"podnaslov":"","sira_kategorija":"Prirodne ljepote","uza_kategorija":"Planina","skriveni_entitet":"0","globalna_atrakcija":"0","lokalna_atrakcija":"0","grad":"217","gradovi_u_blizini":["266"],"regija":"152","moze_sadrzati_entitete":"1","superentitet":[],"cover_fotografija":{"width":150,"height":150,"file":"2026\/03\/trebevic-cover.webp","filesize":86644,"sizes":{"medium":{"file":"trebevic-cover-300x113.webp","width":300,"height":113,"mime-type":"image\/webp","filesize":8712,"url":"https:\/\/go-bosnia.com\/wp-content\/uploads\/2026\/03\/trebevic-cover-300x113.webp"},"large":{"file":"trebevic-cover-1024x384.webp","width":1024,"height":384,"mime-type":"image\/webp","filesize":48454,"url":"https:\/\/go-bosnia.com\/wp-content\/uploads\/2026\/03\/trebevic-cover-1024x384.webp"},"thumbnail":{"file":"trebevic-cover-150x150.webp","width":150,"height":150,"mime-type":"image\/webp","filesize":6112,"url":"https:\/\/go-bosnia.com\/wp-content\/uploads\/2026\/03\/trebevic-cover-150x150.webp"},"medium_large":{"file":"trebevic-cover-768x288.webp","width":768,"height":288,"mime-type":"image\/webp","filesize":33178,"url":"https:\/\/go-bosnia.com\/wp-content\/uploads\/2026\/03\/trebevic-cover-768x288.webp"},"1536x1536":{"file":"trebevic-cover-1536x576.webp","width":1536,"height":576,"mime-type":"image\/webp","filesize":80884,"url":"https:\/\/go-bosnia.com\/wp-content\/uploads\/2026\/03\/trebevic-cover-1536x576.webp"},"neve-blog":{"file":"trebevic-cover-930x620.webp","width":930,"height":620,"mime-type":"image\/webp","filesize":55220,"url":"https:\/\/go-bosnia.com\/wp-content\/uploads\/2026\/03\/trebevic-cover-930x620.webp"}},"image_meta":{"aperture":"0","credit":"","camera":"","caption":"","created_timestamp":"0","copyright":"","focal_length":"0","iso":"0","shutter_speed":"0","title":"","orientation":"0","keywords":[]},"ID":"418","name":"trebevic-cover.webp","path":"\/home\/markop5\/go-bosnia.com\/wp-content\/uploads\/2026\/03\/trebevic-cover.webp","url":"https:\/\/go-bosnia.com\/wp-content\/uploads\/2026\/03\/trebevic-cover-150x150.webp","full_url":"https:\/\/go-bosnia.com\/wp-content\/uploads\/2026\/03\/trebevic-cover.webp","title":"Planina Trebevi\u0107 Sarajevo","caption":"","description":"","alt":"Planina Trebevi\u0107 Sarajevo","srcset":false},"slika_za_karticu":{"width":150,"height":150,"file":"2026\/03\/trebevic-card.webp","filesize":21306,"sizes":{"medium":{"file":"trebevic-card-240x300.webp","width":240,"height":300,"mime-type":"image\/webp","filesize":13486,"url":"https:\/\/go-bosnia.com\/wp-content\/uploads\/2026\/03\/trebevic-card-240x300.webp"},"thumbnail":{"file":"trebevic-card-150x150.webp","width":150,"height":150,"mime-type":"image\/webp","filesize":7036,"url":"https:\/\/go-bosnia.com\/wp-content\/uploads\/2026\/03\/trebevic-card-150x150.webp"}},"image_meta":{"aperture":"0","credit":"","camera":"","caption":"","created_timestamp":"0","copyright":"","focal_length":"0","iso":"0","shutter_speed":"0","title":"","orientation":"0","keywords":[]},"ID":"417","name":"trebevic-card.webp","path":"\/home\/markop5\/go-bosnia.com\/wp-content\/uploads\/2026\/03\/trebevic-card.webp","url":"https:\/\/go-bosnia.com\/wp-content\/uploads\/2026\/03\/trebevic-card-150x150.webp","full_url":"https:\/\/go-bosnia.com\/wp-content\/uploads\/2026\/03\/trebevic-card.webp","title":"Planina Trebevi\u0107 Sarajevo","caption":"","description":"","alt":"Planina Trebevi\u0107 Sarajevo","srcset":false},"prioritet":"90","unesco":"0","eko_turizam":"1","entitet_sa_ikonicom":"0","ikonica_entiteta":false,"kratki_opis":"Planina Trebevi\u0107 uzdi\u017ee se iznad Sarajeva i predstavlja jedno od najpoznatijih prirodnih izleti\u0161ta u okolini grada. Ova planina privla\u010di posjetioce \u010distim vazduhom, \u0161umskim stazama, panoramskim pogledima i bogatom olimpijskom istorijom, zbog \u010dega je idealna za odmor, \u0161etnju i rekreaciju. Zahvaljuju\u0107i \u017ei\u010dari koja povezuje centar Sarajeva sa planinom, Trebevi\u0107 je lako dostupan i pru\u017ea poseban spoj prirode, istorije i nezaboravnih pogleda na grad.","geografska_sirina":"43.8476771","geografska_duzina":"18.4425508","adresa":"","broj_telefona":"","email_adresa":"","instagram":"","facebook":"","tiktok":"","website":"","placeno":"0","nivo":"","tekst_linka":"","eksterni_link":"","booking_link":""},"_links":{"self":[{"href":"https:\/\/go-bosnia.com\/en\/wp-json\/wp\/v2\/entitet\/334","targetHints":{"allow":["GET"]}}],"collection":[{"href":"https:\/\/go-bosnia.com\/en\/wp-json\/wp\/v2\/entitet"}],"about":[{"href":"https:\/\/go-bosnia.com\/en\/wp-json\/wp\/v2\/types\/entitet"}],"wp:featuredmedia":[{"embeddable":true,"href":"https:\/\/go-bosnia.com\/en\/wp-json\/wp\/v2\/media\/418"}],"wp:attachment":[{"href":"https:\/\/go-bosnia.com\/en\/wp-json\/wp\/v2\/media?parent=334"}],"wp:term":[{"taxonomy":"post_tag","embeddable":true,"href":"https:\/\/go-bosnia.com\/en\/wp-json\/wp\/v2\/tags?post=334"}],"curies":[{"name":"wp","href":"https:\/\/api.w.org\/{rel}","templated":true}]}}

Mount Trebević

Planina Trebević Sarajevo

Planina Trebević uzdiže se iznad Sarajeva i predstavlja jedno od najpoznatijih prirodnih izletišta u okolini grada. Ova planina privlači posjetioce čistim vazduhom, šumskim stazama, panoramskim pogledima i bogatom olimpijskom istorijom, zbog čega je idealna za odmor, šetnju i rekreaciju. Zahvaljujući žičari koja povezuje centar Sarajeva sa planinom, Trebević je lako dostupan i pruža poseban spoj prirode, istorije i nezaboravnih pogleda na grad.
