{"id":348,"date":"2026-03-27T17:50:51","date_gmt":"2026-03-27T17:50:51","guid":{"rendered":"https:\/\/go-bosnia.com\/?post_type=entitet&#038;p=348"},"modified":"2026-04-25T20:24:05","modified_gmt":"2026-04-25T20:24:05","slug":"vrelo-bosne","status":"publish","type":"entitet","link":"https:\/\/go-bosnia.com\/en\/entitet\/vrelo-bosne\/","title":{"rendered":"The Bosnian Spring"},"excerpt":{"rendered":"","protected":false},"featured_media":3579,"parent":0,"template":"","tags":[13,11,14,25],"class_list":["post-348","entitet","type-entitet","status-publish","has-post-thumbnail","hentry","tag-biciklizam","tag-idealno-za-fotografije","tag-piknik","tag-setnja"],"uagb_featured_image_src":{"full":["https:\/\/go-bosnia.com\/wp-content\/uploads\/2026\/04\/vrelo-bosne-cover.webp",1920,720,false],"thumbnail":["https:\/\/go-bosnia.com\/wp-content\/uploads\/2026\/04\/vrelo-bosne-cover-150x150.webp",150,150,true],"medium":["https:\/\/go-bosnia.com\/wp-content\/uploads\/2026\/04\/vrelo-bosne-cover-300x113.webp",300,113,true],"medium_large":["https:\/\/go-bosnia.com\/wp-content\/uploads\/2026\/04\/vrelo-bosne-cover-768x288.webp",768,288,true],"large":["https:\/\/go-bosnia.com\/wp-content\/uploads\/2026\/04\/vrelo-bosne-cover-1024x384.webp",1024,384,true],"1536x1536":["https:\/\/go-bosnia.com\/wp-content\/uploads\/2026\/04\/vrelo-bosne-cover-1536x576.webp",1536,576,true],"2048x2048":["https:\/\/go-bosnia.com\/wp-content\/uploads\/2026\/04\/vrelo-bosne-cover.webp",1920,720,false],"trp-custom-language-flag":["https:\/\/go-bosnia.com\/wp-content\/uploads\/2026\/04\/vrelo-bosne-cover-18x7.webp",18,7,true],"neve-blog":["https:\/\/go-bosnia.com\/wp-content\/uploads\/2026\/04\/vrelo-bosne-cover-930x620.webp",930,620,true]},"uagb_author_info":{"display_name":"Milan Pezer","author_link":"https:\/\/go-bosnia.com\/en\/author\/"},"uagb_comment_info":0,"uagb_excerpt":null,"meta_box":{"podnaslov":"Izvori\u0161te rijeke Bosne","sira_kategorija":"Prirodne ljepote","uza_kategorija":"Rijeka","skriveni_entitet":"0","globalna_atrakcija":"0","lokalna_atrakcija":"1","grad":"217","gradovi_u_blizini":[],"regija":"152","moze_sadrzati_entitete":"0","superentitet":[],"cover_fotografija":{"width":150,"height":150,"file":"2026\/04\/vrelo-bosne-cover.webp","filesize":254510,"sizes":{"medium":{"file":"vrelo-bosne-cover-300x113.webp","width":300,"height":113,"mime-type":"image\/webp","filesize":15070,"url":"https:\/\/go-bosnia.com\/wp-content\/uploads\/2026\/04\/vrelo-bosne-cover-300x113.webp"},"large":{"file":"vrelo-bosne-cover-1024x384.webp","width":1024,"height":384,"mime-type":"image\/webp","filesize":136082,"url":"https:\/\/go-bosnia.com\/wp-content\/uploads\/2026\/04\/vrelo-bosne-cover-1024x384.webp"},"thumbnail":{"file":"vrelo-bosne-cover-150x150.webp","width":150,"height":150,"mime-type":"image\/webp","filesize":11046,"url":"https:\/\/go-bosnia.com\/wp-content\/uploads\/2026\/04\/vrelo-bosne-cover-150x150.webp"},"medium_large":{"file":"vrelo-bosne-cover-768x288.webp","width":768,"height":288,"mime-type":"image\/webp","filesize":83744,"url":"https:\/\/go-bosnia.com\/wp-content\/uploads\/2026\/04\/vrelo-bosne-cover-768x288.webp"},"1536x1536":{"file":"vrelo-bosne-cover-1536x576.webp","width":1536,"height":576,"mime-type":"image\/webp","filesize":245488,"url":"https:\/\/go-bosnia.com\/wp-content\/uploads\/2026\/04\/vrelo-bosne-cover-1536x576.webp"},"trp-custom-language-flag":{"file":"vrelo-bosne-cover-18x7.webp","width":18,"height":7,"mime-type":"image\/webp","filesize":1612,"url":"https:\/\/go-bosnia.com\/wp-content\/uploads\/2026\/04\/vrelo-bosne-cover-18x7.webp"},"neve-blog":{"file":"vrelo-bosne-cover-930x620.webp","width":930,"height":620,"mime-type":"image\/webp","filesize":154104,"url":"https:\/\/go-bosnia.com\/wp-content\/uploads\/2026\/04\/vrelo-bosne-cover-930x620.webp"}},"image_meta":{"aperture":"0","credit":"","camera":"","caption":"","created_timestamp":"0","copyright":"","focal_length":"0","iso":"0","shutter_speed":"0","title":"","orientation":"0","keywords":[]},"ID":"3579","name":"vrelo-bosne-cover.webp","path":"\/home\/markop5\/go-bosnia.com\/wp-content\/uploads\/2026\/04\/vrelo-bosne-cover.webp","url":"https:\/\/go-bosnia.com\/wp-content\/uploads\/2026\/04\/vrelo-bosne-cover-150x150.webp","full_url":"https:\/\/go-bosnia.com\/wp-content\/uploads\/2026\/04\/vrelo-bosne-cover.webp","title":"Vrelo Bosne Sarajevo","caption":"","description":"","alt":"Vrelo Bosne Sarajevo","srcset":false},"slika_za_karticu":{"width":150,"height":150,"file":"2026\/03\/vrelo-bosne-card.webp","filesize":52288,"sizes":{"medium":{"file":"vrelo-bosne-card-240x300.webp","width":240,"height":300,"mime-type":"image\/webp","filesize":25450,"url":"https:\/\/go-bosnia.com\/wp-content\/uploads\/2026\/03\/vrelo-bosne-card-240x300.webp"},"thumbnail":{"file":"vrelo-bosne-card-150x150.webp","width":150,"height":150,"mime-type":"image\/webp","filesize":9458,"url":"https:\/\/go-bosnia.com\/wp-content\/uploads\/2026\/03\/vrelo-bosne-card-150x150.webp"}},"image_meta":{"aperture":"0","credit":"","camera":"","caption":"","created_timestamp":"0","copyright":"","focal_length":"0","iso":"0","shutter_speed":"0","title":"","orientation":"0","keywords":[]},"ID":"425","name":"vrelo-bosne-card.webp","path":"\/home\/markop5\/go-bosnia.com\/wp-content\/uploads\/2026\/03\/vrelo-bosne-card.webp","url":"https:\/\/go-bosnia.com\/wp-content\/uploads\/2026\/03\/vrelo-bosne-card-150x150.webp","full_url":"https:\/\/go-bosnia.com\/wp-content\/uploads\/2026\/03\/vrelo-bosne-card.webp","title":"Vrelo Bosne Sarajevo","caption":"","description":"","alt":"Vrelo Bosne Sarajevo","srcset":false},"prioritet":"95","unesco":"0","eko_turizam":"1","entitet_sa_ikonicom":"0","ikonica_entiteta":false,"kratki_opis":"Vrelo Bosne je jedno od najljep\u0161ih prirodnih izleti\u0161ta u Bosni i Hercegovini, poznato po izvorima rijeke Bosne i bogatoj vegetaciji. Nalazi se u podno\u017eju planine Igman i pru\u017ea mirno okru\u017eenje idealno za \u0161etnje, vo\u017enju fijakerom i odmor u prirodi. Ovo podru\u010dje je popularno me\u0111u turistima i lokalnim stanovni\u0161tvom zbog svoje o\u010duvane prirode i jedinstvenog pejza\u017ea.","geografska_sirina":"43.8219913","geografska_duzina":"18.269423","adresa":"Ilid\u017ea, Sarajevo 71000","broj_telefona":"033 201-112","email_adresa":"","instagram":"","facebook":"","tiktok":"","website":"https:\/\/zppks.ba\/","placeno":"0","nivo":"","tekst_linka":"","eksterni_link":"","booking_link":""},"_links":{"self":[{"href":"https:\/\/go-bosnia.com\/en\/wp-json\/wp\/v2\/entitet\/348","targetHints":{"allow":["GET"]}}],"collection":[{"href":"https:\/\/go-bosnia.com\/en\/wp-json\/wp\/v2\/entitet"}],"about":[{"href":"https:\/\/go-bosnia.com\/en\/wp-json\/wp\/v2\/types\/entitet"}],"wp:featuredmedia":[{"embeddable":true,"href":"https:\/\/go-bosnia.com\/en\/wp-json\/wp\/v2\/media\/3579"}],"wp:attachment":[{"href":"https:\/\/go-bosnia.com\/en\/wp-json\/wp\/v2\/media?parent=348"}],"wp:term":[{"taxonomy":"post_tag","embeddable":true,"href":"https:\/\/go-bosnia.com\/en\/wp-json\/wp\/v2\/tags?post=348"}],"curies":[{"name":"wp","href":"https:\/\/api.w.org\/{rel}","templated":true}]}}

Izvorište rijeke Bosne

Vrelo Bosne je jedno od najljepših prirodnih izletišta u Bosni i Hercegovini, poznato po izvorima rijeke Bosne i bogatoj vegetaciji. Nalazi se u podnožju planine Igman i pruža mirno okruženje idealno za šetnje, vožnju fijakerom i odmor u prirodi. Ovo područje je popularno među turistima i lokalnim stanovništvom zbog svoje očuvane prirode i jedinstvenog pejzaža.

Ilidža, Sarajevo 71000
