{"id":3664,"date":"2026-04-26T09:43:08","date_gmt":"2026-04-26T09:43:08","guid":{"rendered":"https:\/\/go-bosnia.com\/?post_type=entitet&#038;p=3664"},"modified":"2026-04-26T09:54:10","modified_gmt":"2026-04-26T09:54:10","slug":"hadzi-alijina-dzamija-pocitelj","status":"publish","type":"entitet","link":"https:\/\/go-bosnia.com\/en\/entitet\/hadzi-alijina-dzamija-pocitelj\/","title":{"rendered":"Had\u017ei-Alijina d\u017eamija"},"excerpt":{"rendered":"","protected":false},"featured_media":3665,"parent":0,"template":"","tags":[24,21,12],"class_list":["post-3664","entitet","type-entitet","status-publish","has-post-thumbnail","hentry","tag-duhovna-oaza","tag-osmansko-doba","tag-tragovima-proslosti"],"uagb_featured_image_src":{"full":["https:\/\/go-bosnia.com\/wp-content\/uploads\/2026\/04\/GoBosnia-i-man-Ibrahim-pa-ina-d-amija-optimized.webp",1920,720,false],"thumbnail":["https:\/\/go-bosnia.com\/wp-content\/uploads\/2026\/04\/GoBosnia-i-man-Ibrahim-pa-ina-d-amija-optimized-150x150.webp",150,150,true],"medium":["https:\/\/go-bosnia.com\/wp-content\/uploads\/2026\/04\/GoBosnia-i-man-Ibrahim-pa-ina-d-amija-optimized-300x113.webp",300,113,true],"medium_large":["https:\/\/go-bosnia.com\/wp-content\/uploads\/2026\/04\/GoBosnia-i-man-Ibrahim-pa-ina-d-amija-optimized-768x288.webp",768,288,true],"large":["https:\/\/go-bosnia.com\/wp-content\/uploads\/2026\/04\/GoBosnia-i-man-Ibrahim-pa-ina-d-amija-optimized-1024x384.webp",1024,384,true],"1536x1536":["https:\/\/go-bosnia.com\/wp-content\/uploads\/2026\/04\/GoBosnia-i-man-Ibrahim-pa-ina-d-amija-optimized-1536x576.webp",1536,576,true],"2048x2048":["https:\/\/go-bosnia.com\/wp-content\/uploads\/2026\/04\/GoBosnia-i-man-Ibrahim-pa-ina-d-amija-optimized.webp",1920,720,false],"trp-custom-language-flag":["https:\/\/go-bosnia.com\/wp-content\/uploads\/2026\/04\/GoBosnia-i-man-Ibrahim-pa-ina-d-amija-optimized-18x7.webp",18,7,true],"neve-blog":["https:\/\/go-bosnia.com\/wp-content\/uploads\/2026\/04\/GoBosnia-i-man-Ibrahim-pa-ina-d-amija-optimized-930x620.webp",930,620,true]},"uagb_author_info":{"display_name":"Marko Balaban","author_link":"https:\/\/go-bosnia.com\/en\/author\/"},"uagb_comment_info":0,"uagb_excerpt":null,"meta_box":{"podnaslov":"\u0160i\u0161man Ibrahim pa\u0161ina d\u017eamija","sira_kategorija":"Kulturno-istorijske i vjerske znamenitosti","uza_kategorija":"D\u017eamija","skriveni_entitet":"0","globalna_atrakcija":"0","lokalna_atrakcija":"0","grad":"98","gradovi_u_blizini":[],"regija":"66","moze_sadrzati_entitete":"0","superentitet":["717"],"cover_fotografija":{"width":150,"height":150,"file":"2026\/04\/GoBosnia-i-man-Ibrahim-pa-ina-d-amija-optimized.webp","filesize":232886,"sizes":{"medium":{"file":"GoBosnia-i-man-Ibrahim-pa-ina-d-amija-optimized-300x113.webp","width":300,"height":113,"mime-type":"image\/webp","filesize":15356,"url":"https:\/\/go-bosnia.com\/wp-content\/uploads\/2026\/04\/GoBosnia-i-man-Ibrahim-pa-ina-d-amija-optimized-300x113.webp"},"large":{"file":"GoBosnia-i-man-Ibrahim-pa-ina-d-amija-optimized-1024x384.webp","width":1024,"height":384,"mime-type":"image\/webp","filesize":131716,"url":"https:\/\/go-bosnia.com\/wp-content\/uploads\/2026\/04\/GoBosnia-i-man-Ibrahim-pa-ina-d-amija-optimized-1024x384.webp"},"thumbnail":{"file":"GoBosnia-i-man-Ibrahim-pa-ina-d-amija-optimized-150x150.webp","width":150,"height":150,"mime-type":"image\/webp","filesize":9980,"url":"https:\/\/go-bosnia.com\/wp-content\/uploads\/2026\/04\/GoBosnia-i-man-Ibrahim-pa-ina-d-amija-optimized-150x150.webp"},"medium_large":{"file":"GoBosnia-i-man-Ibrahim-pa-ina-d-amija-optimized-768x288.webp","width":768,"height":288,"mime-type":"image\/webp","filesize":79192,"url":"https:\/\/go-bosnia.com\/wp-content\/uploads\/2026\/04\/GoBosnia-i-man-Ibrahim-pa-ina-d-amija-optimized-768x288.webp"},"1536x1536":{"file":"GoBosnia-i-man-Ibrahim-pa-ina-d-amija-optimized-1536x576.webp","width":1536,"height":576,"mime-type":"image\/webp","filesize":254274,"url":"https:\/\/go-bosnia.com\/wp-content\/uploads\/2026\/04\/GoBosnia-i-man-Ibrahim-pa-ina-d-amija-optimized-1536x576.webp"},"trp-custom-language-flag":{"file":"GoBosnia-i-man-Ibrahim-pa-ina-d-amija-optimized-18x7.webp","width":18,"height":7,"mime-type":"image\/webp","filesize":394,"url":"https:\/\/go-bosnia.com\/wp-content\/uploads\/2026\/04\/GoBosnia-i-man-Ibrahim-pa-ina-d-amija-optimized-18x7.webp"},"neve-blog":{"file":"GoBosnia-i-man-Ibrahim-pa-ina-d-amija-optimized-930x620.webp","width":930,"height":620,"mime-type":"image\/webp","filesize":154804,"url":"https:\/\/go-bosnia.com\/wp-content\/uploads\/2026\/04\/GoBosnia-i-man-Ibrahim-pa-ina-d-amija-optimized-930x620.webp"}},"image_meta":{"aperture":"0","credit":"","camera":"","caption":"","created_timestamp":"0","copyright":"","focal_length":"0","iso":"0","shutter_speed":"0","title":"","orientation":"0","keywords":[]},"ID":"3665","name":"GoBosnia-i-man-Ibrahim-pa-ina-d-amija-optimized.webp","path":"\/home\/markop5\/go-bosnia.com\/wp-content\/uploads\/2026\/04\/GoBosnia-i-man-Ibrahim-pa-ina-d-amija-optimized.webp","url":"https:\/\/go-bosnia.com\/wp-content\/uploads\/2026\/04\/GoBosnia-i-man-Ibrahim-pa-ina-d-amija-optimized-150x150.webp","full_url":"https:\/\/go-bosnia.com\/wp-content\/uploads\/2026\/04\/GoBosnia-i-man-Ibrahim-pa-ina-d-amija-optimized.webp","title":"\u0160i\u0161man Ibrahim-pa\u0161ina d\u017eamija Po\u010ditelj \u010capljina","caption":"","description":"","alt":"\u0160i\u0161man Ibrahim-pa\u0161ina d\u017eamija Po\u010ditelj \u010capljina","srcset":false},"slika_za_karticu":{"width":150,"height":150,"file":"2026\/04\/i-man-Ibrahim-pa-ina-d-amija-optimized.webp","filesize":18130,"sizes":{"medium":{"file":"i-man-Ibrahim-pa-ina-d-amija-optimized-240x300.webp","width":240,"height":300,"mime-type":"image\/webp","filesize":13220,"url":"https:\/\/go-bosnia.com\/wp-content\/uploads\/2026\/04\/i-man-Ibrahim-pa-ina-d-amija-optimized-240x300.webp"},"thumbnail":{"file":"i-man-Ibrahim-pa-ina-d-amija-optimized-150x150.webp","width":150,"height":150,"mime-type":"image\/webp","filesize":5434,"url":"https:\/\/go-bosnia.com\/wp-content\/uploads\/2026\/04\/i-man-Ibrahim-pa-ina-d-amija-optimized-150x150.webp"},"trp-custom-language-flag":{"file":"i-man-Ibrahim-pa-ina-d-amija-optimized-10x12.webp","width":10,"height":12,"mime-type":"image\/webp","filesize":354,"url":"https:\/\/go-bosnia.com\/wp-content\/uploads\/2026\/04\/i-man-Ibrahim-pa-ina-d-amija-optimized-10x12.webp"}},"image_meta":{"aperture":"0","credit":"","camera":"","caption":"","created_timestamp":"0","copyright":"","focal_length":"0","iso":"0","shutter_speed":"0","title":"","orientation":"0","keywords":[]},"ID":"3666","name":"i-man-Ibrahim-pa-ina-d-amija-optimized.webp","path":"\/home\/markop5\/go-bosnia.com\/wp-content\/uploads\/2026\/04\/i-man-Ibrahim-pa-ina-d-amija-optimized.webp","url":"https:\/\/go-bosnia.com\/wp-content\/uploads\/2026\/04\/i-man-Ibrahim-pa-ina-d-amija-optimized-150x150.webp","full_url":"https:\/\/go-bosnia.com\/wp-content\/uploads\/2026\/04\/i-man-Ibrahim-pa-ina-d-amija-optimized.webp","title":"\u0160i\u0161man Ibrahim-pa\u0161ina d\u017eamija Po\u010ditelj \u010capljina","caption":"","description":"","alt":"\u0160i\u0161man Ibrahim-pa\u0161ina d\u017eamija Po\u010ditelj \u010capljina","srcset":false},"prioritet":"72","unesco":"0","eko_turizam":"0","entitet_sa_ikonicom":"0","ikonica_entiteta":false,"kratki_opis":"Had\u017ei Alijina d\u017eamija, izgra\u0111ena 1562\/63. godine, predstavlja jedan od najljep\u0161ih primjera klasi\u010dnog osmanskog stila u Bosni i Hercegovini. Njen osniva\u010d, Had\u017ei Alija, sin Musaov, podigao je ovo zdanje koje se svojom monumentalno\u0161\u0107u i skladnim proporcijama savr\u0161eno uklapa u strmu po\u010diteljsku liticu. Iako je u narodu poznata i kao \u0160i\u0161man Ibrahim-pa\u0161ina d\u017eamija, po unuku osniva\u010da koji ju je zna\u010dajno obnovio u 17. vijeku, ona je ostala simbol duhovnosti i arhitektonske preciznosti. Njena munara, visoka oko 32 metra i bogato ukra\u0161ena kamenim stalaktitima, decenijama je dominirala panoramama turisti\u010dkih prospekata, stoje\u0107i u neraskidivom skladu sa drevnom kulom i vitkim \u010dempresom koji \u010duva njen ulaz.\r\n\r\nUnutra\u0161njost d\u017eamije osmi\u0161ljena je tako da vjerniku pru\u017ei osje\u0107aj povezanosti s univerzumom. Kockasti molitveni prostor, natkriven veli\u010danstvenom kupolom koja simbolizira nebosvod, stvara akusti\u010dnu i prozra\u010dnu atmosferu idealnu za meditaciju. Zidovi su gra\u0111eni od pravilno klesanih kamenih blokova debljine 115 cm, dok su kupole, prema pretpostavkama, zidane lakom sedrom i prekrivene olovom.\r\n\r\nIspred ulaza nalazi se trijem oslonjen na \u010detiri monumentalna kamena stupa s kapitelima ukra\u0161enim stalaktitima, iznad kojih se uzdi\u017eu tri manje kupole. Za razliku od mnogih drugih d\u017eamija, Had\u017ei Alijina nema klasi\u010dni mezaristan (groblje) u svom dvori\u0161tu, ve\u0107 su u njoj \u010duvani kameni svije\u0107njaci s natpisima koji svjedo\u010de o pobo\u017enosti mje\u0161tana.","geografska_sirina":"43.13438","geografska_duzina":"17.73186","adresa":"4PMJ+QP3, Po\u010ditelj","broj_telefona":"","email_adresa":"","instagram":"","facebook":"","tiktok":"","website":"","placeno":"0","nivo":"","tekst_linka":"","eksterni_link":"","booking_link":""},"_links":{"self":[{"href":"https:\/\/go-bosnia.com\/en\/wp-json\/wp\/v2\/entitet\/3664","targetHints":{"allow":["GET"]}}],"collection":[{"href":"https:\/\/go-bosnia.com\/en\/wp-json\/wp\/v2\/entitet"}],"about":[{"href":"https:\/\/go-bosnia.com\/en\/wp-json\/wp\/v2\/types\/entitet"}],"wp:featuredmedia":[{"embeddable":true,"href":"https:\/\/go-bosnia.com\/en\/wp-json\/wp\/v2\/media\/3665"}],"wp:attachment":[{"href":"https:\/\/go-bosnia.com\/en\/wp-json\/wp\/v2\/media?parent=3664"}],"wp:term":[{"taxonomy":"post_tag","embeddable":true,"href":"https:\/\/go-bosnia.com\/en\/wp-json\/wp\/v2\/tags?post=3664"}],"curies":[{"name":"wp","href":"https:\/\/api.w.org\/{rel}","templated":true}]}}

Hadži-Alijina džamija

Šišman Ibrahim pašina džamija

Džamija

Šišman Ibrahim-pašina džamija Počitelj Čapljina

Hadži Alijina džamija, izgrađena 1562/63. godine, predstavlja jedan od najljepših primjera klasičnog osmanskog stila u Bosni i Hercegovini. Njen osnivač, Hadži Alija, sin Musaov, podigao je ovo zdanje koje se svojom monumentalnošću i skladnim proporcijama savršeno uklapa u strmu počiteljsku liticu. Iako je u narodu poznata i kao Šišman Ibrahim-pašina džamija, po unuku osnivača koji ju je značajno obnovio u 17. vijeku, ona je ostala simbol duhovnosti i arhitektonske preciznosti. Njena munara, visoka oko 32 metra i bogato ukrašena kamenim stalaktitima, decenijama je dominirala panoramama turističkih prospekata, stojeći u neraskidivom skladu sa drevnom kulom i vitkim čempresom koji čuva njen ulaz.

Unutrašnjost džamije osmišljena je tako da vjerniku pruži osjećaj povezanosti s univerzumom. Kockasti molitveni prostor, natkriven veličanstvenom kupolom koja simbolizira nebosvod, stvara akustičnu i prozračnu atmosferu idealnu za meditaciju. Zidovi su građeni od pravilno klesanih kamenih blokova debljine 115 cm, dok su kupole, prema pretpostavkama, zidane lakom sedrom i prekrivene olovom.

Ispred ulaza nalazi se trijem oslonjen na četiri monumentalna kamena stupa s kapitelima ukrašenim stalaktitima, iznad kojih se uzdižu tri manje kupole. Za razliku od mnogih drugih džamija, Hadži Alijina nema klasični mezaristan (groblje) u svom dvorištu, već su u njoj čuvani kameni svijećnjaci s natpisima koji svjedoče o pobožnosti mještana.

4PMJ+QP3, Počitelj
