{"id":3668,"date":"2026-04-26T10:05:37","date_gmt":"2026-04-26T10:05:37","guid":{"rendered":"https:\/\/go-bosnia.com\/?post_type=entitet&#038;p=3668"},"modified":"2026-04-26T10:19:03","modified_gmt":"2026-04-26T10:19:03","slug":"sahat-kula-pocitelj","status":"publish","type":"entitet","link":"https:\/\/go-bosnia.com\/en\/entitet\/sahat-kula-pocitelj\/","title":{"rendered":"Sahat kula Po\u010ditelj"},"excerpt":{"rendered":"","protected":false},"featured_media":3669,"parent":0,"template":"","tags":[11,21,12],"class_list":["post-3668","entitet","type-entitet","status-publish","has-post-thumbnail","hentry","tag-idealno-za-fotografije","tag-osmansko-doba","tag-tragovima-proslosti"],"uagb_featured_image_src":{"full":["https:\/\/go-bosnia.com\/wp-content\/uploads\/2026\/04\/GoBosnia-sahat-kula-pocitelj-optimized.webp",1920,720,false],"thumbnail":["https:\/\/go-bosnia.com\/wp-content\/uploads\/2026\/04\/GoBosnia-sahat-kula-pocitelj-optimized-150x150.webp",150,150,true],"medium":["https:\/\/go-bosnia.com\/wp-content\/uploads\/2026\/04\/GoBosnia-sahat-kula-pocitelj-optimized-300x113.webp",300,113,true],"medium_large":["https:\/\/go-bosnia.com\/wp-content\/uploads\/2026\/04\/GoBosnia-sahat-kula-pocitelj-optimized-768x288.webp",768,288,true],"large":["https:\/\/go-bosnia.com\/wp-content\/uploads\/2026\/04\/GoBosnia-sahat-kula-pocitelj-optimized-1024x384.webp",1024,384,true],"1536x1536":["https:\/\/go-bosnia.com\/wp-content\/uploads\/2026\/04\/GoBosnia-sahat-kula-pocitelj-optimized-1536x576.webp",1536,576,true],"2048x2048":["https:\/\/go-bosnia.com\/wp-content\/uploads\/2026\/04\/GoBosnia-sahat-kula-pocitelj-optimized.webp",1920,720,false],"trp-custom-language-flag":["https:\/\/go-bosnia.com\/wp-content\/uploads\/2026\/04\/GoBosnia-sahat-kula-pocitelj-optimized-18x7.webp",18,7,true],"neve-blog":["https:\/\/go-bosnia.com\/wp-content\/uploads\/2026\/04\/GoBosnia-sahat-kula-pocitelj-optimized-930x620.webp",930,620,true]},"uagb_author_info":{"display_name":"Marko Balaban","author_link":"https:\/\/go-bosnia.com\/en\/author\/"},"uagb_comment_info":0,"uagb_excerpt":null,"meta_box":{"podnaslov":"","sira_kategorija":"Kulturno-istorijske i vjerske znamenitosti","uza_kategorija":"Tvr\u0111ava","skriveni_entitet":"0","globalna_atrakcija":"0","lokalna_atrakcija":"0","grad":"98","gradovi_u_blizini":[],"regija":"66","moze_sadrzati_entitete":"0","superentitet":[],"cover_fotografija":{"width":150,"height":150,"file":"2026\/04\/GoBosnia-sahat-kula-pocitelj-optimized.webp","filesize":208504,"sizes":{"medium":{"file":"GoBosnia-sahat-kula-pocitelj-optimized-300x113.webp","width":300,"height":113,"mime-type":"image\/webp","filesize":12840,"url":"https:\/\/go-bosnia.com\/wp-content\/uploads\/2026\/04\/GoBosnia-sahat-kula-pocitelj-optimized-300x113.webp"},"large":{"file":"GoBosnia-sahat-kula-pocitelj-optimized-1024x384.webp","width":1024,"height":384,"mime-type":"image\/webp","filesize":115086,"url":"https:\/\/go-bosnia.com\/wp-content\/uploads\/2026\/04\/GoBosnia-sahat-kula-pocitelj-optimized-1024x384.webp"},"thumbnail":{"file":"GoBosnia-sahat-kula-pocitelj-optimized-150x150.webp","width":150,"height":150,"mime-type":"image\/webp","filesize":9022,"url":"https:\/\/go-bosnia.com\/wp-content\/uploads\/2026\/04\/GoBosnia-sahat-kula-pocitelj-optimized-150x150.webp"},"medium_large":{"file":"GoBosnia-sahat-kula-pocitelj-optimized-768x288.webp","width":768,"height":288,"mime-type":"image\/webp","filesize":68372,"url":"https:\/\/go-bosnia.com\/wp-content\/uploads\/2026\/04\/GoBosnia-sahat-kula-pocitelj-optimized-768x288.webp"},"1536x1536":{"file":"GoBosnia-sahat-kula-pocitelj-optimized-1536x576.webp","width":1536,"height":576,"mime-type":"image\/webp","filesize":227246,"url":"https:\/\/go-bosnia.com\/wp-content\/uploads\/2026\/04\/GoBosnia-sahat-kula-pocitelj-optimized-1536x576.webp"},"trp-custom-language-flag":{"file":"GoBosnia-sahat-kula-pocitelj-optimized-18x7.webp","width":18,"height":7,"mime-type":"image\/webp","filesize":384,"url":"https:\/\/go-bosnia.com\/wp-content\/uploads\/2026\/04\/GoBosnia-sahat-kula-pocitelj-optimized-18x7.webp"},"neve-blog":{"file":"GoBosnia-sahat-kula-pocitelj-optimized-930x620.webp","width":930,"height":620,"mime-type":"image\/webp","filesize":156608,"url":"https:\/\/go-bosnia.com\/wp-content\/uploads\/2026\/04\/GoBosnia-sahat-kula-pocitelj-optimized-930x620.webp"}},"image_meta":{"aperture":"0","credit":"","camera":"","caption":"","created_timestamp":"0","copyright":"","focal_length":"0","iso":"0","shutter_speed":"0","title":"","orientation":"0","keywords":[]},"ID":"3669","name":"GoBosnia-sahat-kula-pocitelj-optimized.webp","path":"\/home\/markop5\/go-bosnia.com\/wp-content\/uploads\/2026\/04\/GoBosnia-sahat-kula-pocitelj-optimized.webp","url":"https:\/\/go-bosnia.com\/wp-content\/uploads\/2026\/04\/GoBosnia-sahat-kula-pocitelj-optimized-150x150.webp","full_url":"https:\/\/go-bosnia.com\/wp-content\/uploads\/2026\/04\/GoBosnia-sahat-kula-pocitelj-optimized.webp","title":"Sahat-kula Po\u010ditelj \u010capljina","caption":"","description":"","alt":"Sahat-kula Po\u010ditelj \u010capljina","srcset":false},"slika_za_karticu":{"width":150,"height":150,"file":"2026\/04\/sahat-kula-pocitelj-optimized.webp","filesize":29226,"sizes":{"medium":{"file":"sahat-kula-pocitelj-optimized-240x300.webp","width":240,"height":300,"mime-type":"image\/webp","filesize":22812,"url":"https:\/\/go-bosnia.com\/wp-content\/uploads\/2026\/04\/sahat-kula-pocitelj-optimized-240x300.webp"},"thumbnail":{"file":"sahat-kula-pocitelj-optimized-150x150.webp","width":150,"height":150,"mime-type":"image\/webp","filesize":8692,"url":"https:\/\/go-bosnia.com\/wp-content\/uploads\/2026\/04\/sahat-kula-pocitelj-optimized-150x150.webp"},"trp-custom-language-flag":{"file":"sahat-kula-pocitelj-optimized-10x12.webp","width":10,"height":12,"mime-type":"image\/webp","filesize":340,"url":"https:\/\/go-bosnia.com\/wp-content\/uploads\/2026\/04\/sahat-kula-pocitelj-optimized-10x12.webp"}},"image_meta":{"aperture":"0","credit":"","camera":"","caption":"","created_timestamp":"0","copyright":"","focal_length":"0","iso":"0","shutter_speed":"0","title":"","orientation":"0","keywords":[]},"ID":"3670","name":"sahat-kula-pocitelj-optimized.webp","path":"\/home\/markop5\/go-bosnia.com\/wp-content\/uploads\/2026\/04\/sahat-kula-pocitelj-optimized.webp","url":"https:\/\/go-bosnia.com\/wp-content\/uploads\/2026\/04\/sahat-kula-pocitelj-optimized-150x150.webp","full_url":"https:\/\/go-bosnia.com\/wp-content\/uploads\/2026\/04\/sahat-kula-pocitelj-optimized.webp","title":"Sahat-kula Po\u010ditelj \u010capljina","caption":"","description":"","alt":"Sahat-kula Po\u010ditelj \u010capljina","srcset":false},"prioritet":"65","unesco":"0","eko_turizam":"0","entitet_sa_ikonicom":"0","ikonica_entiteta":false,"kratki_opis":"Kameni stra\u017ear vremena iznad Neretve\r\n\r\nSahat-kula u Po\u010ditelju jedna je od najupe\u010datljivijih gra\u0111evina ovog grada-muzeja. Podignuta oko 1664. godine, ona nije bila samo mjera\u010d vremena, ve\u0107 i strate\u0161ki va\u017ean objekt koji zbog svoje visine i polo\u017eaja na brdu dominira cijelim ambijentom. Izgradio ju je poznati po\u010diteljski dobrotvor Ibrahim-pa\u0161a, \u0107ehaja velikog vezira \u0106uprili\u0107a, u sklopu svoje velike zadu\u017ebine koja je uklju\u010divala i medresu, han i hamam. Sa svojim karakteristi\u010dnim prozorima na sve \u010detiri strane i vitkom siluetom, ova kula i danas predstavlja jedan od najljep\u0161ih simbola hercegova\u010dke arhitekture i progla\u0161ena je nacionalnim spomenikom Bosne i Hercegovine.\r\n\r\nKroz stolje\u0107a, sahat-kula je diktirala ritam \u017eivota u Po\u010ditelju, ali je imala i ulogu osmatra\u010dnice. Sat na kuli je neprekidno radio sve do 1917. godine. O njegovom ispravnom radu brinuli su mostarski majstori, poput \u010duvenog saha\u010dije Avdage Bjelevca, te imami obli\u017enje d\u017eamije.\r\n\r\nZbog preglednosti doline Neretve, u kuli su \u010desto boravili stra\u017eari koji su pratili kretanja i upozoravali na mogu\u0107e opasnosti. Iza masivnih drvenih vrata kriju se strme, starinske stepenice koje vode kroz nekoliko nivoa sve do mehanizma sata, svjedo\u010de\u0107i o vje\u0161tini tada\u0161njih graditelja.","geografska_sirina":"43.13390","geografska_duzina":"17.73136","adresa":"4PMJ+HF9, \u010capljina","broj_telefona":"","email_adresa":"","instagram":"","facebook":"","tiktok":"","website":"","placeno":"0","nivo":"","tekst_linka":"","eksterni_link":"","booking_link":""},"_links":{"self":[{"href":"https:\/\/go-bosnia.com\/en\/wp-json\/wp\/v2\/entitet\/3668","targetHints":{"allow":["GET"]}}],"collection":[{"href":"https:\/\/go-bosnia.com\/en\/wp-json\/wp\/v2\/entitet"}],"about":[{"href":"https:\/\/go-bosnia.com\/en\/wp-json\/wp\/v2\/types\/entitet"}],"wp:featuredmedia":[{"embeddable":true,"href":"https:\/\/go-bosnia.com\/en\/wp-json\/wp\/v2\/media\/3669"}],"wp:attachment":[{"href":"https:\/\/go-bosnia.com\/en\/wp-json\/wp\/v2\/media?parent=3668"}],"wp:term":[{"taxonomy":"post_tag","embeddable":true,"href":"https:\/\/go-bosnia.com\/en\/wp-json\/wp\/v2\/tags?post=3668"}],"curies":[{"name":"wp","href":"https:\/\/api.w.org\/{rel}","templated":true}]}}

Sahat kula Počitelj

Tvrđava

Sahat-kula Počitelj Čapljina

Kameni stražar vremena iznad Neretve

Sahat-kula u Počitelju jedna je od najupečatljivijih građevina ovog grada-muzeja. Podignuta oko 1664. godine, ona nije bila samo mjerač vremena, već i strateški važan objekt koji zbog svoje visine i položaja na brdu dominira cijelim ambijentom. Izgradio ju je poznati počiteljski dobrotvor Ibrahim-paša, ćehaja velikog vezira Ćuprilića, u sklopu svoje velike zadužbine koja je uključivala i medresu, han i hamam. Sa svojim karakterističnim prozorima na sve četiri strane i vitkom siluetom, ova kula i danas predstavlja jedan od najljepših simbola hercegovačke arhitekture i proglašena je nacionalnim spomenikom Bosne i Hercegovine.

Kroz stoljeća, sahat-kula je diktirala ritam života u Počitelju, ali je imala i ulogu osmatračnice. Sat na kuli je neprekidno radio sve do 1917. godine. O njegovom ispravnom radu brinuli su mostarski majstori, poput čuvenog sahačije Avdage Bjelevca, te imami obližnje džamije.

Zbog preglednosti doline Neretve, u kuli su često boravili stražari koji su pratili kretanja i upozoravali na moguće opasnosti. Iza masivnih drvenih vrata kriju se strme, starinske stepenice koje vode kroz nekoliko nivoa sve do mehanizma sata, svjedočeći o vještini tadašnjih graditelja.

4PMJ+HF9, Čapljina
