{"id":3684,"date":"2026-04-26T11:24:52","date_gmt":"2026-04-26T11:24:52","guid":{"rendered":"https:\/\/go-bosnia.com\/?post_type=entitet&#038;p=3684"},"modified":"2026-04-26T11:24:52","modified_gmt":"2026-04-26T11:24:52","slug":"radimlja-nekropola-stecaka","status":"publish","type":"entitet","link":"https:\/\/go-bosnia.com\/en\/entitet\/radimlja-nekropola-stecaka\/","title":{"rendered":"Radimlja necropolis of ste\u0107aks"},"excerpt":{"rendered":"","protected":false},"featured_media":3685,"parent":0,"template":"","tags":[11,12],"class_list":["post-3684","entitet","type-entitet","status-publish","has-post-thumbnail","hentry","tag-idealno-za-fotografije","tag-tragovima-proslosti"],"uagb_featured_image_src":{"full":["https:\/\/go-bosnia.com\/wp-content\/uploads\/2026\/04\/GoBosnia-radmilja-nekropolja-stecaka-optimized.webp",1920,720,false],"thumbnail":["https:\/\/go-bosnia.com\/wp-content\/uploads\/2026\/04\/GoBosnia-radmilja-nekropolja-stecaka-optimized-150x150.webp",150,150,true],"medium":["https:\/\/go-bosnia.com\/wp-content\/uploads\/2026\/04\/GoBosnia-radmilja-nekropolja-stecaka-optimized-300x113.webp",300,113,true],"medium_large":["https:\/\/go-bosnia.com\/wp-content\/uploads\/2026\/04\/GoBosnia-radmilja-nekropolja-stecaka-optimized-768x288.webp",768,288,true],"large":["https:\/\/go-bosnia.com\/wp-content\/uploads\/2026\/04\/GoBosnia-radmilja-nekropolja-stecaka-optimized-1024x384.webp",1024,384,true],"1536x1536":["https:\/\/go-bosnia.com\/wp-content\/uploads\/2026\/04\/GoBosnia-radmilja-nekropolja-stecaka-optimized-1536x576.webp",1536,576,true],"2048x2048":["https:\/\/go-bosnia.com\/wp-content\/uploads\/2026\/04\/GoBosnia-radmilja-nekropolja-stecaka-optimized.webp",1920,720,false],"trp-custom-language-flag":["https:\/\/go-bosnia.com\/wp-content\/uploads\/2026\/04\/GoBosnia-radmilja-nekropolja-stecaka-optimized-18x7.webp",18,7,true],"neve-blog":["https:\/\/go-bosnia.com\/wp-content\/uploads\/2026\/04\/GoBosnia-radmilja-nekropolja-stecaka-optimized-930x620.webp",930,620,true]},"uagb_author_info":{"display_name":"Marko Balaban","author_link":"https:\/\/go-bosnia.com\/en\/author\/"},"uagb_comment_info":0,"uagb_excerpt":null,"meta_box":{"podnaslov":"","sira_kategorija":"Kulturno-istorijske i vjerske znamenitosti","uza_kategorija":"Arheolo\u0161ko nalazi\u0161te","skriveni_entitet":"0","globalna_atrakcija":"0","lokalna_atrakcija":"0","grad":"239","gradovi_u_blizini":[],"regija":"212","moze_sadrzati_entitete":"0","superentitet":[],"cover_fotografija":{"width":150,"height":150,"file":"2026\/04\/GoBosnia-radmilja-nekropolja-stecaka-optimized.webp","filesize":126842,"sizes":{"medium":{"file":"GoBosnia-radmilja-nekropolja-stecaka-optimized-300x113.webp","width":300,"height":113,"mime-type":"image\/webp","filesize":10794,"url":"https:\/\/go-bosnia.com\/wp-content\/uploads\/2026\/04\/GoBosnia-radmilja-nekropolja-stecaka-optimized-300x113.webp"},"large":{"file":"GoBosnia-radmilja-nekropolja-stecaka-optimized-1024x384.webp","width":1024,"height":384,"mime-type":"image\/webp","filesize":74448,"url":"https:\/\/go-bosnia.com\/wp-content\/uploads\/2026\/04\/GoBosnia-radmilja-nekropolja-stecaka-optimized-1024x384.webp"},"thumbnail":{"file":"GoBosnia-radmilja-nekropolja-stecaka-optimized-150x150.webp","width":150,"height":150,"mime-type":"image\/webp","filesize":7526,"url":"https:\/\/go-bosnia.com\/wp-content\/uploads\/2026\/04\/GoBosnia-radmilja-nekropolja-stecaka-optimized-150x150.webp"},"medium_large":{"file":"GoBosnia-radmilja-nekropolja-stecaka-optimized-768x288.webp","width":768,"height":288,"mime-type":"image\/webp","filesize":48066,"url":"https:\/\/go-bosnia.com\/wp-content\/uploads\/2026\/04\/GoBosnia-radmilja-nekropolja-stecaka-optimized-768x288.webp"},"1536x1536":{"file":"GoBosnia-radmilja-nekropolja-stecaka-optimized-1536x576.webp","width":1536,"height":576,"mime-type":"image\/webp","filesize":136276,"url":"https:\/\/go-bosnia.com\/wp-content\/uploads\/2026\/04\/GoBosnia-radmilja-nekropolja-stecaka-optimized-1536x576.webp"},"trp-custom-language-flag":{"file":"GoBosnia-radmilja-nekropolja-stecaka-optimized-18x7.webp","width":18,"height":7,"mime-type":"image\/webp","filesize":382,"url":"https:\/\/go-bosnia.com\/wp-content\/uploads\/2026\/04\/GoBosnia-radmilja-nekropolja-stecaka-optimized-18x7.webp"},"neve-blog":{"file":"GoBosnia-radmilja-nekropolja-stecaka-optimized-930x620.webp","width":930,"height":620,"mime-type":"image\/webp","filesize":113208,"url":"https:\/\/go-bosnia.com\/wp-content\/uploads\/2026\/04\/GoBosnia-radmilja-nekropolja-stecaka-optimized-930x620.webp"}},"image_meta":{"aperture":"0","credit":"","camera":"","caption":"","created_timestamp":"0","copyright":"","focal_length":"0","iso":"0","shutter_speed":"0","title":"","orientation":"0","keywords":[]},"ID":"3685","name":"GoBosnia-radmilja-nekropolja-stecaka-optimized.webp","path":"\/home\/markop5\/go-bosnia.com\/wp-content\/uploads\/2026\/04\/GoBosnia-radmilja-nekropolja-stecaka-optimized.webp","url":"https:\/\/go-bosnia.com\/wp-content\/uploads\/2026\/04\/GoBosnia-radmilja-nekropolja-stecaka-optimized-150x150.webp","full_url":"https:\/\/go-bosnia.com\/wp-content\/uploads\/2026\/04\/GoBosnia-radmilja-nekropolja-stecaka-optimized.webp","title":"GoBosnia-raddimlja-nekropolja-stecaka","caption":"","description":"","alt":"GoBosnia-raddimlja-nekropolja-stecaka","srcset":false},"slika_za_karticu":{"width":150,"height":150,"file":"2026\/04\/Radimlja-nekropola-stecaka-optimized.webp","filesize":30738,"sizes":{"medium":{"file":"Radimlja-nekropola-stecaka-optimized-240x300.webp","width":240,"height":300,"mime-type":"image\/webp","filesize":20470,"url":"https:\/\/go-bosnia.com\/wp-content\/uploads\/2026\/04\/Radimlja-nekropola-stecaka-optimized-240x300.webp"},"thumbnail":{"file":"Radimlja-nekropola-stecaka-optimized-150x150.webp","width":150,"height":150,"mime-type":"image\/webp","filesize":8232,"url":"https:\/\/go-bosnia.com\/wp-content\/uploads\/2026\/04\/Radimlja-nekropola-stecaka-optimized-150x150.webp"},"trp-custom-language-flag":{"file":"Radimlja-nekropola-stecaka-optimized-10x12.webp","width":10,"height":12,"mime-type":"image\/webp","filesize":364,"url":"https:\/\/go-bosnia.com\/wp-content\/uploads\/2026\/04\/Radimlja-nekropola-stecaka-optimized-10x12.webp"}},"image_meta":{"aperture":"0","credit":"","camera":"","caption":"","created_timestamp":"0","copyright":"","focal_length":"0","iso":"0","shutter_speed":"0","title":"","orientation":"0","keywords":[]},"ID":"3686","name":"Radimlja-nekropola-stecaka-optimized.webp","path":"\/home\/markop5\/go-bosnia.com\/wp-content\/uploads\/2026\/04\/Radimlja-nekropola-stecaka-optimized.webp","url":"https:\/\/go-bosnia.com\/wp-content\/uploads\/2026\/04\/Radimlja-nekropola-stecaka-optimized-150x150.webp","full_url":"https:\/\/go-bosnia.com\/wp-content\/uploads\/2026\/04\/Radimlja-nekropola-stecaka-optimized.webp","title":"Radimlja-nekropola-stecaka","caption":"","description":"","alt":"Radimlja-nekropola-stecaka","srcset":false},"prioritet":"95","unesco":"0","eko_turizam":"0","entitet_sa_ikonicom":"0","ikonica_entiteta":false,"kratki_opis":"Nekropola Radimlja kod Stoca najpoznatiji je i jedan od najvrijednijih lokaliteta srednjovjekovnih nadgrobnih spomenika \u2014 ste\u0107aka \u2014 u Bosni i Hercegovini. Smje\u0161tena na Vidovom polju uz cestu prema \u010capljini, ova nekropola predstavlja vrhunac umjetni\u010dkog i klesarskog zanata 14. i 15. vijeka. Na njoj se nalazi 135 ste\u0107aka, od kojih je \u010dak 63 bogato ukra\u0161eno reljefima izuzetne kvalitete. Zbog svog historijskog zna\u010daja, Radimlja je 2002. godine progla\u0161ena nacionalnim spomenikom BiH, a od 2016. godine nalazi se na UNESCO-voj listi svjetske ba\u0161tine, \u010dime je potvr\u0111ena njena univerzalna vrijednost.\r\n\r\nOno \u0161to Radimlju izdvaja od drugih nekropola je bogatstvo plasti\u010dnih dekoracija i prepoznatljivi motivi koji pri\u010daju pri\u010du o \u017eivotu i vjerovanjima srednjovjekovnog \u010dovjeka: Mu\u0161ka figura s uzdignutom rukom: Za\u0161titni znak nekropole je figura s neproporcionalno velikom \u0161akom i prstima. Ovaj motiv se \u010desto tuma\u010di kao gesta pozdrava, molitve ili svjedo\u010danstva, a danas simbolizuje hercegova\u010dku gostoljubivost.\r\n\r\nNa ste\u0107cima su prikazani prizori iz lova, vite\u0161ki turniri, kola, vinova loza, stilizirani kri\u017eevi, te \u017eivotinjske i ljudske figure koje odi\u0161u dinamikom i snagom.\r\n","geografska_sirina":"43.09210","geografska_duzina":"17.92389","adresa":"","broj_telefona":"","email_adresa":"","instagram":"","facebook":"","tiktok":"","website":"","placeno":"0","nivo":"","tekst_linka":"","eksterni_link":"","booking_link":""},"_links":{"self":[{"href":"https:\/\/go-bosnia.com\/en\/wp-json\/wp\/v2\/entitet\/3684","targetHints":{"allow":["GET"]}}],"collection":[{"href":"https:\/\/go-bosnia.com\/en\/wp-json\/wp\/v2\/entitet"}],"about":[{"href":"https:\/\/go-bosnia.com\/en\/wp-json\/wp\/v2\/types\/entitet"}],"wp:featuredmedia":[{"embeddable":true,"href":"https:\/\/go-bosnia.com\/en\/wp-json\/wp\/v2\/media\/3685"}],"wp:attachment":[{"href":"https:\/\/go-bosnia.com\/en\/wp-json\/wp\/v2\/media?parent=3684"}],"wp:term":[{"taxonomy":"post_tag","embeddable":true,"href":"https:\/\/go-bosnia.com\/en\/wp-json\/wp\/v2\/tags?post=3684"}],"curies":[{"name":"wp","href":"https:\/\/api.w.org\/{rel}","templated":true}]}}

Radimlja necropolis of stećaks

Arheološko nalazište

Nekropola Radimlja kod Stoca najpoznatiji je i jedan od najvrijednijih lokaliteta srednjovjekovnih nadgrobnih spomenika — stećaka — u Bosni i Hercegovini. Smještena na Vidovom polju uz cestu prema Čapljini, ova nekropola predstavlja vrhunac umjetničkog i klesarskog zanata 14. i 15. vijeka. Na njoj se nalazi 135 stećaka, od kojih je čak 63 bogato ukrašeno reljefima izuzetne kvalitete. Zbog svog historijskog značaja, Radimlja je 2002. godine proglašena nacionalnim spomenikom BiH, a od 2016. godine nalazi se na UNESCO-voj listi svjetske baštine, čime je potvrđena njena univerzalna vrijednost.

Ono što Radimlju izdvaja od drugih nekropola je bogatstvo plastičnih dekoracija i prepoznatljivi motivi koji pričaju priču o životu i vjerovanjima srednjovjekovnog čovjeka: Muška figura s uzdignutom rukom: Zaštitni znak nekropole je figura s neproporcionalno velikom šakom i prstima. Ovaj motiv se često tumači kao gesta pozdrava, molitve ili svjedočanstva, a danas simbolizuje hercegovačku gostoljubivost.

Na stećcima su prikazani prizori iz lova, viteški turniri, kola, vinova loza, stilizirani križevi, te životinjske i ljudske figure koje odišu dinamikom i snagom.
