{"id":3714,"date":"2026-04-26T15:05:27","date_gmt":"2026-04-26T15:05:27","guid":{"rendered":"https:\/\/go-bosnia.com\/?post_type=entitet&#038;p=3714"},"modified":"2026-04-26T15:05:34","modified_gmt":"2026-04-26T15:05:34","slug":"zelena-glava","status":"publish","type":"entitet","link":"https:\/\/go-bosnia.com\/en\/entitet\/zelena-glava\/","title":{"rendered":"Zelena Glava"},"excerpt":{"rendered":"","protected":false},"featured_media":3731,"parent":0,"template":"","tags":[11,16,15],"class_list":["post-3714","entitet","type-entitet","status-publish","has-post-thumbnail","hentry","tag-idealno-za-fotografije","tag-netaknuta-priroda","tag-planinarenje"],"uagb_featured_image_src":{"full":["https:\/\/go-bosnia.com\/wp-content\/uploads\/2026\/04\/GoBosnia-planina-prenj-optimized-1.webp",1920,720,false],"thumbnail":["https:\/\/go-bosnia.com\/wp-content\/uploads\/2026\/04\/GoBosnia-planina-prenj-optimized-1-150x150.webp",150,150,true],"medium":["https:\/\/go-bosnia.com\/wp-content\/uploads\/2026\/04\/GoBosnia-planina-prenj-optimized-1-300x113.webp",300,113,true],"medium_large":["https:\/\/go-bosnia.com\/wp-content\/uploads\/2026\/04\/GoBosnia-planina-prenj-optimized-1-768x288.webp",768,288,true],"large":["https:\/\/go-bosnia.com\/wp-content\/uploads\/2026\/04\/GoBosnia-planina-prenj-optimized-1-1024x384.webp",1024,384,true],"1536x1536":["https:\/\/go-bosnia.com\/wp-content\/uploads\/2026\/04\/GoBosnia-planina-prenj-optimized-1-1536x576.webp",1536,576,true],"2048x2048":["https:\/\/go-bosnia.com\/wp-content\/uploads\/2026\/04\/GoBosnia-planina-prenj-optimized-1.webp",1920,720,false],"trp-custom-language-flag":["https:\/\/go-bosnia.com\/wp-content\/uploads\/2026\/04\/GoBosnia-planina-prenj-optimized-1-18x7.webp",18,7,true],"neve-blog":["https:\/\/go-bosnia.com\/wp-content\/uploads\/2026\/04\/GoBosnia-planina-prenj-optimized-1-930x620.webp",930,620,true]},"uagb_author_info":{"display_name":"Marko Balaban","author_link":"https:\/\/go-bosnia.com\/en\/author\/"},"uagb_comment_info":0,"uagb_excerpt":null,"meta_box":{"podnaslov":"Najvi\u0161i vrh planine Prenj","sira_kategorija":"Prirodne ljepote","uza_kategorija":"Planina","skriveni_entitet":"0","globalna_atrakcija":"0","lokalna_atrakcija":"0","grad":"78","gradovi_u_blizini":["96","88"],"regija":"66","moze_sadrzati_entitete":"0","superentitet":["3709"],"cover_fotografija":{"width":150,"height":150,"file":"2026\/04\/GoBosnia-planina-prenj-optimized-1.webp","filesize":174362,"sizes":{"medium":{"file":"GoBosnia-planina-prenj-optimized-1-300x113.webp","width":300,"height":113,"mime-type":"image\/webp","filesize":11314,"url":"https:\/\/go-bosnia.com\/wp-content\/uploads\/2026\/04\/GoBosnia-planina-prenj-optimized-1-300x113.webp"},"large":{"file":"GoBosnia-planina-prenj-optimized-1-1024x384.webp","width":1024,"height":384,"mime-type":"image\/webp","filesize":95788,"url":"https:\/\/go-bosnia.com\/wp-content\/uploads\/2026\/04\/GoBosnia-planina-prenj-optimized-1-1024x384.webp"},"thumbnail":{"file":"GoBosnia-planina-prenj-optimized-1-150x150.webp","width":150,"height":150,"mime-type":"image\/webp","filesize":7896,"url":"https:\/\/go-bosnia.com\/wp-content\/uploads\/2026\/04\/GoBosnia-planina-prenj-optimized-1-150x150.webp"},"medium_large":{"file":"GoBosnia-planina-prenj-optimized-1-768x288.webp","width":768,"height":288,"mime-type":"image\/webp","filesize":56916,"url":"https:\/\/go-bosnia.com\/wp-content\/uploads\/2026\/04\/GoBosnia-planina-prenj-optimized-1-768x288.webp"},"1536x1536":{"file":"GoBosnia-planina-prenj-optimized-1-1536x576.webp","width":1536,"height":576,"mime-type":"image\/webp","filesize":186444,"url":"https:\/\/go-bosnia.com\/wp-content\/uploads\/2026\/04\/GoBosnia-planina-prenj-optimized-1-1536x576.webp"},"trp-custom-language-flag":{"file":"GoBosnia-planina-prenj-optimized-1-18x7.webp","width":18,"height":7,"mime-type":"image\/webp","filesize":386,"url":"https:\/\/go-bosnia.com\/wp-content\/uploads\/2026\/04\/GoBosnia-planina-prenj-optimized-1-18x7.webp"},"neve-blog":{"file":"GoBosnia-planina-prenj-optimized-1-930x620.webp","width":930,"height":620,"mime-type":"image\/webp","filesize":132344,"url":"https:\/\/go-bosnia.com\/wp-content\/uploads\/2026\/04\/GoBosnia-planina-prenj-optimized-1-930x620.webp"}},"image_meta":{"aperture":"0","credit":"","camera":"","caption":"","created_timestamp":"0","copyright":"","focal_length":"0","iso":"0","shutter_speed":"0","title":"","orientation":"0","keywords":[]},"ID":"3731","name":"GoBosnia-planina-prenj-optimized-1.webp","path":"\/home\/markop5\/go-bosnia.com\/wp-content\/uploads\/2026\/04\/GoBosnia-planina-prenj-optimized-1.webp","url":"https:\/\/go-bosnia.com\/wp-content\/uploads\/2026\/04\/GoBosnia-planina-prenj-optimized-1-150x150.webp","full_url":"https:\/\/go-bosnia.com\/wp-content\/uploads\/2026\/04\/GoBosnia-planina-prenj-optimized-1.webp","title":"GoBosnia-planina-prenj","caption":"","description":"","alt":"GoBosnia-planina-prenj","srcset":false},"slika_za_karticu":{"width":150,"height":150,"file":"2026\/04\/zelena-glava-optimized.webp","filesize":23856,"sizes":{"medium":{"file":"zelena-glava-optimized-240x300.webp","width":240,"height":300,"mime-type":"image\/webp","filesize":16970,"url":"https:\/\/go-bosnia.com\/wp-content\/uploads\/2026\/04\/zelena-glava-optimized-240x300.webp"},"thumbnail":{"file":"zelena-glava-optimized-150x150.webp","width":150,"height":150,"mime-type":"image\/webp","filesize":6944,"url":"https:\/\/go-bosnia.com\/wp-content\/uploads\/2026\/04\/zelena-glava-optimized-150x150.webp"},"trp-custom-language-flag":{"file":"zelena-glava-optimized-10x12.webp","width":10,"height":12,"mime-type":"image\/webp","filesize":348,"url":"https:\/\/go-bosnia.com\/wp-content\/uploads\/2026\/04\/zelena-glava-optimized-10x12.webp"}},"image_meta":{"aperture":"0","credit":"","camera":"","caption":"","created_timestamp":"0","copyright":"","focal_length":"0","iso":"0","shutter_speed":"0","title":"","orientation":"0","keywords":[]},"ID":"3733","name":"zelena-glava-optimized.webp","path":"\/home\/markop5\/go-bosnia.com\/wp-content\/uploads\/2026\/04\/zelena-glava-optimized.webp","url":"https:\/\/go-bosnia.com\/wp-content\/uploads\/2026\/04\/zelena-glava-optimized-150x150.webp","full_url":"https:\/\/go-bosnia.com\/wp-content\/uploads\/2026\/04\/zelena-glava-optimized.webp","title":"zelena-glava","caption":"","description":"","alt":"","srcset":false},"prioritet":"78","unesco":"0","eko_turizam":"1","entitet_sa_ikonicom":"0","ikonica_entiteta":false,"kratki_opis":"Zelena glava (2103 mnv) je neprikosnoveni vladar Prenja i najvi\u0161i vrh ovog masiva. Njegovo ime savr\u0161eno opisuje kontrast koji nudi: dok su okolni vrhovi \u010desto goli, sivi i surovi, Zelena glava zadr\u017eava svoj karakteristi\u010dni ton, dominiraju\u0107i pejza\u017eom kao centralna ta\u010dka \"Hercegova\u010dkih Himalaja\".\r\n\r\nUspon na Zelenu glavu smatra se jednim od najuzbudljivijih planinarskih poduhvata u Bosni i Hercegovini. Sa Zelene glave se pru\u017ea nevjerovatan 360\u00b0 pogled. Vidjet \u0107ete susjedni vrh Oti\u0161 (koji se nalazi odmah pored, razdvojen samo sedlom), duboku dolinu Tisovice, te planine \u010cvrsnicu, Vele\u017e i Magli\u0107 u daljini.\r\n","geografska_sirina":"43.54960","geografska_duzina":"17.90377","adresa":"","broj_telefona":"","email_adresa":"","instagram":"","facebook":"","tiktok":"","website":"","placeno":"0","nivo":"","tekst_linka":"","eksterni_link":"","booking_link":""},"_links":{"self":[{"href":"https:\/\/go-bosnia.com\/en\/wp-json\/wp\/v2\/entitet\/3714","targetHints":{"allow":["GET"]}}],"collection":[{"href":"https:\/\/go-bosnia.com\/en\/wp-json\/wp\/v2\/entitet"}],"about":[{"href":"https:\/\/go-bosnia.com\/en\/wp-json\/wp\/v2\/types\/entitet"}],"wp:featuredmedia":[{"embeddable":true,"href":"https:\/\/go-bosnia.com\/en\/wp-json\/wp\/v2\/media\/3731"}],"wp:attachment":[{"href":"https:\/\/go-bosnia.com\/en\/wp-json\/wp\/v2\/media?parent=3714"}],"wp:term":[{"taxonomy":"post_tag","embeddable":true,"href":"https:\/\/go-bosnia.com\/en\/wp-json\/wp\/v2\/tags?post=3714"}],"curies":[{"name":"wp","href":"https:\/\/api.w.org\/{rel}","templated":true}]}}

Najviši vrh planine Prenj

Zelena glava (2103 mnv) je neprikosnoveni vladar Prenja i najviši vrh ovog masiva. Njegovo ime savršeno opisuje kontrast koji nudi: dok su okolni vrhovi često goli, sivi i surovi, Zelena glava zadržava svoj karakteristični ton, dominirajući pejzažom kao centralna tačka "Hercegovačkih Himalaja".

Uspon na Zelenu glavu smatra se jednim od najuzbudljivijih planinarskih poduhvata u Bosni i Hercegovini. Sa Zelene glave se pruža nevjerovatan 360° pogled. Vidjet ćete susjedni vrh Otiš (koji se nalazi odmah pored, razdvojen samo sedlom), duboku dolinu Tisovice, te planine Čvrsnicu, Velež i Maglić u daljini.
