{"id":3860,"date":"2026-04-26T20:19:20","date_gmt":"2026-04-26T20:19:20","guid":{"rendered":"https:\/\/go-bosnia.com\/?post_type=entitet&#038;p=3860"},"modified":"2026-04-26T20:19:20","modified_gmt":"2026-04-26T20:19:20","slug":"planina-velez","status":"publish","type":"entitet","link":"https:\/\/go-bosnia.com\/en\/entitet\/planina-velez\/","title":{"rendered":"Planina Vele\u017e"},"excerpt":{"rendered":"","protected":false},"featured_media":3862,"parent":0,"template":"","tags":[11,16,15],"class_list":["post-3860","entitet","type-entitet","status-publish","has-post-thumbnail","hentry","tag-idealno-za-fotografije","tag-netaknuta-priroda","tag-planinarenje"],"uagb_featured_image_src":{"full":["https:\/\/go-bosnia.com\/wp-content\/uploads\/2026\/04\/GoBosnia-planina-velez-optimized.webp",1920,720,false],"thumbnail":["https:\/\/go-bosnia.com\/wp-content\/uploads\/2026\/04\/GoBosnia-planina-velez-optimized-150x150.webp",150,150,true],"medium":["https:\/\/go-bosnia.com\/wp-content\/uploads\/2026\/04\/GoBosnia-planina-velez-optimized-300x113.webp",300,113,true],"medium_large":["https:\/\/go-bosnia.com\/wp-content\/uploads\/2026\/04\/GoBosnia-planina-velez-optimized-768x288.webp",768,288,true],"large":["https:\/\/go-bosnia.com\/wp-content\/uploads\/2026\/04\/GoBosnia-planina-velez-optimized-1024x384.webp",1024,384,true],"1536x1536":["https:\/\/go-bosnia.com\/wp-content\/uploads\/2026\/04\/GoBosnia-planina-velez-optimized-1536x576.webp",1536,576,true],"2048x2048":["https:\/\/go-bosnia.com\/wp-content\/uploads\/2026\/04\/GoBosnia-planina-velez-optimized.webp",1920,720,false],"trp-custom-language-flag":["https:\/\/go-bosnia.com\/wp-content\/uploads\/2026\/04\/GoBosnia-planina-velez-optimized-18x7.webp",18,7,true],"neve-blog":["https:\/\/go-bosnia.com\/wp-content\/uploads\/2026\/04\/GoBosnia-planina-velez-optimized-930x620.webp",930,620,true]},"uagb_author_info":{"display_name":"Marko Balaban","author_link":"https:\/\/go-bosnia.com\/en\/author\/"},"uagb_comment_info":0,"uagb_excerpt":null,"meta_box":{"podnaslov":"","sira_kategorija":"Prirodne ljepote","uza_kategorija":"Planina","skriveni_entitet":"0","globalna_atrakcija":"0","lokalna_atrakcija":"0","grad":"78","gradovi_u_blizini":[],"regija":"66","moze_sadrzati_entitete":"0","superentitet":[],"cover_fotografija":{"width":150,"height":150,"file":"2026\/04\/GoBosnia-planina-velez-optimized.webp","filesize":139584,"sizes":{"medium":{"file":"GoBosnia-planina-velez-optimized-300x113.webp","width":300,"height":113,"mime-type":"image\/webp","filesize":11088,"url":"https:\/\/go-bosnia.com\/wp-content\/uploads\/2026\/04\/GoBosnia-planina-velez-optimized-300x113.webp"},"large":{"file":"GoBosnia-planina-velez-optimized-1024x384.webp","width":1024,"height":384,"mime-type":"image\/webp","filesize":84580,"url":"https:\/\/go-bosnia.com\/wp-content\/uploads\/2026\/04\/GoBosnia-planina-velez-optimized-1024x384.webp"},"thumbnail":{"file":"GoBosnia-planina-velez-optimized-150x150.webp","width":150,"height":150,"mime-type":"image\/webp","filesize":6860,"url":"https:\/\/go-bosnia.com\/wp-content\/uploads\/2026\/04\/GoBosnia-planina-velez-optimized-150x150.webp"},"medium_large":{"file":"GoBosnia-planina-velez-optimized-768x288.webp","width":768,"height":288,"mime-type":"image\/webp","filesize":53332,"url":"https:\/\/go-bosnia.com\/wp-content\/uploads\/2026\/04\/GoBosnia-planina-velez-optimized-768x288.webp"},"1536x1536":{"file":"GoBosnia-planina-velez-optimized-1536x576.webp","width":1536,"height":576,"mime-type":"image\/webp","filesize":158846,"url":"https:\/\/go-bosnia.com\/wp-content\/uploads\/2026\/04\/GoBosnia-planina-velez-optimized-1536x576.webp"},"trp-custom-language-flag":{"file":"GoBosnia-planina-velez-optimized-18x7.webp","width":18,"height":7,"mime-type":"image\/webp","filesize":372,"url":"https:\/\/go-bosnia.com\/wp-content\/uploads\/2026\/04\/GoBosnia-planina-velez-optimized-18x7.webp"},"neve-blog":{"file":"GoBosnia-planina-velez-optimized-930x620.webp","width":930,"height":620,"mime-type":"image\/webp","filesize":98168,"url":"https:\/\/go-bosnia.com\/wp-content\/uploads\/2026\/04\/GoBosnia-planina-velez-optimized-930x620.webp"}},"image_meta":{"aperture":"0","credit":"","camera":"","caption":"","created_timestamp":"0","copyright":"","focal_length":"0","iso":"0","shutter_speed":"0","title":"","orientation":"0","keywords":[]},"ID":"3862","name":"GoBosnia-planina-velez-optimized.webp","path":"\/home\/markop5\/go-bosnia.com\/wp-content\/uploads\/2026\/04\/GoBosnia-planina-velez-optimized.webp","url":"https:\/\/go-bosnia.com\/wp-content\/uploads\/2026\/04\/GoBosnia-planina-velez-optimized-150x150.webp","full_url":"https:\/\/go-bosnia.com\/wp-content\/uploads\/2026\/04\/GoBosnia-planina-velez-optimized.webp","title":"Planina Vele\u017e","caption":"","description":"","alt":"Planina Vele\u017e","srcset":false},"slika_za_karticu":{"width":150,"height":150,"file":"2026\/04\/planina-velez-optimized.webp","filesize":22986,"sizes":{"medium":{"file":"planina-velez-optimized-240x300.webp","width":240,"height":300,"mime-type":"image\/webp","filesize":17250,"url":"https:\/\/go-bosnia.com\/wp-content\/uploads\/2026\/04\/planina-velez-optimized-240x300.webp"},"thumbnail":{"file":"planina-velez-optimized-150x150.webp","width":150,"height":150,"mime-type":"image\/webp","filesize":7090,"url":"https:\/\/go-bosnia.com\/wp-content\/uploads\/2026\/04\/planina-velez-optimized-150x150.webp"},"trp-custom-language-flag":{"file":"planina-velez-optimized-10x12.webp","width":10,"height":12,"mime-type":"image\/webp","filesize":352,"url":"https:\/\/go-bosnia.com\/wp-content\/uploads\/2026\/04\/planina-velez-optimized-10x12.webp"}},"image_meta":{"aperture":"0","credit":"","camera":"","caption":"","created_timestamp":"0","copyright":"","focal_length":"0","iso":"0","shutter_speed":"0","title":"","orientation":"0","keywords":[]},"ID":"3863","name":"planina-velez-optimized.webp","path":"\/home\/markop5\/go-bosnia.com\/wp-content\/uploads\/2026\/04\/planina-velez-optimized.webp","url":"https:\/\/go-bosnia.com\/wp-content\/uploads\/2026\/04\/planina-velez-optimized-150x150.webp","full_url":"https:\/\/go-bosnia.com\/wp-content\/uploads\/2026\/04\/planina-velez-optimized.webp","title":"Planina Vele\u017e","caption":"","description":"","alt":"Planina Vele\u017e","srcset":false},"prioritet":"80","unesco":"0","eko_turizam":"1","entitet_sa_ikonicom":"0","ikonica_entiteta":false,"kratki_opis":"Planina Vele\u017e, nazvana po drevnom slavenskom bogu Velesu, za\u0161titniku pastira i podzemlja, uzdi\u017ee se iznad Mostara kao mo\u0107ni kameni zid koji dijeli dvije klime i dva svijeta. Prote\u017eu\u0107i se u du\u017eini od 13 kilometara od Mostara do Nevesinja, ovaj kre\u010dnja\u010dki masiv kulminira vrhom Botin (1969 mnv), dok njegovi sjeverni obronci kriju dragulje poput gle\u010derskog Vele\u0161kog jezera i tajanstvenih ledenica u kojima se snijeg zadr\u017eava i tokom najvrelijih ljetnih dana. Dok zapadna strana planine nudi pristupa\u010dne staze s kojih se pru\u017eaju nezaboravni pogledi na doline Neretve i Bune, njene isto\u010dne i sjeverne litice predstavljaju surovu arenu za alpiniste. Upravo se ovdje, na ekstremno strmim usjecima, pripremaju najiskusniji planinari prije nego \u0161to se otisnu u osvajanje najvi\u0161ih svjetskih vrhova, \u010dine\u0107i Vele\u017e simbolom vrhunske vje\u0161tine i iskonske snage hercegova\u010dkog kr\u0161a.","geografska_sirina":"43.32270","geografska_duzina":"18.01000","adresa":"82J3+2Q Kru\u017eanj","broj_telefona":"","email_adresa":"","instagram":"","facebook":"","tiktok":"","website":"","placeno":"0","nivo":"","tekst_linka":"","eksterni_link":"","booking_link":""},"_links":{"self":[{"href":"https:\/\/go-bosnia.com\/en\/wp-json\/wp\/v2\/entitet\/3860","targetHints":{"allow":["GET"]}}],"collection":[{"href":"https:\/\/go-bosnia.com\/en\/wp-json\/wp\/v2\/entitet"}],"about":[{"href":"https:\/\/go-bosnia.com\/en\/wp-json\/wp\/v2\/types\/entitet"}],"wp:featuredmedia":[{"embeddable":true,"href":"https:\/\/go-bosnia.com\/en\/wp-json\/wp\/v2\/media\/3862"}],"wp:attachment":[{"href":"https:\/\/go-bosnia.com\/en\/wp-json\/wp\/v2\/media?parent=3860"}],"wp:term":[{"taxonomy":"post_tag","embeddable":true,"href":"https:\/\/go-bosnia.com\/en\/wp-json\/wp\/v2\/tags?post=3860"}],"curies":[{"name":"wp","href":"https:\/\/api.w.org\/{rel}","templated":true}]}}

Planina Velež

Planina Velež, nazvana po drevnom slavenskom bogu Velesu, zaštitniku pastira i podzemlja, uzdiže se iznad Mostara kao moćni kameni zid koji dijeli dvije klime i dva svijeta. Protežući se u dužini od 13 kilometara od Mostara do Nevesinja, ovaj krečnjački masiv kulminira vrhom Botin (1969 mnv), dok njegovi sjeverni obronci kriju dragulje poput glečerskog Veleškog jezera i tajanstvenih ledenica u kojima se snijeg zadržava i tokom najvrelijih ljetnih dana. Dok zapadna strana planine nudi pristupačne staze s kojih se pružaju nezaboravni pogledi na doline Neretve i Bune, njene istočne i sjeverne litice predstavljaju surovu arenu za alpiniste. Upravo se ovdje, na ekstremno strmim usjecima, pripremaju najiskusniji planinari prije nego što se otisnu u osvajanje najviših svjetskih vrhova, čineći Velež simbolom vrhunske vještine i iskonske snage hercegovačkog krša.

82J3+2Q Kružanj
