{"id":3933,"date":"2026-04-27T11:13:06","date_gmt":"2026-04-27T11:13:06","guid":{"rendered":"https:\/\/go-bosnia.com\/?post_type=entitet&#038;p=3933"},"modified":"2026-04-27T11:13:15","modified_gmt":"2026-04-27T11:13:15","slug":"selo-glavaticevo","status":"publish","type":"entitet","link":"https:\/\/go-bosnia.com\/en\/entitet\/selo-glavaticevo\/","title":{"rendered":"Selo Glavati\u010devo"},"excerpt":{"rendered":"","protected":false},"featured_media":3935,"parent":0,"template":"","tags":[13,11,4,12],"class_list":["post-3933","entitet","type-entitet","status-publish","has-post-thumbnail","hentry","tag-biciklizam","tag-idealno-za-fotografije","tag-rafting","tag-tragovima-proslosti"],"uagb_featured_image_src":{"full":["https:\/\/go-bosnia.com\/wp-content\/uploads\/2026\/04\/selo-glavaticevo-optimized.webp",896,1200,false],"thumbnail":["https:\/\/go-bosnia.com\/wp-content\/uploads\/2026\/04\/selo-glavaticevo-optimized-150x150.webp",150,150,true],"medium":["https:\/\/go-bosnia.com\/wp-content\/uploads\/2026\/04\/selo-glavaticevo-optimized-224x300.webp",224,300,true],"medium_large":["https:\/\/go-bosnia.com\/wp-content\/uploads\/2026\/04\/selo-glavaticevo-optimized-768x1029.webp",768,1029,true],"large":["https:\/\/go-bosnia.com\/wp-content\/uploads\/2026\/04\/selo-glavaticevo-optimized-765x1024.webp",765,1024,true],"1536x1536":["https:\/\/go-bosnia.com\/wp-content\/uploads\/2026\/04\/selo-glavaticevo-optimized.webp",896,1200,false],"2048x2048":["https:\/\/go-bosnia.com\/wp-content\/uploads\/2026\/04\/selo-glavaticevo-optimized.webp",896,1200,false],"trp-custom-language-flag":["https:\/\/go-bosnia.com\/wp-content\/uploads\/2026\/04\/selo-glavaticevo-optimized-9x12.webp",9,12,true],"neve-blog":["https:\/\/go-bosnia.com\/wp-content\/uploads\/2026\/04\/selo-glavaticevo-optimized-896x620.webp",896,620,true]},"uagb_author_info":{"display_name":"Marko Balaban","author_link":"https:\/\/go-bosnia.com\/en\/author\/"},"uagb_comment_info":0,"uagb_excerpt":null,"meta_box":{"podnaslov":"Smaragdni mir u srcu Gornje Neretve","sira_kategorija":"Prirodne ljepote","uza_kategorija":"Dio grada","skriveni_entitet":"0","globalna_atrakcija":"0","lokalna_atrakcija":"0","grad":"96","gradovi_u_blizini":[],"regija":"66","moze_sadrzati_entitete":"1","superentitet":[],"cover_fotografija":{"width":150,"height":150,"file":"2026\/04\/GoBosnia-selo-glavaticevo-optimized.webp","filesize":212158,"sizes":{"medium":{"file":"GoBosnia-selo-glavaticevo-optimized-300x113.webp","width":300,"height":113,"mime-type":"image\/webp","filesize":14648,"url":"https:\/\/go-bosnia.com\/wp-content\/uploads\/2026\/04\/GoBosnia-selo-glavaticevo-optimized-300x113.webp"},"large":{"file":"GoBosnia-selo-glavaticevo-optimized-1024x384.webp","width":1024,"height":384,"mime-type":"image\/webp","filesize":131858,"url":"https:\/\/go-bosnia.com\/wp-content\/uploads\/2026\/04\/GoBosnia-selo-glavaticevo-optimized-1024x384.webp"},"thumbnail":{"file":"GoBosnia-selo-glavaticevo-optimized-150x150.webp","width":150,"height":150,"mime-type":"image\/webp","filesize":10058,"url":"https:\/\/go-bosnia.com\/wp-content\/uploads\/2026\/04\/GoBosnia-selo-glavaticevo-optimized-150x150.webp"},"medium_large":{"file":"GoBosnia-selo-glavaticevo-optimized-768x288.webp","width":768,"height":288,"mime-type":"image\/webp","filesize":80170,"url":"https:\/\/go-bosnia.com\/wp-content\/uploads\/2026\/04\/GoBosnia-selo-glavaticevo-optimized-768x288.webp"},"1536x1536":{"file":"GoBosnia-selo-glavaticevo-optimized-1536x576.webp","width":1536,"height":576,"mime-type":"image\/webp","filesize":242700,"url":"https:\/\/go-bosnia.com\/wp-content\/uploads\/2026\/04\/GoBosnia-selo-glavaticevo-optimized-1536x576.webp"},"trp-custom-language-flag":{"file":"GoBosnia-selo-glavaticevo-optimized-18x7.webp","width":18,"height":7,"mime-type":"image\/webp","filesize":376,"url":"https:\/\/go-bosnia.com\/wp-content\/uploads\/2026\/04\/GoBosnia-selo-glavaticevo-optimized-18x7.webp"},"neve-blog":{"file":"GoBosnia-selo-glavaticevo-optimized-930x620.webp","width":930,"height":620,"mime-type":"image\/webp","filesize":164216,"url":"https:\/\/go-bosnia.com\/wp-content\/uploads\/2026\/04\/GoBosnia-selo-glavaticevo-optimized-930x620.webp"}},"image_meta":{"aperture":"0","credit":"","camera":"","caption":"","created_timestamp":"0","copyright":"","focal_length":"0","iso":"0","shutter_speed":"0","title":"","orientation":"0","keywords":[]},"ID":"3934","name":"GoBosnia-selo-glavaticevo-optimized.webp","path":"\/home\/markop5\/go-bosnia.com\/wp-content\/uploads\/2026\/04\/GoBosnia-selo-glavaticevo-optimized.webp","url":"https:\/\/go-bosnia.com\/wp-content\/uploads\/2026\/04\/GoBosnia-selo-glavaticevo-optimized-150x150.webp","full_url":"https:\/\/go-bosnia.com\/wp-content\/uploads\/2026\/04\/GoBosnia-selo-glavaticevo-optimized.webp","title":"GoBosnia-selo-glavaticevo","caption":"","description":"","alt":"GoBosnia-selo-glavaticevo","srcset":false},"slika_za_karticu":{"width":150,"height":150,"file":"2026\/04\/selo-glavaticevo-optimized.webp","filesize":143206,"sizes":{"medium":{"file":"selo-glavaticevo-optimized-224x300.webp","width":224,"height":300,"mime-type":"image\/webp","filesize":18444,"url":"https:\/\/go-bosnia.com\/wp-content\/uploads\/2026\/04\/selo-glavaticevo-optimized-224x300.webp"},"large":{"file":"selo-glavaticevo-optimized-765x1024.webp","width":765,"height":1024,"mime-type":"image\/webp","filesize":170004,"url":"https:\/\/go-bosnia.com\/wp-content\/uploads\/2026\/04\/selo-glavaticevo-optimized-765x1024.webp"},"thumbnail":{"file":"selo-glavaticevo-optimized-150x150.webp","width":150,"height":150,"mime-type":"image\/webp","filesize":7292,"url":"https:\/\/go-bosnia.com\/wp-content\/uploads\/2026\/04\/selo-glavaticevo-optimized-150x150.webp"},"medium_large":{"file":"selo-glavaticevo-optimized-768x1029.webp","width":768,"height":1029,"mime-type":"image\/webp","filesize":171490,"url":"https:\/\/go-bosnia.com\/wp-content\/uploads\/2026\/04\/selo-glavaticevo-optimized-768x1029.webp"},"trp-custom-language-flag":{"file":"selo-glavaticevo-optimized-9x12.webp","width":9,"height":12,"mime-type":"image\/webp","filesize":350,"url":"https:\/\/go-bosnia.com\/wp-content\/uploads\/2026\/04\/selo-glavaticevo-optimized-9x12.webp"},"neve-blog":{"file":"selo-glavaticevo-optimized-896x620.webp","width":896,"height":620,"mime-type":"image\/webp","filesize":165044,"url":"https:\/\/go-bosnia.com\/wp-content\/uploads\/2026\/04\/selo-glavaticevo-optimized-896x620.webp"}},"image_meta":{"aperture":"0","credit":"","camera":"","caption":"","created_timestamp":"0","copyright":"","focal_length":"0","iso":"0","shutter_speed":"0","title":"","orientation":"0","keywords":[]},"ID":"3935","name":"selo-glavaticevo-optimized.webp","path":"\/home\/markop5\/go-bosnia.com\/wp-content\/uploads\/2026\/04\/selo-glavaticevo-optimized.webp","url":"https:\/\/go-bosnia.com\/wp-content\/uploads\/2026\/04\/selo-glavaticevo-optimized-150x150.webp","full_url":"https:\/\/go-bosnia.com\/wp-content\/uploads\/2026\/04\/selo-glavaticevo-optimized.webp","title":"selo-glavaticevo","caption":"","description":"","alt":"selo-glavaticevo","srcset":false},"prioritet":"62","unesco":"0","eko_turizam":"0","entitet_sa_ikonicom":"0","ikonica_entiteta":false,"kratki_opis":"U zagrljaju visokih planina i kristalno \u010diste, ledene Neretve, smjestilo se Glavati\u010devo \u2013 mjesto gdje priroda jo\u0161 uvijek \u0161apu\u0107e zagonetke iz davnina. Ovaj biser konji\u010dkog kraja ime duguje svojoj najpoznatijoj stanovnici, autohtonoj pastrmki Glavatici, koja u crvenim ta\u010dkicama \u010duva tajnu hercegova\u010dkih voda. \r\n\r\nOkupano suncem i nebeskom vedrinom, selo je istinski raj za ljubitelje outdoor aktivnosti: od adrenalinskog raftinga kroz kanjon i Fly fishinga u svjetski poznatom reviru, do laganih biciklisti\u010dkih tura i istra\u017eivanja misti\u010dnih nekropola ste\u0107aka. Glavati\u010devo nije samo destinacija; to je povratak iskonskom miru, mirisu svje\u017ee ribe u lokalnim restoranima i zdravom eko-turizmu koji regeneri\u0161e du\u0161u svakog namjernika.","geografska_sirina":"43.50359","geografska_duzina":"18.10529","adresa":"","broj_telefona":"","email_adresa":"","instagram":"","facebook":"","tiktok":"","website":"","placeno":"0","nivo":"","tekst_linka":"","eksterni_link":"","booking_link":""},"_links":{"self":[{"href":"https:\/\/go-bosnia.com\/en\/wp-json\/wp\/v2\/entitet\/3933","targetHints":{"allow":["GET"]}}],"collection":[{"href":"https:\/\/go-bosnia.com\/en\/wp-json\/wp\/v2\/entitet"}],"about":[{"href":"https:\/\/go-bosnia.com\/en\/wp-json\/wp\/v2\/types\/entitet"}],"wp:featuredmedia":[{"embeddable":true,"href":"https:\/\/go-bosnia.com\/en\/wp-json\/wp\/v2\/media\/3935"}],"wp:attachment":[{"href":"https:\/\/go-bosnia.com\/en\/wp-json\/wp\/v2\/media?parent=3933"}],"wp:term":[{"taxonomy":"post_tag","embeddable":true,"href":"https:\/\/go-bosnia.com\/en\/wp-json\/wp\/v2\/tags?post=3933"}],"curies":[{"name":"wp","href":"https:\/\/api.w.org\/{rel}","templated":true}]}}

Selo Glavatičevo

U zagrljaju visokih planina i kristalno čiste, ledene Neretve, smjestilo se Glavatičevo – mjesto gdje priroda još uvijek šapuće zagonetke iz davnina. Ovaj biser konjičkog kraja ime duguje svojoj najpoznatijoj stanovnici, autohtonoj pastrmki Glavatici, koja u crvenim tačkicama čuva tajnu hercegovačkih voda. 

Okupano suncem i nebeskom vedrinom, selo je istinski raj za ljubitelje outdoor aktivnosti: od adrenalinskog raftinga kroz kanjon i Fly fishinga u svjetski poznatom reviru, do laganih biciklističkih tura i istraživanja mističnih nekropola stećaka. Glavatičevo nije samo destinacija; to je povratak iskonskom miru, mirisu svježe ribe u lokalnim restoranima i zdravom eko-turizmu koji regeneriše dušu svakog namjernika.
