{"id":3945,"date":"2026-04-27T19:36:04","date_gmt":"2026-04-27T19:36:04","guid":{"rendered":"https:\/\/go-bosnia.com\/?post_type=entitet&#038;p=3945"},"modified":"2026-04-27T19:36:46","modified_gmt":"2026-04-27T19:36:46","slug":"eko-zona-zelenkovac","status":"publish","type":"entitet","link":"https:\/\/go-bosnia.com\/en\/entitet\/eko-zona-zelenkovac\/","title":{"rendered":"Eko zona Zelenkovac"},"excerpt":{"rendered":"","protected":false},"featured_media":3946,"parent":0,"template":"","tags":[16,14,25,18],"class_list":["post-3945","entitet","type-entitet","status-publish","has-post-thumbnail","hentry","tag-netaknuta-priroda","tag-piknik","tag-setnja","tag-vikend-izlet"],"uagb_featured_image_src":{"full":["https:\/\/go-bosnia.com\/wp-content\/uploads\/2026\/04\/zelenkovac-cover.webp",1920,720,false],"thumbnail":["https:\/\/go-bosnia.com\/wp-content\/uploads\/2026\/04\/zelenkovac-cover-150x150.webp",150,150,true],"medium":["https:\/\/go-bosnia.com\/wp-content\/uploads\/2026\/04\/zelenkovac-cover-300x113.webp",300,113,true],"medium_large":["https:\/\/go-bosnia.com\/wp-content\/uploads\/2026\/04\/zelenkovac-cover-768x288.webp",768,288,true],"large":["https:\/\/go-bosnia.com\/wp-content\/uploads\/2026\/04\/zelenkovac-cover-1024x384.webp",1024,384,true],"1536x1536":["https:\/\/go-bosnia.com\/wp-content\/uploads\/2026\/04\/zelenkovac-cover-1536x576.webp",1536,576,true],"2048x2048":["https:\/\/go-bosnia.com\/wp-content\/uploads\/2026\/04\/zelenkovac-cover.webp",1920,720,false],"trp-custom-language-flag":["https:\/\/go-bosnia.com\/wp-content\/uploads\/2026\/04\/zelenkovac-cover-18x7.webp",18,7,true],"neve-blog":["https:\/\/go-bosnia.com\/wp-content\/uploads\/2026\/04\/zelenkovac-cover-930x620.webp",930,620,true]},"uagb_author_info":{"display_name":"marko453","author_link":"https:\/\/go-bosnia.com\/en\/author\/"},"uagb_comment_info":0,"uagb_excerpt":null,"meta_box":{"podnaslov":"","sira_kategorija":"Prirodne ljepote","uza_kategorija":"Park prirode","skriveni_entitet":"0","globalna_atrakcija":"0","lokalna_atrakcija":"0","grad":"3941","gradovi_u_blizini":[],"regija":"148","moze_sadrzati_entitete":"0","superentitet":[],"cover_fotografija":{"width":150,"height":150,"file":"2026\/04\/zelenkovac-cover.webp","filesize":232580,"sizes":{"medium":{"file":"zelenkovac-cover-300x113.webp","width":300,"height":113,"mime-type":"image\/webp","filesize":17266,"url":"https:\/\/go-bosnia.com\/wp-content\/uploads\/2026\/04\/zelenkovac-cover-300x113.webp"},"large":{"file":"zelenkovac-cover-1024x384.webp","width":1024,"height":384,"mime-type":"image\/webp","filesize":138878,"url":"https:\/\/go-bosnia.com\/wp-content\/uploads\/2026\/04\/zelenkovac-cover-1024x384.webp"},"thumbnail":{"file":"zelenkovac-cover-150x150.webp","width":150,"height":150,"mime-type":"image\/webp","filesize":12112,"url":"https:\/\/go-bosnia.com\/wp-content\/uploads\/2026\/04\/zelenkovac-cover-150x150.webp"},"medium_large":{"file":"zelenkovac-cover-768x288.webp","width":768,"height":288,"mime-type":"image\/webp","filesize":89744,"url":"https:\/\/go-bosnia.com\/wp-content\/uploads\/2026\/04\/zelenkovac-cover-768x288.webp"},"1536x1536":{"file":"zelenkovac-cover-1536x576.webp","width":1536,"height":576,"mime-type":"image\/webp","filesize":233122,"url":"https:\/\/go-bosnia.com\/wp-content\/uploads\/2026\/04\/zelenkovac-cover-1536x576.webp"},"trp-custom-language-flag":{"file":"zelenkovac-cover-18x7.webp","width":18,"height":7,"mime-type":"image\/webp","filesize":1628,"url":"https:\/\/go-bosnia.com\/wp-content\/uploads\/2026\/04\/zelenkovac-cover-18x7.webp"},"neve-blog":{"file":"zelenkovac-cover-930x620.webp","width":930,"height":620,"mime-type":"image\/webp","filesize":149852,"url":"https:\/\/go-bosnia.com\/wp-content\/uploads\/2026\/04\/zelenkovac-cover-930x620.webp"}},"image_meta":{"aperture":"0","credit":"","camera":"","caption":"","created_timestamp":"0","copyright":"","focal_length":"0","iso":"0","shutter_speed":"0","title":"","orientation":"0","keywords":[]},"ID":"3946","name":"zelenkovac-cover.webp","path":"\/home\/markop5\/go-bosnia.com\/wp-content\/uploads\/2026\/04\/zelenkovac-cover.webp","url":"https:\/\/go-bosnia.com\/wp-content\/uploads\/2026\/04\/zelenkovac-cover-150x150.webp","full_url":"https:\/\/go-bosnia.com\/wp-content\/uploads\/2026\/04\/zelenkovac-cover.webp","title":"Eko zona Zelenkovac Mrkonji\u0107 Grad","caption":"","description":"","alt":"Eko zona Zelenkovac Mrkonji\u0107 Grad","srcset":false},"slika_za_karticu":{"width":150,"height":150,"file":"2026\/04\/zelenkovac-card.webp","filesize":69176,"sizes":{"medium":{"file":"zelenkovac-card-240x300.webp","width":240,"height":300,"mime-type":"image\/webp","filesize":33546,"url":"https:\/\/go-bosnia.com\/wp-content\/uploads\/2026\/04\/zelenkovac-card-240x300.webp"},"thumbnail":{"file":"zelenkovac-card-150x150.webp","width":150,"height":150,"mime-type":"image\/webp","filesize":12370,"url":"https:\/\/go-bosnia.com\/wp-content\/uploads\/2026\/04\/zelenkovac-card-150x150.webp"},"trp-custom-language-flag":{"file":"zelenkovac-card-10x12.webp","width":10,"height":12,"mime-type":"image\/webp","filesize":1612,"url":"https:\/\/go-bosnia.com\/wp-content\/uploads\/2026\/04\/zelenkovac-card-10x12.webp"}},"image_meta":{"aperture":"0","credit":"","camera":"","caption":"","created_timestamp":"0","copyright":"","focal_length":"0","iso":"0","shutter_speed":"0","title":"","orientation":"0","keywords":[]},"ID":"3947","name":"zelenkovac-card.webp","path":"\/home\/markop5\/go-bosnia.com\/wp-content\/uploads\/2026\/04\/zelenkovac-card.webp","url":"https:\/\/go-bosnia.com\/wp-content\/uploads\/2026\/04\/zelenkovac-card-150x150.webp","full_url":"https:\/\/go-bosnia.com\/wp-content\/uploads\/2026\/04\/zelenkovac-card.webp","title":"Eko zona Zelenkovac Mrkonji\u0107 Grad","caption":"","description":"","alt":"Eko zona Zelenkovac Mrkonji\u0107 Grad","srcset":false},"prioritet":"78","unesco":"1","eko_turizam":"0","entitet_sa_ikonicom":"0","ikonica_entiteta":false,"kratki_opis":"Eko zona Zelenkovac je jedno od najpoznatijih izleti\u0161ta i eko-destinacija na podru\u010dju Mrkonji\u0107 Grada. Nalazi se u selu Podra\u0161nica, oko 14\u201315 km od Mrkonji\u0107 Grada, u mirnom \u0161umskom ambijentu na obroncima planine Lisina. Prostor je smje\u0161ten uz potok Zelenkovac, u zelenoj dolini koja je poznata po \u010distoj prirodi, starim vodenicama, kampu, bungalovima, umjetni\u010dkoj galeriji i opu\u0161tenoj atmosferi daleko od gradske gu\u017eve. Eko zona je posebno pogodna za ljubitelje prirode, kampovanja, planinarenja, umjetnosti i alternativnog turizma.","geografska_sirina":"44.3926697","geografska_duzina":"16.9812511","adresa":"Zelenkovac bb, Podra\u0161nica, 70260 Mrkonji\u0107 Grad","broj_telefona":"+387 65 672 904","email_adresa":"zelenkovac@gmail.com","instagram":"","facebook":"","tiktok":"","website":"https:\/\/www.zelenkovac.com\/","placeno":"0","nivo":"","tekst_linka":"","eksterni_link":"","booking_link":""},"_links":{"self":[{"href":"https:\/\/go-bosnia.com\/en\/wp-json\/wp\/v2\/entitet\/3945","targetHints":{"allow":["GET"]}}],"collection":[{"href":"https:\/\/go-bosnia.com\/en\/wp-json\/wp\/v2\/entitet"}],"about":[{"href":"https:\/\/go-bosnia.com\/en\/wp-json\/wp\/v2\/types\/entitet"}],"wp:featuredmedia":[{"embeddable":true,"href":"https:\/\/go-bosnia.com\/en\/wp-json\/wp\/v2\/media\/3946"}],"wp:attachment":[{"href":"https:\/\/go-bosnia.com\/en\/wp-json\/wp\/v2\/media?parent=3945"}],"wp:term":[{"taxonomy":"post_tag","embeddable":true,"href":"https:\/\/go-bosnia.com\/en\/wp-json\/wp\/v2\/tags?post=3945"}],"curies":[{"name":"wp","href":"https:\/\/api.w.org\/{rel}","templated":true}]}}

Eko zona Zelenkovac Mrkonjić Grad

Eko zona Zelenkovac je jedno od najpoznatijih izletišta i eko-destinacija na području Mrkonjić Grada. Nalazi se u selu Podrašnica, oko 14–15 km od Mrkonjić Grada, u mirnom šumskom ambijentu na obroncima planine Lisina. Prostor je smješten uz potok Zelenkovac, u zelenoj dolini koja je poznata po čistoj prirodi, starim vodenicama, kampu, bungalovima, umjetničkoj galeriji i opuštenoj atmosferi daleko od gradske gužve. Eko zona je posebno pogodna za ljubitelje prirode, kampovanja, planinarenja, umjetnosti i alternativnog turizma.

Zelenkovac bb, Podrašnica, 70260 Mrkonjić Grad
