{"id":3950,"date":"2026-04-27T19:44:47","date_gmt":"2026-04-27T19:44:47","guid":{"rendered":"https:\/\/go-bosnia.com\/?post_type=entitet&#038;p=3950"},"modified":"2026-04-27T19:44:47","modified_gmt":"2026-04-27T19:44:47","slug":"pecka","status":"publish","type":"entitet","link":"https:\/\/go-bosnia.com\/en\/entitet\/pecka\/","title":{"rendered":"Pecka"},"excerpt":{"rendered":"","protected":false},"featured_media":3948,"parent":0,"template":"","tags":[16,14,25,18],"class_list":["post-3950","entitet","type-entitet","status-publish","has-post-thumbnail","hentry","tag-netaknuta-priroda","tag-piknik","tag-setnja","tag-vikend-izlet"],"uagb_featured_image_src":{"full":["https:\/\/go-bosnia.com\/wp-content\/uploads\/2026\/04\/pecka-cover.webp",1920,720,false],"thumbnail":["https:\/\/go-bosnia.com\/wp-content\/uploads\/2026\/04\/pecka-cover-150x150.webp",150,150,true],"medium":["https:\/\/go-bosnia.com\/wp-content\/uploads\/2026\/04\/pecka-cover-300x113.webp",300,113,true],"medium_large":["https:\/\/go-bosnia.com\/wp-content\/uploads\/2026\/04\/pecka-cover-768x288.webp",768,288,true],"large":["https:\/\/go-bosnia.com\/wp-content\/uploads\/2026\/04\/pecka-cover-1024x384.webp",1024,384,true],"1536x1536":["https:\/\/go-bosnia.com\/wp-content\/uploads\/2026\/04\/pecka-cover-1536x576.webp",1536,576,true],"2048x2048":["https:\/\/go-bosnia.com\/wp-content\/uploads\/2026\/04\/pecka-cover.webp",1920,720,false],"trp-custom-language-flag":["https:\/\/go-bosnia.com\/wp-content\/uploads\/2026\/04\/pecka-cover-18x7.webp",18,7,true],"neve-blog":["https:\/\/go-bosnia.com\/wp-content\/uploads\/2026\/04\/pecka-cover-930x620.webp",930,620,true]},"uagb_author_info":{"display_name":"marko453","author_link":"https:\/\/go-bosnia.com\/en\/author\/"},"uagb_comment_info":0,"uagb_excerpt":null,"meta_box":{"podnaslov":"Centar za posjetioce","sira_kategorija":"Prirodne ljepote","uza_kategorija":"Park prirode","skriveni_entitet":"0","globalna_atrakcija":"0","lokalna_atrakcija":"0","grad":"3941","gradovi_u_blizini":[],"regija":"148","moze_sadrzati_entitete":"0","superentitet":[],"cover_fotografija":{"width":150,"height":150,"file":"2026\/04\/pecka-cover.webp","filesize":242570,"sizes":{"medium":{"file":"pecka-cover-300x113.webp","width":300,"height":113,"mime-type":"image\/webp","filesize":16960,"url":"https:\/\/go-bosnia.com\/wp-content\/uploads\/2026\/04\/pecka-cover-300x113.webp"},"large":{"file":"pecka-cover-1024x384.webp","width":1024,"height":384,"mime-type":"image\/webp","filesize":135432,"url":"https:\/\/go-bosnia.com\/wp-content\/uploads\/2026\/04\/pecka-cover-1024x384.webp"},"thumbnail":{"file":"pecka-cover-150x150.webp","width":150,"height":150,"mime-type":"image\/webp","filesize":12466,"url":"https:\/\/go-bosnia.com\/wp-content\/uploads\/2026\/04\/pecka-cover-150x150.webp"},"medium_large":{"file":"pecka-cover-768x288.webp","width":768,"height":288,"mime-type":"image\/webp","filesize":85100,"url":"https:\/\/go-bosnia.com\/wp-content\/uploads\/2026\/04\/pecka-cover-768x288.webp"},"1536x1536":{"file":"pecka-cover-1536x576.webp","width":1536,"height":576,"mime-type":"image\/webp","filesize":240332,"url":"https:\/\/go-bosnia.com\/wp-content\/uploads\/2026\/04\/pecka-cover-1536x576.webp"},"trp-custom-language-flag":{"file":"pecka-cover-18x7.webp","width":18,"height":7,"mime-type":"image\/webp","filesize":1634,"url":"https:\/\/go-bosnia.com\/wp-content\/uploads\/2026\/04\/pecka-cover-18x7.webp"},"neve-blog":{"file":"pecka-cover-930x620.webp","width":930,"height":620,"mime-type":"image\/webp","filesize":157158,"url":"https:\/\/go-bosnia.com\/wp-content\/uploads\/2026\/04\/pecka-cover-930x620.webp"}},"image_meta":{"aperture":"0","credit":"","camera":"","caption":"","created_timestamp":"0","copyright":"","focal_length":"0","iso":"0","shutter_speed":"0","title":"","orientation":"0","keywords":[]},"ID":"3948","name":"pecka-cover.webp","path":"\/home\/markop5\/go-bosnia.com\/wp-content\/uploads\/2026\/04\/pecka-cover.webp","url":"https:\/\/go-bosnia.com\/wp-content\/uploads\/2026\/04\/pecka-cover-150x150.webp","full_url":"https:\/\/go-bosnia.com\/wp-content\/uploads\/2026\/04\/pecka-cover.webp","title":"Pecka Mrkonji\u0107 Grad","caption":"","description":"","alt":"Pecka Mrkonji\u0107 Grad","srcset":false},"slika_za_karticu":{"width":150,"height":150,"file":"2026\/04\/pecka-card.webp","filesize":61856,"sizes":{"medium":{"file":"pecka-card-240x300.webp","width":240,"height":300,"mime-type":"image\/webp","filesize":31840,"url":"https:\/\/go-bosnia.com\/wp-content\/uploads\/2026\/04\/pecka-card-240x300.webp"},"thumbnail":{"file":"pecka-card-150x150.webp","width":150,"height":150,"mime-type":"image\/webp","filesize":12176,"url":"https:\/\/go-bosnia.com\/wp-content\/uploads\/2026\/04\/pecka-card-150x150.webp"},"trp-custom-language-flag":{"file":"pecka-card-10x12.webp","width":10,"height":12,"mime-type":"image\/webp","filesize":1616,"url":"https:\/\/go-bosnia.com\/wp-content\/uploads\/2026\/04\/pecka-card-10x12.webp"}},"image_meta":{"aperture":"0","credit":"","camera":"","caption":"","created_timestamp":"0","copyright":"","focal_length":"0","iso":"0","shutter_speed":"0","title":"","orientation":"0","keywords":[]},"ID":"3949","name":"pecka-card.webp","path":"\/home\/markop5\/go-bosnia.com\/wp-content\/uploads\/2026\/04\/pecka-card.webp","url":"https:\/\/go-bosnia.com\/wp-content\/uploads\/2026\/04\/pecka-card-150x150.webp","full_url":"https:\/\/go-bosnia.com\/wp-content\/uploads\/2026\/04\/pecka-card.webp","title":"Pecka Mrkonji\u0107 Grad","caption":"","description":"","alt":"Pecka Mrkonji\u0107 Grad","srcset":false},"prioritet":"75","unesco":"0","eko_turizam":"1","entitet_sa_ikonicom":"0","ikonica_entiteta":false,"kratki_opis":"Centar za posjetioce Pecka nalazi se u Gornjoj Peckoj, u prirodnom ambijentu izme\u0111u Mrkonji\u0107 Grada i \u0160ipova. Smje\u0161ten je u obnovljenoj zgradi nekada\u0161nje osnovne \u0161kole iz 1931. godine i danas predstavlja jedno od najva\u017enijih mjesta za eko, ruralni i avanturisti\u010dki turizam u ovom dijelu Bosne i Hercegovine. Pecka je poznata po mirnom seoskom ambijentu, \u010distoj prirodi, planinskim pejza\u017eima, penjali\u0161tu, biciklisti\u010dkim rutama, kampovanju, \u0161etnjama i blizini izvora rijeke Sane.","geografska_sirina":"44.3264499","geografska_duzina":"16.8939095","adresa":"Gornja Pecka 158, Mrkonji\u0107 Grad","broj_telefona":"+387 65 619 508","email_adresa":"office@greenways.ba","instagram":"https:\/\/www.instagram.com\/visitorcenter.pecka\/","facebook":"https:\/\/www.facebook.com\/visitpecka\/","tiktok":"","website":"https:\/\/greenways.ba\/","placeno":"0","nivo":"","tekst_linka":"","eksterni_link":"","booking_link":""},"_links":{"self":[{"href":"https:\/\/go-bosnia.com\/en\/wp-json\/wp\/v2\/entitet\/3950","targetHints":{"allow":["GET"]}}],"collection":[{"href":"https:\/\/go-bosnia.com\/en\/wp-json\/wp\/v2\/entitet"}],"about":[{"href":"https:\/\/go-bosnia.com\/en\/wp-json\/wp\/v2\/types\/entitet"}],"wp:featuredmedia":[{"embeddable":true,"href":"https:\/\/go-bosnia.com\/en\/wp-json\/wp\/v2\/media\/3948"}],"wp:attachment":[{"href":"https:\/\/go-bosnia.com\/en\/wp-json\/wp\/v2\/media?parent=3950"}],"wp:term":[{"taxonomy":"post_tag","embeddable":true,"href":"https:\/\/go-bosnia.com\/en\/wp-json\/wp\/v2\/tags?post=3950"}],"curies":[{"name":"wp","href":"https:\/\/api.w.org\/{rel}","templated":true}]}}

Pecka Mrkonjić Grad

Centar za posjetioce Pecka nalazi se u Gornjoj Peckoj, u prirodnom ambijentu između Mrkonjić Grada i Šipova. Smješten je u obnovljenoj zgradi nekadašnje osnovne škole iz 1931. godine i danas predstavlja jedno od najvažnijih mjesta za eko, ruralni i avanturistički turizam u ovom dijelu Bosne i Hercegovine. Pecka je poznata po mirnom seoskom ambijentu, čistoj prirodi, planinskim pejzažima, penjalištu, biciklističkim rutama, kampovanju, šetnjama i blizini izvora rijeke Sane.

Gornja Pecka 158, Mrkonjić Grad
