{"id":4015,"date":"2026-04-28T11:00:08","date_gmt":"2026-04-28T11:00:08","guid":{"rendered":"https:\/\/go-bosnia.com\/?post_type=entitet&#038;p=4015"},"modified":"2026-04-28T11:00:08","modified_gmt":"2026-04-28T11:00:08","slug":"narodna-biblioteka-branko-radicevic","status":"publish","type":"entitet","link":"https:\/\/go-bosnia.com\/en\/entitet\/narodna-biblioteka-branko-radicevic\/","title":{"rendered":"Narodna biblioteka Branko Radi\u010devi\u0107"},"excerpt":{"rendered":"","protected":false},"featured_media":4016,"parent":0,"template":"","tags":[11,12,17],"class_list":["post-4015","entitet","type-entitet","status-publish","has-post-thumbnail","hentry","tag-idealno-za-fotografije","tag-tragovima-proslosti","tag-zasticena-podrucja"],"uagb_featured_image_src":{"full":["https:\/\/go-bosnia.com\/wp-content\/uploads\/2026\/04\/GoBosnia-Narodna-biblioteka-Branko-Radicevic-cover.webp",1920,720,false],"thumbnail":["https:\/\/go-bosnia.com\/wp-content\/uploads\/2026\/04\/GoBosnia-Narodna-biblioteka-Branko-Radicevic-cover-150x150.webp",150,150,true],"medium":["https:\/\/go-bosnia.com\/wp-content\/uploads\/2026\/04\/GoBosnia-Narodna-biblioteka-Branko-Radicevic-cover-300x113.webp",300,113,true],"medium_large":["https:\/\/go-bosnia.com\/wp-content\/uploads\/2026\/04\/GoBosnia-Narodna-biblioteka-Branko-Radicevic-cover-768x288.webp",768,288,true],"large":["https:\/\/go-bosnia.com\/wp-content\/uploads\/2026\/04\/GoBosnia-Narodna-biblioteka-Branko-Radicevic-cover-1024x384.webp",1024,384,true],"1536x1536":["https:\/\/go-bosnia.com\/wp-content\/uploads\/2026\/04\/GoBosnia-Narodna-biblioteka-Branko-Radicevic-cover-1536x576.webp",1536,576,true],"2048x2048":["https:\/\/go-bosnia.com\/wp-content\/uploads\/2026\/04\/GoBosnia-Narodna-biblioteka-Branko-Radicevic-cover.webp",1920,720,false],"trp-custom-language-flag":["https:\/\/go-bosnia.com\/wp-content\/uploads\/2026\/04\/GoBosnia-Narodna-biblioteka-Branko-Radicevic-cover-18x7.webp",18,7,true],"neve-blog":["https:\/\/go-bosnia.com\/wp-content\/uploads\/2026\/04\/GoBosnia-Narodna-biblioteka-Branko-Radicevic-cover-930x620.webp",930,620,true]},"uagb_author_info":{"display_name":"Branko Leburi\u0107","author_link":"https:\/\/go-bosnia.com\/en\/author\/"},"uagb_comment_info":0,"uagb_excerpt":null,"meta_box":{"podnaslov":"Spomenik kulture","sira_kategorija":"Kulturno-istorijske i vjerske znamenitosti","uza_kategorija":"Spomenik","skriveni_entitet":"0","globalna_atrakcija":"0","lokalna_atrakcija":"1","grad":"3153","gradovi_u_blizini":[],"regija":"252","moze_sadrzati_entitete":"0","superentitet":[],"cover_fotografija":{"width":150,"height":150,"file":"2026\/04\/GoBosnia-Narodna-biblioteka-Branko-Radicevic-cover.webp","filesize":154284,"sizes":{"medium":{"file":"GoBosnia-Narodna-biblioteka-Branko-Radicevic-cover-300x113.webp","width":300,"height":113,"mime-type":"image\/webp","filesize":9770,"url":"https:\/\/go-bosnia.com\/wp-content\/uploads\/2026\/04\/GoBosnia-Narodna-biblioteka-Branko-Radicevic-cover-300x113.webp"},"large":{"file":"GoBosnia-Narodna-biblioteka-Branko-Radicevic-cover-1024x384.webp","width":1024,"height":384,"mime-type":"image\/webp","filesize":72390,"url":"https:\/\/go-bosnia.com\/wp-content\/uploads\/2026\/04\/GoBosnia-Narodna-biblioteka-Branko-Radicevic-cover-1024x384.webp"},"thumbnail":{"file":"GoBosnia-Narodna-biblioteka-Branko-Radicevic-cover-150x150.webp","width":150,"height":150,"mime-type":"image\/webp","filesize":5472,"url":"https:\/\/go-bosnia.com\/wp-content\/uploads\/2026\/04\/GoBosnia-Narodna-biblioteka-Branko-Radicevic-cover-150x150.webp"},"medium_large":{"file":"GoBosnia-Narodna-biblioteka-Branko-Radicevic-cover-768x288.webp","width":768,"height":288,"mime-type":"image\/webp","filesize":45566,"url":"https:\/\/go-bosnia.com\/wp-content\/uploads\/2026\/04\/GoBosnia-Narodna-biblioteka-Branko-Radicevic-cover-768x288.webp"},"1536x1536":{"file":"GoBosnia-Narodna-biblioteka-Branko-Radicevic-cover-1536x576.webp","width":1536,"height":576,"mime-type":"image\/webp","filesize":133758,"url":"https:\/\/go-bosnia.com\/wp-content\/uploads\/2026\/04\/GoBosnia-Narodna-biblioteka-Branko-Radicevic-cover-1536x576.webp"},"trp-custom-language-flag":{"file":"GoBosnia-Narodna-biblioteka-Branko-Radicevic-cover-18x7.webp","width":18,"height":7,"mime-type":"image\/webp","filesize":170,"url":"https:\/\/go-bosnia.com\/wp-content\/uploads\/2026\/04\/GoBosnia-Narodna-biblioteka-Branko-Radicevic-cover-18x7.webp"},"neve-blog":{"file":"GoBosnia-Narodna-biblioteka-Branko-Radicevic-cover-930x620.webp","width":930,"height":620,"mime-type":"image\/webp","filesize":81190,"url":"https:\/\/go-bosnia.com\/wp-content\/uploads\/2026\/04\/GoBosnia-Narodna-biblioteka-Branko-Radicevic-cover-930x620.webp"}},"image_meta":{"aperture":"0","credit":"","camera":"","caption":"","created_timestamp":"0","copyright":"","focal_length":"0","iso":"0","shutter_speed":"0","title":"","orientation":"0","keywords":[]},"ID":"4016","name":"GoBosnia-Narodna-biblioteka-Branko-Radicevic-cover.webp","path":"\/home\/markop5\/go-bosnia.com\/wp-content\/uploads\/2026\/04\/GoBosnia-Narodna-biblioteka-Branko-Radicevic-cover.webp","url":"https:\/\/go-bosnia.com\/wp-content\/uploads\/2026\/04\/GoBosnia-Narodna-biblioteka-Branko-Radicevic-cover-150x150.webp","full_url":"https:\/\/go-bosnia.com\/wp-content\/uploads\/2026\/04\/GoBosnia-Narodna-biblioteka-Branko-Radicevic-cover.webp","title":"Narodna biblioteka Branko Radi\u010devi\u0107 Derventa","caption":"","description":"","alt":"Narodna biblioteka Branko Radi\u010devi\u0107 Derventa","srcset":false},"slika_za_karticu":{"width":150,"height":150,"file":"2026\/04\/Narodna-biblioteka-Branko-Radicevic-card.png","filesize":308774,"sizes":{"medium":{"file":"Narodna-biblioteka-Branko-Radicevic-card-240x300.png","width":240,"height":300,"mime-type":"image\/png","filesize":110905,"url":"https:\/\/go-bosnia.com\/wp-content\/uploads\/2026\/04\/Narodna-biblioteka-Branko-Radicevic-card-240x300.png"},"thumbnail":{"file":"Narodna-biblioteka-Branko-Radicevic-card-150x150.png","width":150,"height":150,"mime-type":"image\/png","filesize":39249,"url":"https:\/\/go-bosnia.com\/wp-content\/uploads\/2026\/04\/Narodna-biblioteka-Branko-Radicevic-card-150x150.png"},"trp-custom-language-flag":{"file":"Narodna-biblioteka-Branko-Radicevic-card-10x12.png","width":10,"height":12,"mime-type":"image\/png","filesize":564,"url":"https:\/\/go-bosnia.com\/wp-content\/uploads\/2026\/04\/Narodna-biblioteka-Branko-Radicevic-card-10x12.png"}},"image_meta":{"aperture":"0","credit":"","camera":"","caption":"","created_timestamp":"0","copyright":"","focal_length":"0","iso":"0","shutter_speed":"0","title":"","orientation":"0","keywords":[]},"ID":"4017","name":"Narodna-biblioteka-Branko-Radicevic-card.png","path":"\/home\/markop5\/go-bosnia.com\/wp-content\/uploads\/2026\/04\/Narodna-biblioteka-Branko-Radicevic-card.png","url":"https:\/\/go-bosnia.com\/wp-content\/uploads\/2026\/04\/Narodna-biblioteka-Branko-Radicevic-card-150x150.png","full_url":"https:\/\/go-bosnia.com\/wp-content\/uploads\/2026\/04\/Narodna-biblioteka-Branko-Radicevic-card.png","title":"Narodna biblioteka Branko Radi\u010devi\u0107 Derventa","caption":"","description":"","alt":"","srcset":false},"prioritet":"60","unesco":"0","eko_turizam":"0","entitet_sa_ikonicom":"0","ikonica_entiteta":false,"kratki_opis":"U samom srcu grada smje\u0161tena je Narodna biblioteka \u201eBranko Radi\u010devi\u0107\u201c, jedini objekat u Derventi koji u\u017eiva status spomenika kulture pod za\u0161titom dr\u017eave. Izgra\u0111ena u austrougarskom periodu, zgrada plijeni poglede svojim fascinantnim pseudomavarskim stilom i rasko\u0161nim dekorativnim konturama.\r\n\r\nIako datira iz 1945. godine, danas je ovo moderan kulturni centar u kojem se prepli\u0107u knji\u017eevnost i istorija. Dok je prizemlje rezervisano za bogat bibliote\u010dki fond, sprat objekta \u010duva dragocjenu muzejsku postavku. Potpuno renovirana, ova gra\u0111evina nije samo dom knjige, ve\u0107 i najljep\u0161i svjedok urbanog naslje\u0111a i elegancije stare Dervente.","geografska_sirina":"44.97553","geografska_duzina":"17.90756","adresa":"Trg Oslobo\u0111enja 2, Derventa 74400, Bosna i Hercegovina","broj_telefona":"+38753332961","email_adresa":"","instagram":"","facebook":"","tiktok":"","website":"http:\/\/www.bibliotekaderventa.com\/","placeno":"0","nivo":"","tekst_linka":"","eksterni_link":"","booking_link":""},"_links":{"self":[{"href":"https:\/\/go-bosnia.com\/en\/wp-json\/wp\/v2\/entitet\/4015","targetHints":{"allow":["GET"]}}],"collection":[{"href":"https:\/\/go-bosnia.com\/en\/wp-json\/wp\/v2\/entitet"}],"about":[{"href":"https:\/\/go-bosnia.com\/en\/wp-json\/wp\/v2\/types\/entitet"}],"wp:featuredmedia":[{"embeddable":true,"href":"https:\/\/go-bosnia.com\/en\/wp-json\/wp\/v2\/media\/4016"}],"wp:attachment":[{"href":"https:\/\/go-bosnia.com\/en\/wp-json\/wp\/v2\/media?parent=4015"}],"wp:term":[{"taxonomy":"post_tag","embeddable":true,"href":"https:\/\/go-bosnia.com\/en\/wp-json\/wp\/v2\/tags?post=4015"}],"curies":[{"name":"wp","href":"https:\/\/api.w.org\/{rel}","templated":true}]}}

Narodna biblioteka Branko Radičević

Branko Leburić

Narodna biblioteka Branko Radičević Derventa

U samom srcu grada smještena je Narodna biblioteka „Branko Radičević“, jedini objekat u Derventi koji uživa status spomenika kulture pod zaštitom države. Izgrađena u austrougarskom periodu, zgrada plijeni poglede svojim fascinantnim pseudomavarskim stilom i raskošnim dekorativnim konturama.

Iako datira iz 1945. godine, danas je ovo moderan kulturni centar u kojem se prepliću književnost i istorija. Dok je prizemlje rezervisano za bogat bibliotečki fond, sprat objekta čuva dragocjenu muzejsku postavku. Potpuno renovirana, ova građevina nije samo dom knjige, već i najljepši svjedok urbanog nasljeđa i elegancije stare Dervente.

Trg Oslobođenja 2, Derventa 74400, Bosna i Hercegovina
