{"id":4065,"date":"2026-04-29T10:57:04","date_gmt":"2026-04-29T10:57:04","guid":{"rendered":"https:\/\/go-bosnia.com\/?post_type=entitet&#038;p=4065"},"modified":"2026-04-29T10:57:04","modified_gmt":"2026-04-29T10:57:04","slug":"kuca-branka-copica","status":"publish","type":"entitet","link":"https:\/\/go-bosnia.com\/en\/entitet\/kuca-branka-copica\/","title":{"rendered":"Ku\u0107a Branka \u0106opi\u0107a"},"excerpt":{"rendered":"","protected":false},"featured_media":4066,"parent":0,"template":"","tags":[11,12],"class_list":["post-4065","entitet","type-entitet","status-publish","has-post-thumbnail","hentry","tag-idealno-za-fotografije","tag-tragovima-proslosti"],"uagb_featured_image_src":{"full":["https:\/\/go-bosnia.com\/wp-content\/uploads\/2026\/04\/GoBosnia-Ku-a-Branka-opi-a-cover.webp",1920,720,false],"thumbnail":["https:\/\/go-bosnia.com\/wp-content\/uploads\/2026\/04\/GoBosnia-Ku-a-Branka-opi-a-cover-150x150.webp",150,150,true],"medium":["https:\/\/go-bosnia.com\/wp-content\/uploads\/2026\/04\/GoBosnia-Ku-a-Branka-opi-a-cover-300x113.webp",300,113,true],"medium_large":["https:\/\/go-bosnia.com\/wp-content\/uploads\/2026\/04\/GoBosnia-Ku-a-Branka-opi-a-cover-768x288.webp",768,288,true],"large":["https:\/\/go-bosnia.com\/wp-content\/uploads\/2026\/04\/GoBosnia-Ku-a-Branka-opi-a-cover-1024x384.webp",1024,384,true],"1536x1536":["https:\/\/go-bosnia.com\/wp-content\/uploads\/2026\/04\/GoBosnia-Ku-a-Branka-opi-a-cover-1536x576.webp",1536,576,true],"2048x2048":["https:\/\/go-bosnia.com\/wp-content\/uploads\/2026\/04\/GoBosnia-Ku-a-Branka-opi-a-cover.webp",1920,720,false],"trp-custom-language-flag":["https:\/\/go-bosnia.com\/wp-content\/uploads\/2026\/04\/GoBosnia-Ku-a-Branka-opi-a-cover-18x7.webp",18,7,true],"neve-blog":["https:\/\/go-bosnia.com\/wp-content\/uploads\/2026\/04\/GoBosnia-Ku-a-Branka-opi-a-cover-930x620.webp",930,620,true]},"uagb_author_info":{"display_name":"Branko Leburi\u0107","author_link":"https:\/\/go-bosnia.com\/en\/author\/"},"uagb_comment_info":0,"uagb_excerpt":null,"meta_box":{"podnaslov":"","sira_kategorija":"Kulturno-istorijske i vjerske znamenitosti","uza_kategorija":"Muzej","skriveni_entitet":"0","globalna_atrakcija":"1","lokalna_atrakcija":"1","grad":"","gradovi_u_blizini":["1036"],"regija":"246","moze_sadrzati_entitete":"0","superentitet":[],"cover_fotografija":{"width":150,"height":150,"file":"2026\/04\/GoBosnia-Ku-a-Branka-opi-a-cover.webp","filesize":161506,"sizes":{"medium":{"file":"GoBosnia-Ku-a-Branka-opi-a-cover-300x113.webp","width":300,"height":113,"mime-type":"image\/webp","filesize":9198,"url":"https:\/\/go-bosnia.com\/wp-content\/uploads\/2026\/04\/GoBosnia-Ku-a-Branka-opi-a-cover-300x113.webp"},"large":{"file":"GoBosnia-Ku-a-Branka-opi-a-cover-1024x384.webp","width":1024,"height":384,"mime-type":"image\/webp","filesize":76514,"url":"https:\/\/go-bosnia.com\/wp-content\/uploads\/2026\/04\/GoBosnia-Ku-a-Branka-opi-a-cover-1024x384.webp"},"thumbnail":{"file":"GoBosnia-Ku-a-Branka-opi-a-cover-150x150.webp","width":150,"height":150,"mime-type":"image\/webp","filesize":5036,"url":"https:\/\/go-bosnia.com\/wp-content\/uploads\/2026\/04\/GoBosnia-Ku-a-Branka-opi-a-cover-150x150.webp"},"medium_large":{"file":"GoBosnia-Ku-a-Branka-opi-a-cover-768x288.webp","width":768,"height":288,"mime-type":"image\/webp","filesize":46992,"url":"https:\/\/go-bosnia.com\/wp-content\/uploads\/2026\/04\/GoBosnia-Ku-a-Branka-opi-a-cover-768x288.webp"},"1536x1536":{"file":"GoBosnia-Ku-a-Branka-opi-a-cover-1536x576.webp","width":1536,"height":576,"mime-type":"image\/webp","filesize":140008,"url":"https:\/\/go-bosnia.com\/wp-content\/uploads\/2026\/04\/GoBosnia-Ku-a-Branka-opi-a-cover-1536x576.webp"},"trp-custom-language-flag":{"file":"GoBosnia-Ku-a-Branka-opi-a-cover-18x7.webp","width":18,"height":7,"mime-type":"image\/webp","filesize":196,"url":"https:\/\/go-bosnia.com\/wp-content\/uploads\/2026\/04\/GoBosnia-Ku-a-Branka-opi-a-cover-18x7.webp"},"neve-blog":{"file":"GoBosnia-Ku-a-Branka-opi-a-cover-930x620.webp","width":930,"height":620,"mime-type":"image\/webp","filesize":66996,"url":"https:\/\/go-bosnia.com\/wp-content\/uploads\/2026\/04\/GoBosnia-Ku-a-Branka-opi-a-cover-930x620.webp"}},"image_meta":{"aperture":"0","credit":"","camera":"","caption":"","created_timestamp":"0","copyright":"","focal_length":"0","iso":"0","shutter_speed":"0","title":"","orientation":"0","keywords":[]},"ID":"4066","name":"GoBosnia-Ku-a-Branka-opi-a-cover.webp","path":"\/home\/markop5\/go-bosnia.com\/wp-content\/uploads\/2026\/04\/GoBosnia-Ku-a-Branka-opi-a-cover.webp","url":"https:\/\/go-bosnia.com\/wp-content\/uploads\/2026\/04\/GoBosnia-Ku-a-Branka-opi-a-cover-150x150.webp","full_url":"https:\/\/go-bosnia.com\/wp-content\/uploads\/2026\/04\/GoBosnia-Ku-a-Branka-opi-a-cover.webp","title":"Ku\u0107a Branka \u0106opi\u0107a","caption":"","description":"","alt":"Ku\u0107a Branka \u0106opi\u0107a","srcset":false},"slika_za_karticu":{"width":150,"height":150,"file":"2026\/04\/Ku-a-Branka-opi-a-card.webp","filesize":24388,"sizes":{"medium":{"file":"Ku-a-Branka-opi-a-card-240x300.webp","width":240,"height":300,"mime-type":"image\/webp","filesize":12670,"url":"https:\/\/go-bosnia.com\/wp-content\/uploads\/2026\/04\/Ku-a-Branka-opi-a-card-240x300.webp"},"thumbnail":{"file":"Ku-a-Branka-opi-a-card-150x150.webp","width":150,"height":150,"mime-type":"image\/webp","filesize":5286,"url":"https:\/\/go-bosnia.com\/wp-content\/uploads\/2026\/04\/Ku-a-Branka-opi-a-card-150x150.webp"},"trp-custom-language-flag":{"file":"Ku-a-Branka-opi-a-card-10x12.webp","width":10,"height":12,"mime-type":"image\/webp","filesize":162,"url":"https:\/\/go-bosnia.com\/wp-content\/uploads\/2026\/04\/Ku-a-Branka-opi-a-card-10x12.webp"}},"image_meta":{"aperture":"0","credit":"","camera":"","caption":"","created_timestamp":"0","copyright":"","focal_length":"0","iso":"0","shutter_speed":"0","title":"","orientation":"0","keywords":[]},"ID":"4067","name":"Ku-a-Branka-opi-a-card.webp","path":"\/home\/markop5\/go-bosnia.com\/wp-content\/uploads\/2026\/04\/Ku-a-Branka-opi-a-card.webp","url":"https:\/\/go-bosnia.com\/wp-content\/uploads\/2026\/04\/Ku-a-Branka-opi-a-card-150x150.webp","full_url":"https:\/\/go-bosnia.com\/wp-content\/uploads\/2026\/04\/Ku-a-Branka-opi-a-card.webp","title":"Ku\u0107a Branka \u0106opi\u0107a","caption":"","description":"","alt":"","srcset":false},"prioritet":"65","unesco":"0","eko_turizam":"0","entitet_sa_ikonicom":"0","ikonica_entiteta":false,"kratki_opis":"U pitomim Ha\u0161anima, podno Grme\u010da, ponovo su otvorena vrata doma koji je iznedrio najljep\u0161e pri\u010de na\u0161eg djetinjstva. Autenti\u010dna replika rodne ku\u0107e Branka \u0106opi\u0107a, otvorena 2020. godine, srce je spomen-podru\u010dja \u201eBa\u0161ta sljezove boje\u201c.\r\n\r\nOvdje, na oko 36 hektara \u010diste nostalgije, o\u017eivljavaju likovi iz Brankovih djela. Posjeta Ha\u0161anima nije samo izlet, ve\u0107 povratak u svijet vedrine i ma\u0161te velikog pisca, tamo gdje miris sljeza jo\u0161 uvijek \u010duva sje\u0107anje na djedov mlin i magi\u010dne staze odrastanja.","geografska_sirina":"44.82446","geografska_duzina":"16.34441","adresa":"R8FV+RVJ, Bosna i Hercegovina","broj_telefona":"","email_adresa":"","instagram":"","facebook":"","tiktok":"","website":"","placeno":"0","nivo":"","tekst_linka":"","eksterni_link":"","booking_link":""},"_links":{"self":[{"href":"https:\/\/go-bosnia.com\/en\/wp-json\/wp\/v2\/entitet\/4065","targetHints":{"allow":["GET"]}}],"collection":[{"href":"https:\/\/go-bosnia.com\/en\/wp-json\/wp\/v2\/entitet"}],"about":[{"href":"https:\/\/go-bosnia.com\/en\/wp-json\/wp\/v2\/types\/entitet"}],"wp:featuredmedia":[{"embeddable":true,"href":"https:\/\/go-bosnia.com\/en\/wp-json\/wp\/v2\/media\/4066"}],"wp:attachment":[{"href":"https:\/\/go-bosnia.com\/en\/wp-json\/wp\/v2\/media?parent=4065"}],"wp:term":[{"taxonomy":"post_tag","embeddable":true,"href":"https:\/\/go-bosnia.com\/en\/wp-json\/wp\/v2\/tags?post=4065"}],"curies":[{"name":"wp","href":"https:\/\/api.w.org\/{rel}","templated":true}]}}

Kuća Branka Ćopića

Branko Leburić

U pitomim Hašanima, podno Grmeča, ponovo su otvorena vrata doma koji je iznedrio najljepše priče našeg djetinjstva. Autentična replika rodne kuće Branka Ćopića, otvorena 2020. godine, srce je spomen-područja „Bašta sljezove boje“.

Ovdje, na oko 36 hektara čiste nostalgije, oživljavaju likovi iz Brankovih djela. Posjeta Hašanima nije samo izlet, već povratak u svijet vedrine i mašte velikog pisca, tamo gdje miris sljeza još uvijek čuva sjećanje na djedov mlin i magične staze odrastanja.
