{"id":675,"date":"2026-04-02T10:37:16","date_gmt":"2026-04-02T10:37:16","guid":{"rendered":"https:\/\/go-bosnia.com\/?post_type=entitet&#038;p=675"},"modified":"2026-04-02T10:38:13","modified_gmt":"2026-04-02T10:38:13","slug":"careva-dzamija","status":"publish","type":"entitet","link":"https:\/\/go-bosnia.com\/en\/entitet\/careva-dzamija\/","title":{"rendered":"Careva d\u017eamija"},"excerpt":{"rendered":"","protected":false},"featured_media":669,"parent":0,"template":"","tags":[21,12,10],"class_list":["post-675","entitet","type-entitet","status-publish","has-post-thumbnail","hentry","tag-osmansko-doba","tag-tragovima-proslosti","tag-u-srcu-tradicije"],"uagb_featured_image_src":{"full":["https:\/\/go-bosnia.com\/wp-content\/uploads\/2026\/04\/careva-dzamija-cover.webp",1920,720,false],"thumbnail":["https:\/\/go-bosnia.com\/wp-content\/uploads\/2026\/04\/careva-dzamija-cover-150x150.webp",150,150,true],"medium":["https:\/\/go-bosnia.com\/wp-content\/uploads\/2026\/04\/careva-dzamija-cover-300x113.webp",300,113,true],"medium_large":["https:\/\/go-bosnia.com\/wp-content\/uploads\/2026\/04\/careva-dzamija-cover-768x288.webp",768,288,true],"large":["https:\/\/go-bosnia.com\/wp-content\/uploads\/2026\/04\/careva-dzamija-cover-1024x384.webp",1024,384,true],"1536x1536":["https:\/\/go-bosnia.com\/wp-content\/uploads\/2026\/04\/careva-dzamija-cover-1536x576.webp",1536,576,true],"2048x2048":["https:\/\/go-bosnia.com\/wp-content\/uploads\/2026\/04\/careva-dzamija-cover.webp",1920,720,false],"trp-custom-language-flag":["https:\/\/go-bosnia.com\/wp-content\/uploads\/2026\/04\/careva-dzamija-cover.webp",18,7,false],"neve-blog":["https:\/\/go-bosnia.com\/wp-content\/uploads\/2026\/04\/careva-dzamija-cover-930x620.webp",930,620,true]},"uagb_author_info":{"display_name":"marko453","author_link":"https:\/\/go-bosnia.com\/en\/author\/"},"uagb_comment_info":0,"uagb_excerpt":null,"meta_box":{"podnaslov":"Najstarija sarajevska d\u017eamija","sira_kategorija":"Kulturno-istorijske i vjerske znamenitosti","uza_kategorija":"D\u017eamija","skriveni_entitet":"0","globalna_atrakcija":"0","lokalna_atrakcija":"0","grad":"217","gradovi_u_blizini":[],"regija":"152","moze_sadrzati_entitete":"0","superentitet":[],"cover_fotografija":{"width":150,"height":150,"file":"2026\/04\/careva-dzamija-cover.webp","filesize":203318,"sizes":{"medium":{"file":"careva-dzamija-cover-300x113.webp","width":300,"height":113,"mime-type":"image\/webp","filesize":12720,"url":"https:\/\/go-bosnia.com\/wp-content\/uploads\/2026\/04\/careva-dzamija-cover-300x113.webp"},"large":{"file":"careva-dzamija-cover-1024x384.webp","width":1024,"height":384,"mime-type":"image\/webp","filesize":110682,"url":"https:\/\/go-bosnia.com\/wp-content\/uploads\/2026\/04\/careva-dzamija-cover-1024x384.webp"},"thumbnail":{"file":"careva-dzamija-cover-150x150.webp","width":150,"height":150,"mime-type":"image\/webp","filesize":8414,"url":"https:\/\/go-bosnia.com\/wp-content\/uploads\/2026\/04\/careva-dzamija-cover-150x150.webp"},"medium_large":{"file":"careva-dzamija-cover-768x288.webp","width":768,"height":288,"mime-type":"image\/webp","filesize":68762,"url":"https:\/\/go-bosnia.com\/wp-content\/uploads\/2026\/04\/careva-dzamija-cover-768x288.webp"},"1536x1536":{"file":"careva-dzamija-cover-1536x576.webp","width":1536,"height":576,"mime-type":"image\/webp","filesize":195088,"url":"https:\/\/go-bosnia.com\/wp-content\/uploads\/2026\/04\/careva-dzamija-cover-1536x576.webp"},"neve-blog":{"file":"careva-dzamija-cover-930x620.webp","width":930,"height":620,"mime-type":"image\/webp","filesize":118398,"url":"https:\/\/go-bosnia.com\/wp-content\/uploads\/2026\/04\/careva-dzamija-cover-930x620.webp"}},"image_meta":{"aperture":"0","credit":"","camera":"","caption":"","created_timestamp":"0","copyright":"","focal_length":"0","iso":"0","shutter_speed":"0","title":"","orientation":"0","keywords":[]},"ID":"669","name":"careva-dzamija-cover.webp","path":"\/home\/markop5\/go-bosnia.com\/wp-content\/uploads\/2026\/04\/careva-dzamija-cover.webp","url":"https:\/\/go-bosnia.com\/wp-content\/uploads\/2026\/04\/careva-dzamija-cover-150x150.webp","full_url":"https:\/\/go-bosnia.com\/wp-content\/uploads\/2026\/04\/careva-dzamija-cover.webp","title":"Careva d\u017eamija Sarajevo","caption":"","description":"","alt":"Careva d\u017eamija Sarajevo","srcset":false},"slika_za_karticu":{"width":150,"height":150,"file":"2026\/04\/careva-dzamija-card.webp","filesize":42674,"sizes":{"medium":{"file":"careva-dzamija-card-240x300.webp","width":240,"height":300,"mime-type":"image\/webp","filesize":22682,"url":"https:\/\/go-bosnia.com\/wp-content\/uploads\/2026\/04\/careva-dzamija-card-240x300.webp"},"thumbnail":{"file":"careva-dzamija-card-150x150.webp","width":150,"height":150,"mime-type":"image\/webp","filesize":8794,"url":"https:\/\/go-bosnia.com\/wp-content\/uploads\/2026\/04\/careva-dzamija-card-150x150.webp"}},"image_meta":{"aperture":"0","credit":"","camera":"","caption":"","created_timestamp":"0","copyright":"","focal_length":"0","iso":"0","shutter_speed":"0","title":"","orientation":"0","keywords":[]},"ID":"670","name":"careva-dzamija-card.webp","path":"\/home\/markop5\/go-bosnia.com\/wp-content\/uploads\/2026\/04\/careva-dzamija-card.webp","url":"https:\/\/go-bosnia.com\/wp-content\/uploads\/2026\/04\/careva-dzamija-card-150x150.webp","full_url":"https:\/\/go-bosnia.com\/wp-content\/uploads\/2026\/04\/careva-dzamija-card.webp","title":"Careva d\u017eamija Sarajevo","caption":"","description":"","alt":"Careva d\u017eamija Sarajevo","srcset":false},"prioritet":"86","unesco":"0","eko_turizam":"0","entitet_sa_ikonicom":"0","ikonica_entiteta":false,"kratki_opis":"Careva d\u017eamija spada me\u0111u najzna\u010dajnije sakralne objekte u Sarajevu i vezuje se za same po\u010detke urbanog razvoja grada. Prvobitno je podignuta u 15. vijeku, a dana\u0161nji izgled najve\u0107im dijelom duguje obnovi iz 1565. godine. Smje\u0161tena uz Miljacku, odi\u0161e mirom, istorijom i prepoznatljivom osmanskom arhitekturom.","geografska_sirina":"43.8574323","geografska_duzina":"18.4306668","adresa":"","broj_telefona":"","email_adresa":"","instagram":"","facebook":"","tiktok":"","website":"","placeno":"0","nivo":"","tekst_linka":"","eksterni_link":"","booking_link":""},"_links":{"self":[{"href":"https:\/\/go-bosnia.com\/en\/wp-json\/wp\/v2\/entitet\/675","targetHints":{"allow":["GET"]}}],"collection":[{"href":"https:\/\/go-bosnia.com\/en\/wp-json\/wp\/v2\/entitet"}],"about":[{"href":"https:\/\/go-bosnia.com\/en\/wp-json\/wp\/v2\/types\/entitet"}],"wp:featuredmedia":[{"embeddable":true,"href":"https:\/\/go-bosnia.com\/en\/wp-json\/wp\/v2\/media\/669"}],"wp:attachment":[{"href":"https:\/\/go-bosnia.com\/en\/wp-json\/wp\/v2\/media?parent=675"}],"wp:term":[{"taxonomy":"post_tag","embeddable":true,"href":"https:\/\/go-bosnia.com\/en\/wp-json\/wp\/v2\/tags?post=675"}],"curies":[{"name":"wp","href":"https:\/\/api.w.org\/{rel}","templated":true}]}}

Careva džamija

Najstarija sarajevska džamija

Džamija

Careva džamija Sarajevo

Careva džamija spada među najznačajnije sakralne objekte u Sarajevu i vezuje se za same početke urbanog razvoja grada. Prvobitno je podignuta u 15. vijeku, a današnji izgled najvećim dijelom duguje obnovi iz 1565. godine. Smještena uz Miljacku, odiše mirom, istorijom i prepoznatljivom osmanskom arhitekturom.
