{"id":2053,"date":"2026-04-18T09:20:52","date_gmt":"2026-04-18T09:20:52","guid":{"rendered":"https:\/\/go-bosnia.com\/?post_type=grad&#038;p=2053"},"modified":"2026-04-23T10:41:06","modified_gmt":"2026-04-23T10:41:06","slug":"gradacac","status":"publish","type":"grad","link":"https:\/\/go-bosnia.com\/en\/grad\/gradacac\/","title":{"rendered":"Grada\u010dac"},"content":{"rendered":"","protected":false},"featured_media":0,"parent":0,"template":"","tags":[],"class_list":["post-2053","grad","type-grad","status-publish","hentry"],"uagb_featured_image_src":{"full":false,"thumbnail":false,"medium":false,"medium_large":false,"large":false,"1536x1536":false,"2048x2048":false,"trp-custom-language-flag":false,"neve-blog":false},"uagb_author_info":{"display_name":"Marko Balaban","author_link":"https:\/\/go-bosnia.com\/en\/author\/"},"uagb_comment_info":0,"uagb_excerpt":null,"meta_box":{"genitiv":"Grada\u010dca","kratki_opis":"Grada\u010dac je historijski dragulj sjeveroisto\u010dne Bosne, smje\u0161ten na slikovitim obroncima planine Trebave. Gradom dominira monumentalna Bijela kula Husein-kapetana Grada\u0161\u010devi\u0107a, koja uz obli\u017enja jezera i ljekovite banje \u010dini savr\u0161en spoj bogate tradicije i prirodnih ljepota.","puni_opis":"Grada\u010dac je grad u kojem se historija osje\u0107a na svakom koraku, od srednjovjekovnih zidina do autenti\u010dnih mahala. Njegov najprepoznatljiviji simbol je Stari grad, utvr\u0111eni kompleks unutar kojeg ponosno stoji Bijela kula, nekada\u0161nje sjedi\u0161te kapetana, a danas vidikovac s kojeg se pru\u017ea pogled na pet okolnih gradova. Pored kule, srce grada \u010dine Sahat-kula, d\u017eamija Husejnija te pravoslavna i katoli\u010dka crkva, svjedo\u010de\u0107i o vjekovnom su\u017eivotu.\r\n\r\nZa ljubitelje prirode, Grada\u010dac nudi jezera Hazna i Vidara, koja su od odbrambenih brana postala omiljena mjesta za odmor, ribolov i \u0161etnju. Grad je poznat i po svojoj gostoljubivosti, tradicionalnim specijalitetima poput hurma\u0161ica s jabukovim pekmezom, te \u010duvenom Sajmu \u0161ljive koji svake godine slavi plodnost posavske zemlje.","regija":"182","ilustracija":{"width":150,"height":150,"file":"2026\/04\/Ilustracija-gradacac-tvrdjava-optimized.webp","filesize":42496,"sizes":{"medium":{"file":"Ilustracija-gradacac-tvrdjava-optimized-300x226.webp","width":300,"height":226,"mime-type":"image\/webp","filesize":22698,"url":"https:\/\/go-bosnia.com\/wp-content\/uploads\/2026\/04\/Ilustracija-gradacac-tvrdjava-optimized-300x226.webp"},"thumbnail":{"file":"Ilustracija-gradacac-tvrdjava-optimized-150x150.webp","width":150,"height":150,"mime-type":"image\/webp","filesize":8756,"url":"https:\/\/go-bosnia.com\/wp-content\/uploads\/2026\/04\/Ilustracija-gradacac-tvrdjava-optimized-150x150.webp"},"trp-custom-language-flag":{"file":"Ilustracija-gradacac-tvrdjava-optimized-16x12.webp","width":16,"height":12,"mime-type":"image\/webp","filesize":504,"url":"https:\/\/go-bosnia.com\/wp-content\/uploads\/2026\/04\/Ilustracija-gradacac-tvrdjava-optimized-16x12.webp"}},"image_meta":{"aperture":"0","credit":"","camera":"","caption":"","created_timestamp":"0","copyright":"","focal_length":"0","iso":"0","shutter_speed":"0","title":"","orientation":"0","keywords":[]},"ID":"2985","name":"Ilustracija-gradacac-tvrdjava-optimized.webp","path":"\/home\/markop5\/go-bosnia.com\/wp-content\/uploads\/2026\/04\/Ilustracija-gradacac-tvrdjava-optimized.webp","url":"https:\/\/go-bosnia.com\/wp-content\/uploads\/2026\/04\/Ilustracija-gradacac-tvrdjava-optimized-150x150.webp","full_url":"https:\/\/go-bosnia.com\/wp-content\/uploads\/2026\/04\/Ilustracija-gradacac-tvrdjava-optimized.webp","title":"Tvr\u0111ava Grada\u010dac ilustracija","caption":"","description":"","alt":"Tvr\u0111ava Grada\u010dac ilustracija","srcset":false},"prioritet":"72","vazan_grad":"1","povrsina":"218","broj_stanovnika":"39340","geografska_sirina":"44.87778","geografska_duzina":"18.42702","nadmorska_visina":"129 m","cover_fotografija":{"width":150,"height":150,"file":"2026\/04\/GoBosnia-gradacac.webp","filesize":113128,"sizes":{"medium":{"file":"GoBosnia-gradacac-300x113.webp","width":300,"height":113,"mime-type":"image\/webp","filesize":10648,"url":"https:\/\/go-bosnia.com\/wp-content\/uploads\/2026\/04\/GoBosnia-gradacac-300x113.webp"},"large":{"file":"GoBosnia-gradacac-1024x384.webp","width":1024,"height":384,"mime-type":"image\/webp","filesize":68460,"url":"https:\/\/go-bosnia.com\/wp-content\/uploads\/2026\/04\/GoBosnia-gradacac-1024x384.webp"},"thumbnail":{"file":"GoBosnia-gradacac-150x150.webp","width":150,"height":150,"mime-type":"image\/webp","filesize":6744,"url":"https:\/\/go-bosnia.com\/wp-content\/uploads\/2026\/04\/GoBosnia-gradacac-150x150.webp"},"medium_large":{"file":"GoBosnia-gradacac-768x288.webp","width":768,"height":288,"mime-type":"image\/webp","filesize":45088,"url":"https:\/\/go-bosnia.com\/wp-content\/uploads\/2026\/04\/GoBosnia-gradacac-768x288.webp"},"1536x1536":{"file":"GoBosnia-gradacac-1536x576.webp","width":1536,"height":576,"mime-type":"image\/webp","filesize":111906,"url":"https:\/\/go-bosnia.com\/wp-content\/uploads\/2026\/04\/GoBosnia-gradacac-1536x576.webp"},"trp-custom-language-flag":{"file":"GoBosnia-gradacac-18x7.webp","width":18,"height":7,"mime-type":"image\/webp","filesize":158,"url":"https:\/\/go-bosnia.com\/wp-content\/uploads\/2026\/04\/GoBosnia-gradacac-18x7.webp"},"neve-blog":{"file":"GoBosnia-gradacac-930x620.webp","width":930,"height":620,"mime-type":"image\/webp","filesize":70918,"url":"https:\/\/go-bosnia.com\/wp-content\/uploads\/2026\/04\/GoBosnia-gradacac-930x620.webp"}},"image_meta":{"aperture":"0","credit":"","camera":"","caption":"","created_timestamp":"0","copyright":"","focal_length":"0","iso":"0","shutter_speed":"0","title":"","orientation":"0","keywords":[]},"ID":"2077","name":"GoBosnia-gradacac.webp","path":"\/home\/markop5\/go-bosnia.com\/wp-content\/uploads\/2026\/04\/GoBosnia-gradacac.webp","url":"https:\/\/go-bosnia.com\/wp-content\/uploads\/2026\/04\/GoBosnia-gradacac-150x150.webp","full_url":"https:\/\/go-bosnia.com\/wp-content\/uploads\/2026\/04\/GoBosnia-gradacac.webp","title":"Grada\u010dac turizam","caption":"","description":"","alt":"Grada\u010dac turizam","srcset":false},"istaknuta_atrakcija_grad":"2054","savjeti_proljece":"Do\u017eivite bu\u0111enje prirode kroz laganu \u0161etnju poplo\u010danim stazama Gradskog parka i u\u017eivajte u prvom suncu na terasi restorana pored jezera Hazna.","savjeti_ljeto":"Istra\u017eite zidine Starog grada i Bijelu kulu, a osvje\u017eenje potra\u017eite u mirnim uvalama jezera Vidara ili na bazenima ljekovite banje.","savjeti_jesen":"Iskoristite zlatne boje oktobra za posjetu \u010duvenom Sajmu \u0161ljive i istra\u017eite misteriozne podzemne tunele i kazamate koji se kriju ispod grada\u010da\u010dke kule.","savjeti_zima":"Osjetite mirnu zimsku idilu uz tradicionalnu bosansku kafu u autenti\u010dnoj \"Bosanskoj sobi\" dok snijeg prekriva krovove kapi-kula i \u010dardaka.","mapa_grada":{"width":150,"height":150,"file":"2026\/04\/Gobosnia-gradacac-mapa.webp","filesize":35956,"sizes":{"medium":{"file":"Gobosnia-gradacac-mapa-300x288.webp","width":300,"height":288,"mime-type":"image\/webp","filesize":12998,"url":"https:\/\/go-bosnia.com\/wp-content\/uploads\/2026\/04\/Gobosnia-gradacac-mapa-300x288.webp"},"large":{"file":"Gobosnia-gradacac-mapa-1024x984.webp","width":1024,"height":984,"mime-type":"image\/webp","filesize":50284,"url":"https:\/\/go-bosnia.com\/wp-content\/uploads\/2026\/04\/Gobosnia-gradacac-mapa-1024x984.webp"},"thumbnail":{"file":"Gobosnia-gradacac-mapa-150x150.webp","width":150,"height":150,"mime-type":"image\/webp","filesize":5788,"url":"https:\/\/go-bosnia.com\/wp-content\/uploads\/2026\/04\/Gobosnia-gradacac-mapa-150x150.webp"},"medium_large":{"file":"Gobosnia-gradacac-mapa-768x738.webp","width":768,"height":738,"mime-type":"image\/webp","filesize":37282,"url":"https:\/\/go-bosnia.com\/wp-content\/uploads\/2026\/04\/Gobosnia-gradacac-mapa-768x738.webp"},"trp-custom-language-flag":{"file":"Gobosnia-gradacac-mapa-12x12.webp","width":12,"height":12,"mime-type":"image\/webp","filesize":470,"url":"https:\/\/go-bosnia.com\/wp-content\/uploads\/2026\/04\/Gobosnia-gradacac-mapa-12x12.webp"},"neve-blog":{"file":"Gobosnia-gradacac-mapa-930x620.webp","width":930,"height":620,"mime-type":"image\/webp","filesize":30744,"url":"https:\/\/go-bosnia.com\/wp-content\/uploads\/2026\/04\/Gobosnia-gradacac-mapa-930x620.webp"}},"image_meta":{"aperture":"0","credit":"","camera":"","caption":"","created_timestamp":"0","copyright":"","focal_length":"0","iso":"0","shutter_speed":"0","title":"","orientation":"0","keywords":[]},"ID":"2990","name":"Gobosnia-gradacac-mapa.webp","path":"\/home\/markop5\/go-bosnia.com\/wp-content\/uploads\/2026\/04\/Gobosnia-gradacac-mapa.webp","url":"https:\/\/go-bosnia.com\/wp-content\/uploads\/2026\/04\/Gobosnia-gradacac-mapa-150x150.webp","full_url":"https:\/\/go-bosnia.com\/wp-content\/uploads\/2026\/04\/Gobosnia-gradacac-mapa.webp","title":"Grada\u010dac turisti\u010dka mapa","caption":"","description":"","alt":"Grada\u010dac turisti\u010dka mapa","srcset":"https:\/\/go-bosnia.com\/wp-content\/uploads\/2026\/04\/Gobosnia-gradacac-mapa-150x150.webp 150w, https:\/\/go-bosnia.com\/wp-content\/uploads\/2026\/04\/Gobosnia-gradacac-mapa-12x12.webp 12w"},"entitet_na_mapi":[],"koordinata_entiteta_na_mapi":[],"tekst_linka":"","eksterni_link":""},"_links":{"self":[{"href":"https:\/\/go-bosnia.com\/en\/wp-json\/wp\/v2\/grad\/2053","targetHints":{"allow":["GET"]}}],"collection":[{"href":"https:\/\/go-bosnia.com\/en\/wp-json\/wp\/v2\/grad"}],"about":[{"href":"https:\/\/go-bosnia.com\/en\/wp-json\/wp\/v2\/types\/grad"}],"wp:attachment":[{"href":"https:\/\/go-bosnia.com\/en\/wp-json\/wp\/v2\/media?parent=2053"}],"wp:term":[{"taxonomy":"post_tag","embeddable":true,"href":"https:\/\/go-bosnia.com\/en\/wp-json\/wp\/v2\/tags?post=2053"}],"curies":[{"name":"wp","href":"https:\/\/api.w.org\/{rel}","templated":true}]}}

Gradačac

Gradačca

Gradačac je historijski dragulj sjeveroistočne Bosne, smješten na slikovitim obroncima planine Trebave. Gradom dominira monumentalna Bijela kula Husein-kapetana Gradaščevića, koja uz obližnja jezera i ljekovite banje čini savršen spoj bogate tradicije i prirodnih ljepota.

Gradačac je grad u kojem se historija osjeća na svakom koraku, od srednjovjekovnih zidina do autentičnih mahala. Njegov najprepoznatljiviji simbol je Stari grad, utvrđeni kompleks unutar kojeg ponosno stoji Bijela kula, nekadašnje sjedište kapetana, a danas vidikovac s kojeg se pruža pogled na pet okolnih gradova. Pored kule, srce grada čine Sahat-kula, džamija Husejnija te pravoslavna i katolička crkva, svjedočeći o vjekovnom suživotu.

Za ljubitelje prirode, Gradačac nudi jezera Hazna i Vidara, koja su od odbrambenih brana postala omiljena mjesta za odmor, ribolov i šetnju. Grad je poznat i po svojoj gostoljubivosti, tradicionalnim specijalitetima poput hurmašica s jabukovim pekmezom, te čuvenom Sajmu šljive koji svake godine slavi plodnost posavske zemlje.

Tvrđava Gradačac ilustracija

Gradačac turizam

Doživite buđenje prirode kroz laganu šetnju popločanim stazama Gradskog parka i uživajte u prvom suncu na terasi restorana pored jezera Hazna.

Istražite zidine Starog grada i Bijelu kulu, a osvježenje potražite u mirnim uvalama jezera Vidara ili na bazenima ljekovite banje.

Iskoristite zlatne boje oktobra za posjetu čuvenom Sajmu šljive i istražite misteriozne podzemne tunele i kazamate koji se kriju ispod gradačačke kule.

Osjetite mirnu zimsku idilu uz tradicionalnu bosansku kafu u autentičnoj "Bosanskoj sobi" dok snijeg prekriva krovove kapi-kula i čardaka.

Gradačac turistička mapa
