{"id":152,"date":"2026-03-07T21:32:40","date_gmt":"2026-03-07T21:32:40","guid":{"rendered":"https:\/\/go-bosnia.com\/?post_type=regija&#038;p=152"},"modified":"2026-04-19T10:33:24","modified_gmt":"2026-04-19T10:33:24","slug":"kanton-sarajevo","status":"publish","type":"regija","link":"https:\/\/go-bosnia.com\/en\/regija\/kanton-sarajevo\/","title":{"rendered":"Sarajevo Canton"},"content":{"rendered":"","protected":false},"excerpt":{"rendered":"","protected":false},"featured_media":0,"parent":0,"template":"","tags":[],"class_list":["post-152","regija","type-regija","status-publish","hentry"],"uagb_featured_image_src":{"full":false,"thumbnail":false,"medium":false,"medium_large":false,"large":false,"1536x1536":false,"2048x2048":false,"trp-custom-language-flag":false,"neve-blog":false},"uagb_author_info":{"display_name":"marko453","author_link":"https:\/\/go-bosnia.com\/en\/author\/"},"uagb_comment_info":0,"uagb_excerpt":null,"meta_box":{"entitet":"Federacija Bosne i Hercegovine","cover_fotografija":{"width":150,"height":150,"file":"2026\/03\/sarajevo.webp","filesize":195666,"sizes":{"medium":{"file":"sarajevo-300x188.webp","width":300,"height":188,"mime-type":"image\/webp","filesize":21366,"url":"https:\/\/go-bosnia.com\/wp-content\/uploads\/2026\/03\/sarajevo-300x188.webp"},"thumbnail":{"file":"sarajevo-150x150.webp","width":150,"height":150,"mime-type":"image\/webp","filesize":9600,"url":"https:\/\/go-bosnia.com\/wp-content\/uploads\/2026\/03\/sarajevo-150x150.webp"},"medium_large":{"file":"sarajevo-768x480.webp","width":768,"height":480,"mime-type":"image\/webp","filesize":117770,"url":"https:\/\/go-bosnia.com\/wp-content\/uploads\/2026\/03\/sarajevo-768x480.webp"},"neve-blog":{"file":"sarajevo-930x620.webp","width":930,"height":620,"mime-type":"image\/webp","filesize":175062,"url":"https:\/\/go-bosnia.com\/wp-content\/uploads\/2026\/03\/sarajevo-930x620.webp"}},"image_meta":{"aperture":"0","credit":"","camera":"","caption":"","created_timestamp":"0","copyright":"","focal_length":"0","iso":"0","shutter_speed":"0","title":"","orientation":"0","keywords":[]},"ID":"151","name":"sarajevo.webp","path":"\/home\/markop5\/go-bosnia.com\/wp-content\/uploads\/2026\/03\/sarajevo.webp","url":"https:\/\/go-bosnia.com\/wp-content\/uploads\/2026\/03\/sarajevo-150x150.webp","full_url":"https:\/\/go-bosnia.com\/wp-content\/uploads\/2026\/03\/sarajevo.webp","title":"Sarajevo turizam","caption":"","description":"","alt":"Sarajevo turizam","srcset":false},"istaknuta_atrakcija":"","lokacija_na_mapi":{"width":150,"height":150,"file":"2026\/03\/Kanton-sarajevo-mapa.webp","filesize":24922,"sizes":{"medium":{"file":"Kanton-sarajevo-mapa-300x288.webp","width":300,"height":288,"mime-type":"image\/webp","filesize":9316,"url":"https:\/\/go-bosnia.com\/wp-content\/uploads\/2026\/03\/Kanton-sarajevo-mapa-300x288.webp"},"thumbnail":{"file":"Kanton-sarajevo-mapa-150x150.webp","width":150,"height":150,"mime-type":"image\/webp","filesize":3930,"url":"https:\/\/go-bosnia.com\/wp-content\/uploads\/2026\/03\/Kanton-sarajevo-mapa-150x150.webp"},"medium_large":{"file":"Kanton-sarajevo-mapa-768x737.webp","width":768,"height":737,"mime-type":"image\/webp","filesize":26766,"url":"https:\/\/go-bosnia.com\/wp-content\/uploads\/2026\/03\/Kanton-sarajevo-mapa-768x737.webp"},"trp-custom-language-flag":{"file":"Kanton-sarajevo-mapa-13x12.webp","width":13,"height":12,"mime-type":"image\/webp","filesize":230,"url":"https:\/\/go-bosnia.com\/wp-content\/uploads\/2026\/03\/Kanton-sarajevo-mapa-13x12.webp"},"neve-blog":{"file":"Kanton-sarajevo-mapa-930x620.webp","width":930,"height":620,"mime-type":"image\/webp","filesize":22108,"url":"https:\/\/go-bosnia.com\/wp-content\/uploads\/2026\/03\/Kanton-sarajevo-mapa-930x620.webp"}},"image_meta":{"aperture":"0","credit":"","camera":"","caption":"","created_timestamp":"0","copyright":"","focal_length":"0","iso":"0","shutter_speed":"0","title":"","orientation":"0","keywords":[]},"ID":"1354","name":"Kanton-sarajevo-mapa.webp","path":"\/home\/markop5\/go-bosnia.com\/wp-content\/uploads\/2026\/03\/Kanton-sarajevo-mapa.webp","url":"https:\/\/go-bosnia.com\/wp-content\/uploads\/2026\/03\/Kanton-sarajevo-mapa-150x150.webp","full_url":"https:\/\/go-bosnia.com\/wp-content\/uploads\/2026\/03\/Kanton-sarajevo-mapa.webp","title":"Kanton Sarajevo turizam","caption":"","description":"","alt":"Kanton Sarajevo turizam","srcset":"https:\/\/go-bosnia.com\/wp-content\/uploads\/2026\/03\/Kanton-sarajevo-mapa-150x150.webp 150w, https:\/\/go-bosnia.com\/wp-content\/uploads\/2026\/03\/Kanton-sarajevo-mapa-13x12.webp 13w"},"glavni_grad":"217","kratak_opis":"Kanton Sarajevo je politi\u010dki, kulturni i ekonomski centar Bosne i Hercegovine. Smje\u0161ten u sarajevskoj kotlini i okru\u017een olimpijskim planinama, ovaj kanton nudi ","puni_opis":"Kanton Sarajevo obuhvata devet op\u0107ina koje zajedno \u010dine srce dr\u017eave. Od istorijskog jezgra grada do prirodnih bisera poput Vrela Bosne u Ilid\u017ei i Bijambara u Ilija\u0161u, kanton nudi nevjerovatnu raznolikost. Okru\u017een planinama Bjela\u0161nicom, Igmanom i Treskavicom, KS je centar zimskog turizma, ali i ljetnih outdoor avantura. Regija je poznata po vrhunskoj gastronomiji, brojnim muzejima, galerijama i festivalima svjetskog glasa. Kao sjedi\u0161te dr\u017eavnih institucija i brojnih me\u0111unarodnih kompanija, kanton je motor razvoja zemlje, dok istovremeno \u010duva tradiciju multikulturalnosti koja se ogleda u arhitekturi, religijskim objektima i svakodnevnom \u017eivotu njegovih gra\u0111ana.","povrsina":"1277","broj_stanovnika":"415000","prioritet":"100"},"_links":{"self":[{"href":"https:\/\/go-bosnia.com\/en\/wp-json\/wp\/v2\/regija\/152","targetHints":{"allow":["GET"]}}],"collection":[{"href":"https:\/\/go-bosnia.com\/en\/wp-json\/wp\/v2\/regija"}],"about":[{"href":"https:\/\/go-bosnia.com\/en\/wp-json\/wp\/v2\/types\/regija"}],"wp:attachment":[{"href":"https:\/\/go-bosnia.com\/en\/wp-json\/wp\/v2\/media?parent=152"}],"wp:term":[{"taxonomy":"post_tag","embeddable":true,"href":"https:\/\/go-bosnia.com\/en\/wp-json\/wp\/v2\/tags?post=152"}],"curies":[{"name":"wp","href":"https:\/\/api.w.org\/{rel}","templated":true}]}}

Kanton Sarajevo je politički, kulturni i ekonomski centar Bosne i Hercegovine. Smješten u sarajevskoj kotlini i okružen olimpijskim planinama, ovaj kanton nudi

Kanton Sarajevo obuhvata devet općina koje zajedno čine srce države. Od istorijskog jezgra grada do prirodnih bisera poput Vrela Bosne u Ilidži i Bijambara u Ilijašu, kanton nudi nevjerovatnu raznolikost. Okružen planinama Bjelašnicom, Igmanom i Treskavicom, KS je centar zimskog turizma, ali i ljetnih outdoor avantura. Regija je poznata po vrhunskoj gastronomiji, brojnim muzejima, galerijama i festivalima svjetskog glasa. Kao sjedište državnih institucija i brojnih međunarodnih kompanija, kanton je motor razvoja zemlje, dok istovremeno čuva tradiciju multikulturalnosti koja se ogleda u arhitekturi, religijskim objektima i svakodnevnom životu njegovih građana.
